{"id":96,"date":"2026-01-21T22:49:32","date_gmt":"2026-01-21T15:49:32","guid":{"rendered":"https:\/\/dev.wptheme.store\/s\/wphotel\/?page_id=96"},"modified":"2026-01-21T22:49:32","modified_gmt":"2026-01-21T15:49:32","slug":"gioi-thieu","status":"publish","type":"page","link":"https:\/\/dev.wptheme.store\/s\/wphotel\/gioi-thieu\/","title":{"rendered":"Gi\u1edbi thi\u1ec7u"},"content":{"rendered":"<p class=\"mb-4 leading-relaxed\"><strong class=\"\">Sapa Legacy Hotel<\/strong>\u00a0t\u1ecda l\u1ea1c ngay trung t\u00e2m th\u1ecb tr\u1ea5n Sapa, b\u00ean b\u1edd h\u1ed3 Sapa th\u01a1 m\u1ed9ng, mang \u0111\u1ebfn cho du kh\u00e1ch tr\u1ea3i nghi\u1ec7m ngh\u1ec9 d\u01b0\u1ee1ng ti\u1ec7n nghi v\u00e0 g\u1ea7n g\u0169i v\u1edbi thi\u00ean nhi\u00ean.<\/p>\n<p class=\"mb-4 leading-relaxed\"><img class=\"w-full mx-auto my-6 rounded-lg md:w-auto\" loading=\"lazy\" decoding=\"async\" class=\"aligncenter size-full wp-image-56 w-full md:w-auto mx-auto my-6 rounded-lg\" src=\"https:\/\/dev.wptheme.store\/s\/wphotel\/wp-content\/uploads\/2026\/01\/Sapa-Legacy-Hotel-00006.webp\" alt=\"\"   srcset=\"https:\/\/dev.wptheme.store\/s\/wphotel\/wp-content\/uploads\/2026\/01\/Sapa-Legacy-Hotel-00006.webp 1200w, https:\/\/dev.wptheme.store\/s\/wphotel\/wp-content\/uploads\/2026\/01\/Sapa-Legacy-Hotel-00006-768x512.webp 768w\" sizes=\"(max-width: 1200px) 100vw, 1200px\" \/><\/p>\n<p class=\"mb-4 leading-relaxed\"><strong class=\"\">V\u1ecb tr\u00ed thu\u1eadn l\u1ee3i<\/strong><\/p>\n<ul class=\"mb-4 list-none\">\n<li class=\"flex items-baseline gap-3 leading-relaxed text-gray-800 \"><div class=\"flex items-center justify-center w-5 h-5 bg-red-100 rounded-full shrink-0\"><svg class=\"w-3 h-3 text-red-600\" fill=\"none\" stroke=\"currentColor\" stroke- viewBox=\"0 0 24 24\"><path stroke-linecap=\"round\" stroke-linejoin=\"round\" d=\"M5 13l4 4L19 7\" \/><\/svg><\/div><div class=\"flex-1\"><strong class=\"\">Nh\u00e0 th\u1edd \u0110\u00e1 Sapa<\/strong>: Ch\u1ec9 c\u00e1ch kh\u00e1ch s\u1ea1n 5 ph\u00fat \u0111i b\u1ed9, thu\u1eadn ti\u1ec7n cho vi\u1ec7c tham quan.<\/div><\/li>\n<li class=\"flex items-baseline gap-3 leading-relaxed text-gray-800 \"><div class=\"flex items-center justify-center w-5 h-5 bg-red-100 rounded-full shrink-0\"><svg class=\"w-3 h-3 text-red-600\" fill=\"none\" stroke=\"currentColor\" stroke- viewBox=\"0 0 24 24\"><path stroke-linecap=\"round\" stroke-linejoin=\"round\" d=\"M5 13l4 4L19 7\" \/><\/svg><\/div><div class=\"flex-1\"><strong class=\"\">Ch\u1ee3 v\u0103n h\u00f3a v\u00e0 b\u1ebfn xe Sapa<\/strong>: C\u00e1ch kho\u1ea3ng 10 ph\u00fat \u0111i b\u1ed9, d\u1ec5 d\u00e0ng ti\u1ebfp c\u1eadn c\u00e1c ho\u1ea1t \u0111\u1ed9ng v\u0103n h\u00f3a \u0111\u1ecba ph\u01b0\u01a1ng.<\/div><\/li>\n<li class=\"flex items-baseline gap-3 leading-relaxed text-gray-800 \"><div class=\"flex items-center justify-center w-5 h-5 bg-red-100 rounded-full shrink-0\"><svg class=\"w-3 h-3 text-red-600\" fill=\"none\" stroke=\"currentColor\" stroke- viewBox=\"0 0 24 24\"><path stroke-linecap=\"round\" stroke-linejoin=\"round\" d=\"M5 13l4 4L19 7\" \/><\/svg><\/div><div class=\"flex-1\"><strong class=\"\">Ga c\u00e1p treo Fansipan<\/strong>: C\u00e1ch kh\u00e1ch s\u1ea1n 3,5 km, thu\u1eadn l\u1ee3i cho du kh\u00e1ch mu\u1ed1n chinh ph\u1ee5c &#8220;N\u00f3c nh\u00e0 \u0110\u00f4ng D\u01b0\u01a1ng&#8221;.<\/div><\/li>\n<\/ul>\n<p class=\"mb-4 leading-relaxed\"><strong class=\"\">Ph\u00f2ng ngh\u1ec9 v\u00e0 ti\u1ec7n nghi<\/strong><\/p>\n<p class=\"mb-4 leading-relaxed\">Kh\u00e1ch s\u1ea1n c\u00f3 31 ph\u00f2ng \u0111\u01b0\u1ee3c thi\u1ebft k\u1ebf sang tr\u1ecdng, mang \u0111\u1eadm ki\u1ebfn tr\u00fac v\u0103n h\u00f3a mi\u1ec1n n\u00fai \u0111\u1ed9c \u0111\u00e1o, bao g\u1ed3m c\u00e1c lo\u1ea1i ph\u00f2ng nh\u01b0 Gia \u0111\u00ecnh, Deluxe, Ti\u00eau chu\u1ea9n, \u0111\u00e1p \u1ee9ng \u0111a d\u1ea1ng nhu c\u1ea7u c\u1ee7a du kh\u00e1ch.<\/p>\n<p class=\"mb-4 leading-relaxed\"><strong class=\"\">D\u1ecbch v\u1ee5 v\u00e0 ti\u1ec7n \u00edch<\/strong><\/p>\n<ul class=\"mb-4 list-none\">\n<li class=\"flex items-baseline gap-3 leading-relaxed text-gray-800 \"><div class=\"flex items-center justify-center w-5 h-5 bg-red-100 rounded-full shrink-0\"><svg class=\"w-3 h-3 text-red-600\" fill=\"none\" stroke=\"currentColor\" stroke- viewBox=\"0 0 24 24\"><path stroke-linecap=\"round\" stroke-linejoin=\"round\" d=\"M5 13l4 4L19 7\" \/><\/svg><\/div><div class=\"flex-1\"><strong class=\"\">Nh\u00e0 h\u00e0ng<\/strong>: Kh\u00f4ng gian r\u1ed9ng r\u00e3i v\u1edbi c\u1eeda k\u00ednh tho\u00e1ng \u0111\u00e3ng nh\u00ecn ra h\u1ed3 Sapa, ph\u1ee5c v\u1ee5 h\u00e0ng tr\u0103m m\u00f3n \u0103n \u0111\u1eb7c s\u1ea3n phong ph\u00fa c\u1ee7a Sapa v\u00e0 v\u00f9ng T\u00e2y B\u1eafc, do \u0111\u1ea7u b\u1ebfp kinh nghi\u1ec7m ch\u1ebf bi\u1ebfn.<\/div><\/li>\n<li class=\"flex items-baseline gap-3 leading-relaxed text-gray-800 \"><div class=\"flex items-center justify-center w-5 h-5 bg-red-100 rounded-full shrink-0\"><svg class=\"w-3 h-3 text-red-600\" fill=\"none\" stroke=\"currentColor\" stroke- viewBox=\"0 0 24 24\"><path stroke-linecap=\"round\" stroke-linejoin=\"round\" d=\"M5 13l4 4L19 7\" \/><\/svg><\/div><div class=\"flex-1\"><strong class=\"\">Qu\u1ea7y bar<\/strong>: N\u01a1i du kh\u00e1ch c\u00f3 th\u1ec3 th\u01b0 gi\u00e3n v\u00e0 th\u01b0\u1edfng th\u1ee9c \u0111\u1ed3 u\u1ed1ng y\u00eau th\u00edch.<\/div><\/li>\n<li class=\"flex items-baseline gap-3 leading-relaxed text-gray-800 \"><div class=\"flex items-center justify-center w-5 h-5 bg-red-100 rounded-full shrink-0\"><svg class=\"w-3 h-3 text-red-600\" fill=\"none\" stroke=\"currentColor\" stroke- viewBox=\"0 0 24 24\"><path stroke-linecap=\"round\" stroke-linejoin=\"round\" d=\"M5 13l4 4L19 7\" \/><\/svg><\/div><div class=\"flex-1\"><strong class=\"\">L\u1ec5 t\u00e2n 24 gi\u1edd<\/strong>: S\u1eb5n s\u00e0ng h\u1ed7 tr\u1ee3 du kh\u00e1ch v\u1edbi c\u00e1c y\u00eau c\u1ea7u nh\u01b0 nh\u1eadn\/tr\u1ea3 ph\u00f2ng, \u0111\u1eb7t tour v\u00e0 c\u00e1c d\u1ecbch v\u1ee5 kh\u00e1c.<\/div><\/li>\n<li class=\"flex items-baseline gap-3 leading-relaxed text-gray-800 \"><div class=\"flex items-center justify-center w-5 h-5 bg-red-100 rounded-full shrink-0\"><svg class=\"w-3 h-3 text-red-600\" fill=\"none\" stroke=\"currentColor\" stroke- viewBox=\"0 0 24 24\"><path stroke-linecap=\"round\" stroke-linejoin=\"round\" d=\"M5 13l4 4L19 7\" \/><\/svg><\/div><div class=\"flex-1\"><strong class=\"\">D\u1ecbch v\u1ee5 gi\u1eb7t l\u00e0<\/strong>: \u0110\u1ea3m b\u1ea3o s\u1ef1 ti\u1ec7n l\u1ee3i cho du kh\u00e1ch trong su\u1ed1t th\u1eddi gian l\u01b0u tr\u00fa.<\/div><\/li>\n<\/ul>\n<ul class=\"mb-4 list-none\">\n<li class=\"flex items-baseline gap-3 leading-relaxed text-gray-800 \"><div class=\"flex items-center justify-center w-5 h-5 bg-red-100 rounded-full shrink-0\"><svg class=\"w-3 h-3 text-red-600\" fill=\"none\" stroke=\"currentColor\" stroke- viewBox=\"0 0 24 24\"><path stroke-linecap=\"round\" stroke-linejoin=\"round\" d=\"M5 13l4 4L19 7\" \/><\/svg><\/div><div class=\"flex-1\"><strong class=\"\">Gi\u1edd nh\u1eadn ph\u00f2ng<\/strong>: T\u1eeb 14:00<\/div><\/li>\n<li class=\"flex items-baseline gap-3 leading-relaxed text-gray-800 \"><div class=\"flex items-center justify-center w-5 h-5 bg-red-100 rounded-full shrink-0\"><svg class=\"w-3 h-3 text-red-600\" fill=\"none\" stroke=\"currentColor\" stroke- viewBox=\"0 0 24 24\"><path stroke-linecap=\"round\" stroke-linejoin=\"round\" d=\"M5 13l4 4L19 7\" \/><\/svg><\/div><div class=\"flex-1\"><strong class=\"\">Gi\u1edd tr\u1ea3 ph\u00f2ng<\/strong>: Tr\u01b0\u1edbc 12:00<\/div><\/li>\n<\/ul>\n","protected":false},"excerpt":{"rendered":"<p class=\"mb-4 leading-relaxed\">Sapa Legacy Hotel\u00a0t\u1ecda l\u1ea1c ngay trung t\u00e2m th\u1ecb tr\u1ea5n Sapa, b\u00ean b\u1edd h\u1ed3 Sapa th\u01a1 m\u1ed9ng, mang \u0111\u1ebfn cho du kh\u00e1ch tr\u1ea3i nghi\u1ec7m ngh\u1ec9 d\u01b0\u1ee1ng ti\u1ec7n nghi v\u00e0 g\u1ea7n g\u0169i v\u1edbi thi\u00ean nhi\u00ean. V\u1ecb tr\u00ed thu\u1eadn l\u1ee3i Nh\u00e0 th\u1edd \u0110\u00e1 Sapa: Ch\u1ec9 c\u00e1ch kh\u00e1ch s\u1ea1n 5 ph\u00fat \u0111i b\u1ed9, thu\u1eadn ti\u1ec7n cho vi\u1ec7c tham quan. [&hellip;]<\/p>\n","protected":false},"author":1,"featured_media":0,"parent":0,"menu_order":0,"comment_status":"closed","ping_status":"closed","template":"","meta":{"footnotes":""},"class_list":["post-96","page","type-page","status-publish","hentry"],"meta_box":[],"_links":{"self":[{"href":"https:\/\/dev.wptheme.store\/s\/wphotel\/wp-json\/wp\/v2\/pages\/96","targetHints":{"allow":["GET"]}}],"collection":[{"href":"https:\/\/dev.wptheme.store\/s\/wphotel\/wp-json\/wp\/v2\/pages"}],"about":[{"href":"https:\/\/dev.wptheme.store\/s\/wphotel\/wp-json\/wp\/v2\/types\/page"}],"author":[{"embeddable":true,"href":"https:\/\/dev.wptheme.store\/s\/wphotel\/wp-json\/wp\/v2\/users\/1"}],"replies":[{"embeddable":true,"href":"https:\/\/dev.wptheme.store\/s\/wphotel\/wp-json\/wp\/v2\/comments?post=96"}],"version-history":[{"count":1,"href":"https:\/\/dev.wptheme.store\/s\/wphotel\/wp-json\/wp\/v2\/pages\/96\/revisions"}],"predecessor-version":[{"id":97,"href":"https:\/\/dev.wptheme.store\/s\/wphotel\/wp-json\/wp\/v2\/pages\/96\/revisions\/97"}],"wp:attachment":[{"href":"https:\/\/dev.wptheme.store\/s\/wphotel\/wp-json\/wp\/v2\/media?parent=96"}],"curies":[{"name":"wp","href":"https:\/\/api.w.org\/{rel}","templated":true}]}}