{"id":74,"date":"2025-09-07T18:28:56","date_gmt":"2025-09-07T11:28:56","guid":{"rendered":"https:\/\/dev.wptheme.store\/s\/wppricot\/?page_id=74"},"modified":"2025-09-07T22:16:10","modified_gmt":"2025-09-07T15:16:10","slug":"chinh-sach-bao-mat","status":"publish","type":"page","link":"https:\/\/dev.wptheme.store\/s\/wppricot\/chinh-sach-bao-mat\/","title":{"rendered":"Ch\u00ednh s\u00e1ch b\u1ea3o m\u1eadt"},"content":{"rendered":"<section>\n<h2 class=\"py-2 my-4 text-2xl font-bold border-green-500 border-y border-opacity-10\">Ch\u00ednh S\u00e1ch B\u1ea3o M\u1eadt<\/h2>\n<h3 class=\"py-2 my-4 text-xl font-bold\">1. M\u1ee5c \u0111\u00edch v\u00e0 ph\u1ea1m vi thu th\u1eadp<\/h3>\n<p class=\"mb-4 leading-relaxed\">\n        Vi\u1ec7c thu th\u1eadp d\u1eef li\u1ec7u tr\u00ean website <strong class=\"font-cal-sans\">thanhphuongfood.vn<\/strong> bao g\u1ed3m: email, s\u1ed1 \u0111i\u1ec7n tho\u1ea1i,<br \/>\n        t\u00ean \u0111\u0103ng nh\u1eadp, m\u1eadt kh\u1ea9u v\u00e0 \u0111\u1ecba ch\u1ec9 kh\u00e1ch h\u00e0ng. \u0110\u00e2y l\u00e0 c\u00e1c th\u00f4ng tin b\u1eaft bu\u1ed9c \u0111\u1ec3 x\u00e1c nh\u1eadn \u0111\u01a1n h\u00e0ng<br \/>\n        v\u00e0 \u0111\u1ea3m b\u1ea3o quy\u1ec1n l\u1ee3i cho ng\u01b0\u1eddi ti\u00eau d\u00f9ng.\n    <\/p>\n<p class=\"mb-4 leading-relaxed\">\n        Trong qu\u00e1 tr\u00ecnh giao d\u1ecbch, ch\u00fang t\u00f4i ch\u1ec9 l\u01b0u gi\u1eef th\u00f4ng tin \u0111\u01a1n h\u00e0ng \u0111\u00e3 thanh to\u00e1n,<br \/>\n        kh\u00f4ng l\u01b0u gi\u1eef th\u00f4ng tin t\u00e0i kho\u1ea3n ng\u00e2n h\u00e0ng c\u1ee7a th\u00e0nh vi\u00ean.\n    <\/p>\n<p class=\"mb-4 leading-relaxed\">\n        Th\u00e0nh vi\u00ean t\u1ef1 ch\u1ecbu tr\u00e1ch nhi\u1ec7m b\u1ea3o m\u1eadt th\u00f4ng tin t\u00e0i kho\u1ea3n v\u00e0 th\u00f4ng b\u00e1o k\u1ecbp th\u1eddi<br \/>\n        cho <strong class=\"font-cal-sans\">thanhphuongfood.vn<\/strong> n\u1ebfu ph\u00e1t hi\u1ec7n h\u00e0nh vi s\u1eed d\u1ee5ng tr\u00e1i ph\u00e9p.\n    <\/p>\n<h3 class=\"py-2 my-4 text-xl font-bold\">2. Ph\u1ea1m vi s\u1eed d\u1ee5ng th\u00f4ng tin<\/h3>\n<ul class=\"mb-4 space-y-1 list-none\">\n<li class=\"flex items-center gap-3 leading-relaxed text-gray-800 \"><div class=\"flex items-center justify-center w-5 h-5 bg-red-100 rounded-full shrink-0\"><svg class=\"w-3 h-3 text-red-600\" fill=\"none\" stroke=\"currentColor\" stroke- viewBox=\"0 0 24 24\"><path stroke-linecap=\"round\" stroke-linejoin=\"round\" d=\"M5 13l4 4L19 7\" \/><\/svg><\/div><div class=\"flex-1\">Cung c\u1ea5p d\u1ecbch v\u1ee5 v\u00e0 g\u1eedi h\u00e0ng h\u00f3a theo \u0111\u1ecba ch\u1ec9 kh\u00e1ch h\u00e0ng.<\/div><\/li>\n<li class=\"flex items-center gap-3 leading-relaxed text-gray-800 \"><div class=\"flex items-center justify-center w-5 h-5 bg-red-100 rounded-full shrink-0\"><svg class=\"w-3 h-3 text-red-600\" fill=\"none\" stroke=\"currentColor\" stroke- viewBox=\"0 0 24 24\"><path stroke-linecap=\"round\" stroke-linejoin=\"round\" d=\"M5 13l4 4L19 7\" \/><\/svg><\/div><div class=\"flex-1\">G\u1eedi th\u00f4ng tin khuy\u1ebfn m\u1ea1i n\u1ebfu kh\u00e1ch h\u00e0ng \u0111\u1ed3ng \u00fd.<\/div><\/li>\n<li class=\"flex items-center gap-3 leading-relaxed text-gray-800 \"><div class=\"flex items-center justify-center w-5 h-5 bg-red-100 rounded-full shrink-0\"><svg class=\"w-3 h-3 text-red-600\" fill=\"none\" stroke=\"currentColor\" stroke- viewBox=\"0 0 24 24\"><path stroke-linecap=\"round\" stroke-linejoin=\"round\" d=\"M5 13l4 4L19 7\" \/><\/svg><\/div><div class=\"flex-1\">Th\u00f4ng b\u00e1o c\u00e1c ho\u1ea1t \u0111\u1ed9ng li\u00ean quan gi\u1eefa kh\u00e1ch h\u00e0ng v\u00e0 website.<\/div><\/li>\n<li class=\"flex items-center gap-3 leading-relaxed text-gray-800 \"><div class=\"flex items-center justify-center w-5 h-5 bg-red-100 rounded-full shrink-0\"><svg class=\"w-3 h-3 text-red-600\" fill=\"none\" stroke=\"currentColor\" stroke- viewBox=\"0 0 24 24\"><path stroke-linecap=\"round\" stroke-linejoin=\"round\" d=\"M5 13l4 4L19 7\" \/><\/svg><\/div><div class=\"flex-1\">Ng\u0103n ng\u1eeba c\u00e1c h\u00e0nh vi gi\u1ea3 m\u1ea1o ho\u1eb7c ph\u00e1 ho\u1ea1i t\u00e0i kho\u1ea3n.<\/div><\/li>\n<li class=\"flex items-center gap-3 leading-relaxed text-gray-800 \"><div class=\"flex items-center justify-center w-5 h-5 bg-red-100 rounded-full shrink-0\"><svg class=\"w-3 h-3 text-red-600\" fill=\"none\" stroke=\"currentColor\" stroke- viewBox=\"0 0 24 24\"><path stroke-linecap=\"round\" stroke-linejoin=\"round\" d=\"M5 13l4 4L19 7\" \/><\/svg><\/div><div class=\"flex-1\">Li\u00ean h\u1ec7 v\u00e0 gi\u1ea3i quy\u1ebft trong c\u00e1c tr\u01b0\u1eddng h\u1ee3p \u0111\u1eb7c bi\u1ec7t.<\/div><\/li>\n<li class=\"flex items-center gap-3 leading-relaxed text-gray-800 \"><div class=\"flex items-center justify-center w-5 h-5 bg-red-100 rounded-full shrink-0\"><svg class=\"w-3 h-3 text-red-600\" fill=\"none\" stroke=\"currentColor\" stroke- viewBox=\"0 0 24 24\"><path stroke-linecap=\"round\" stroke-linejoin=\"round\" d=\"M5 13l4 4L19 7\" \/><\/svg><\/div><div class=\"flex-1\">H\u1ee3p t\u00e1c cung c\u1ea5p th\u00f4ng tin cho c\u01a1 quan ch\u1ee9c n\u0103ng khi ph\u00e1p lu\u1eadt y\u00eau c\u1ea7u.<\/div><\/li>\n<\/ul>\n<h3 class=\"py-2 my-4 text-xl font-bold\">3. Th\u1eddi gian l\u01b0u tr\u1eef th\u00f4ng tin<\/h3>\n<p class=\"mb-4 leading-relaxed\">\n        D\u1eef li\u1ec7u c\u00e1 nh\u00e2n \u0111\u01b0\u1ee3c l\u01b0u tr\u1eef cho \u0111\u1ebfn khi th\u00e0nh vi\u00ean y\u00eau c\u1ea7u h\u1ee7y b\u1ecf<br \/>\n        ho\u1eb7c t\u1ef1 th\u1ef1c hi\u1ec7n tr\u00ean h\u1ec7 th\u1ed1ng. Trong m\u1ecdi tr\u01b0\u1eddng h\u1ee3p, th\u00f4ng tin s\u1ebd \u0111\u01b0\u1ee3c b\u1ea3o m\u1eadt tr\u00ean m\u00e1y ch\u1ee7.\n    <\/p>\n<h3 class=\"py-2 my-4 text-xl font-bold\">4. \u0110\u1ecba ch\u1ec9 \u0111\u01a1n v\u1ecb thu th\u1eadp v\u00e0 qu\u1ea3n l\u00fd th\u00f4ng tin<\/h3>\n<p class=\"mb-4 leading-relaxed\">\n        <strong class=\"font-cal-sans\">C\u00f4ng ty TNHH \u0110\u1eb7c S\u1ea3n Thanh Ph\u01b0\u01a1ng<\/strong><br \/>\n        \u0110\u1ecba ch\u1ec9: S\u1ed1 1349, T\u1ec9nh L\u1ed9 8, X\u00e3 Trung An, Huy\u1ec7n C\u1ee7 Chi, TP. H\u1ed3 Ch\u00ed Minh<br \/>\n        Email: thanhphuongfood.vn<br \/>\n        \u0110i\u1ec7n tho\u1ea1i: 0978379195\n    <\/p>\n<h3 class=\"py-2 my-4 text-xl font-bold\">5. Quy\u1ec1n c\u1ee7a ng\u01b0\u1eddi d\u00f9ng<\/h3>\n<ul class=\"mb-4 space-y-1 list-none\">\n<li class=\"flex items-center gap-3 leading-relaxed text-gray-800 \"><div class=\"flex items-center justify-center w-5 h-5 bg-red-100 rounded-full shrink-0\"><svg class=\"w-3 h-3 text-red-600\" fill=\"none\" stroke=\"currentColor\" stroke- viewBox=\"0 0 24 24\"><path stroke-linecap=\"round\" stroke-linejoin=\"round\" d=\"M5 13l4 4L19 7\" \/><\/svg><\/div><div class=\"flex-1\">Ki\u1ec3m tra, c\u1eadp nh\u1eadt, ch\u1ec9nh s\u1eeda ho\u1eb7c h\u1ee7y b\u1ecf th\u00f4ng tin c\u00e1 nh\u00e2n qua t\u00e0i kho\u1ea3n.<\/div><\/li>\n<li class=\"flex items-center gap-3 leading-relaxed text-gray-800 \"><div class=\"flex items-center justify-center w-5 h-5 bg-red-100 rounded-full shrink-0\"><svg class=\"w-3 h-3 text-red-600\" fill=\"none\" stroke=\"currentColor\" stroke- viewBox=\"0 0 24 24\"><path stroke-linecap=\"round\" stroke-linejoin=\"round\" d=\"M5 13l4 4L19 7\" \/><\/svg><\/div><div class=\"flex-1\">G\u1eedi khi\u1ebfu n\u1ea1i v\u1ec1 ch\u1ea5t l\u01b0\u1ee3ng d\u1ecbch v\u1ee5 v\u00e0 th\u1eddi gian giao h\u00e0ng.<\/div><\/li>\n<li class=\"flex items-center gap-3 leading-relaxed text-gray-800 \"><div class=\"flex items-center justify-center w-5 h-5 bg-red-100 rounded-full shrink-0\"><svg class=\"w-3 h-3 text-red-600\" fill=\"none\" stroke=\"currentColor\" stroke- viewBox=\"0 0 24 24\"><path stroke-linecap=\"round\" stroke-linejoin=\"round\" d=\"M5 13l4 4L19 7\" \/><\/svg><\/div><div class=\"flex-1\">\u0110\u01b0\u1ee3c x\u1eed l\u00fd khi\u1ebfu n\u1ea1i k\u1ecbp th\u1eddi n\u1ebfu ph\u1ea3n \u00e1nh ch\u00ednh x\u00e1c.<\/div><\/li>\n<\/ul>\n<h3 class=\"py-2 my-4 text-xl font-bold\">6. Cam k\u1ebft b\u1ea3o m\u1eadt th\u00f4ng tin<\/h3>\n<ul class=\"mb-4 space-y-1 list-none\">\n<li class=\"flex items-center gap-3 leading-relaxed text-gray-800 \"><div class=\"flex items-center justify-center w-5 h-5 bg-red-100 rounded-full shrink-0\"><svg class=\"w-3 h-3 text-red-600\" fill=\"none\" stroke=\"currentColor\" stroke- viewBox=\"0 0 24 24\"><path stroke-linecap=\"round\" stroke-linejoin=\"round\" d=\"M5 13l4 4L19 7\" \/><\/svg><\/div><div class=\"flex-1\">Cam k\u1ebft b\u1ea3o m\u1eadt tuy\u1ec7t \u0111\u1ed1i th\u00f4ng tin c\u00e1 nh\u00e2n c\u1ee7a th\u00e0nh vi\u00ean.<\/div><\/li>\n<li class=\"flex items-center gap-3 leading-relaxed text-gray-800 \"><div class=\"flex items-center justify-center w-5 h-5 bg-red-100 rounded-full shrink-0\"><svg class=\"w-3 h-3 text-red-600\" fill=\"none\" stroke=\"currentColor\" stroke- viewBox=\"0 0 24 24\"><path stroke-linecap=\"round\" stroke-linejoin=\"round\" d=\"M5 13l4 4L19 7\" \/><\/svg><\/div><div class=\"flex-1\">Ch\u1ec9 thu th\u1eadp v\u00e0 s\u1eed d\u1ee5ng khi c\u00f3 s\u1ef1 \u0111\u1ed3ng \u00fd c\u1ee7a kh\u00e1ch h\u00e0ng.<\/div><\/li>\n<li class=\"flex items-center gap-3 leading-relaxed text-gray-800 \"><div class=\"flex items-center justify-center w-5 h-5 bg-red-100 rounded-full shrink-0\"><svg class=\"w-3 h-3 text-red-600\" fill=\"none\" stroke=\"currentColor\" stroke- viewBox=\"0 0 24 24\"><path stroke-linecap=\"round\" stroke-linejoin=\"round\" d=\"M5 13l4 4L19 7\" \/><\/svg><\/div><div class=\"flex-1\">Kh\u00f4ng chuy\u1ec3n giao ho\u1eb7c ti\u1ebft l\u1ed9 cho b\u00ean th\u1ee9 ba khi ch\u01b0a \u0111\u01b0\u1ee3c ph\u00e9p.<\/div><\/li>\n<li class=\"flex items-center gap-3 leading-relaxed text-gray-800 \"><div class=\"flex items-center justify-center w-5 h-5 bg-red-100 rounded-full shrink-0\"><svg class=\"w-3 h-3 text-red-600\" fill=\"none\" stroke=\"currentColor\" stroke- viewBox=\"0 0 24 24\"><path stroke-linecap=\"round\" stroke-linejoin=\"round\" d=\"M5 13l4 4L19 7\" \/><\/svg><\/div><div class=\"flex-1\">Th\u00f4ng b\u00e1o ngay cho c\u01a1 quan ch\u1ee9c n\u0103ng v\u00e0 kh\u00e1ch h\u00e0ng khi x\u1ea3y ra s\u1ef1 c\u1ed1 an ninh d\u1eef li\u1ec7u.<\/div><\/li>\n<li class=\"flex items-center gap-3 leading-relaxed text-gray-800 \"><div class=\"flex items-center justify-center w-5 h-5 bg-red-100 rounded-full shrink-0\"><svg class=\"w-3 h-3 text-red-600\" fill=\"none\" stroke=\"currentColor\" stroke- viewBox=\"0 0 24 24\"><path stroke-linecap=\"round\" stroke-linejoin=\"round\" d=\"M5 13l4 4L19 7\" \/><\/svg><\/div><div class=\"flex-1\">B\u1ea3o m\u1eadt tuy\u1ec7t \u0111\u1ed1i th\u00f4ng tin giao d\u1ecbch tr\u1ef1c tuy\u1ebfn.<\/div><\/li>\n<li class=\"flex items-center gap-3 leading-relaxed text-gray-800 \"><div class=\"flex items-center justify-center w-5 h-5 bg-red-100 rounded-full shrink-0\"><svg class=\"w-3 h-3 text-red-600\" fill=\"none\" stroke=\"currentColor\" stroke- viewBox=\"0 0 24 24\"><path stroke-linecap=\"round\" stroke-linejoin=\"round\" d=\"M5 13l4 4L19 7\" \/><\/svg><\/div><div class=\"flex-1\">Y\u00eau c\u1ea7u th\u00e0nh vi\u00ean cung c\u1ea5p th\u00f4ng tin ch\u00ednh x\u00e1c khi \u0111\u0103ng k\u00fd ho\u1eb7c mua h\u00e0ng.<\/div><\/li>\n<\/ul>\n<\/section>\n","protected":false},"excerpt":{"rendered":"<p class=\"mb-4 leading-relaxed\">Ch\u00ednh S\u00e1ch B\u1ea3o M\u1eadt 1. M\u1ee5c \u0111\u00edch v\u00e0 ph\u1ea1m vi thu th\u1eadp Vi\u1ec7c thu th\u1eadp d\u1eef li\u1ec7u tr\u00ean website thanhphuongfood.vn bao g\u1ed3m: email, s\u1ed1 \u0111i\u1ec7n tho\u1ea1i, t\u00ean \u0111\u0103ng nh\u1eadp, m\u1eadt kh\u1ea9u v\u00e0 \u0111\u1ecba ch\u1ec9 kh\u00e1ch h\u00e0ng. \u0110\u00e2y l\u00e0 c\u00e1c th\u00f4ng tin b\u1eaft bu\u1ed9c \u0111\u1ec3 x\u00e1c nh\u1eadn \u0111\u01a1n h\u00e0ng v\u00e0 \u0111\u1ea3m b\u1ea3o quy\u1ec1n l\u1ee3i cho ng\u01b0\u1eddi [&hellip;]<\/p>\n","protected":false},"author":1,"featured_media":0,"parent":0,"menu_order":0,"comment_status":"closed","ping_status":"closed","template":"","meta":{"footnotes":""},"class_list":["post-74","page","type-page","status-publish","hentry"],"meta_box":{"ztteam_hero_button1_text":"","ztteam_hero_button1_link":"","ztteam_hero_button2_text":"","ztteam_hero_button2_link":"","ztteam_hero_stat1_number":"","ztteam_hero_stat1_label":"","ztteam_hero_stat1_icon":"","ztteam_hero_stat2_number":"","ztteam_hero_stat2_label":"","ztteam_hero_stat2_icon":"","ztteam_hero_stat3_number":"","ztteam_hero_stat3_label":"","ztteam_hero_stat3_icon":"","ztteam_features_group":[],"ztteam_features_cta_main_text":"","ztteam_features_cta_sub_text":"","ztteam_why_title_part1":"","ztteam_why_title_part1_color":"","ztteam_why_title_part2":"","ztteam_why_title_part2_color":"","ztteam_why_title_part3":"","ztteam_why_title_part3_color":"","ztteam_why_features_group":[],"ztteam_why_cta_title":"","ztteam_why_cta_description":"","ztteam_why_cta_button1_text":"","ztteam_why_cta_button1_link":"","ztteam_why_cta_button2_text":"","ztteam_why_cta_button2_link":"","ztteam_why_trust_group":[],"ztteam_gallery_images":[],"ztteam_gallery_videos":[]},"_links":{"self":[{"href":"https:\/\/dev.wptheme.store\/s\/wppricot\/wp-json\/wp\/v2\/pages\/74","targetHints":{"allow":["GET"]}}],"collection":[{"href":"https:\/\/dev.wptheme.store\/s\/wppricot\/wp-json\/wp\/v2\/pages"}],"about":[{"href":"https:\/\/dev.wptheme.store\/s\/wppricot\/wp-json\/wp\/v2\/types\/page"}],"author":[{"embeddable":true,"href":"https:\/\/dev.wptheme.store\/s\/wppricot\/wp-json\/wp\/v2\/users\/1"}],"replies":[{"embeddable":true,"href":"https:\/\/dev.wptheme.store\/s\/wppricot\/wp-json\/wp\/v2\/comments?post=74"}],"version-history":[{"count":1,"href":"https:\/\/dev.wptheme.store\/s\/wppricot\/wp-json\/wp\/v2\/pages\/74\/revisions"}],"predecessor-version":[{"id":83,"href":"https:\/\/dev.wptheme.store\/s\/wppricot\/wp-json\/wp\/v2\/pages\/74\/revisions\/83"}],"wp:attachment":[{"href":"https:\/\/dev.wptheme.store\/s\/wppricot\/wp-json\/wp\/v2\/media?parent=74"}],"curies":[{"name":"wp","href":"https:\/\/api.w.org\/{rel}","templated":true}]}}