{"id":77,"date":"2025-09-07T18:28:47","date_gmt":"2025-09-07T11:28:47","guid":{"rendered":"https:\/\/dev.wptheme.store\/s\/wppricot\/?page_id=77"},"modified":"2025-09-07T22:14:32","modified_gmt":"2025-09-07T15:14:32","slug":"phuong-thuc-thanh-toan","status":"publish","type":"page","link":"https:\/\/dev.wptheme.store\/s\/wppricot\/phuong-thuc-thanh-toan\/","title":{"rendered":"Ph\u01b0\u01a1ng th\u1ee9c thanh to\u00e1n"},"content":{"rendered":"<section>\n<h2 class=\"py-2 my-4 text-2xl font-bold border-green-500 border-y border-opacity-10\">C\u00e1c Ph\u01b0\u01a1ng Th\u1ee9c Thanh To\u00e1n<\/h2>\n<p class=\"mb-4 leading-relaxed\">\n        C\u00e1m \u01a1n qu\u00fd kh\u00e1ch \u0111\u00e3 ch\u1ecdn mua h\u00e0ng t\u1ea1i website c\u1ee7a ch\u00fang t\u00f4i.<br \/>\n        \u0110\u1ec3 ph\u1ee5c v\u1ee5 kh\u00e1ch h\u00e0ng t\u1ed1t h\u01a1n, hi\u1ec7n t\u1ea1i <strong class=\"font-cal-sans\">Thanh Ph\u01b0\u01a1ng Food<\/strong><br \/>\n        cung c\u1ea5p 2 h\u00ecnh th\u1ee9c thanh to\u00e1n \u0111\u1ec3 qu\u00fd kh\u00e1ch d\u1ec5 d\u00e0ng l\u1ef1a ch\u1ecdn:\n    <\/p>\n<h3 class=\"py-2 my-4 text-xl font-bold\">1. Thanh to\u00e1n khi nh\u1eadn h\u00e0ng (COD)<\/h3>\n<p class=\"mb-4 leading-relaxed\">\n        Qu\u00fd kh\u00e1ch thanh to\u00e1n tr\u1ef1c ti\u1ebfp b\u1eb1ng ti\u1ec1n m\u1eb7t cho nh\u00e2n vi\u00ean giao h\u00e0ng khi nh\u1eadn s\u1ea3n ph\u1ea9m.<br \/>\n        Gi\u00e1 tr\u1ecb \u0111\u01a1n h\u00e0ng s\u1ebd \u0111\u00fang v\u1edbi gi\u00e1 hi\u1ec3n th\u1ecb tr\u00ean website, kh\u00f4ng ph\u00e1t sinh th\u00eam chi ph\u00ed n\u00e0o kh\u00e1c.\n    <\/p>\n<h3 class=\"py-2 my-4 text-xl font-bold\">2. Chuy\u1ec3n kho\u1ea3n ng\u00e2n h\u00e0ng<\/h3>\n<p class=\"mb-4 leading-relaxed\">\n        Sau khi \u0111\u01a1n \u0111\u1eb7t h\u00e0ng th\u00e0nh c\u00f4ng, nh\u00e2n vi\u00ean ch\u0103m s\u00f3c kh\u00e1ch h\u00e0ng c\u1ee7a ch\u00fang t\u00f4i s\u1ebd li\u00ean h\u1ec7 qua \u0111i\u1ec7n tho\u1ea1i \u0111\u1ec3 x\u00e1c nh\u1eadn th\u00f4ng tin.<br \/>\n        Qu\u00fd kh\u00e1ch vui l\u00f2ng chuy\u1ec3n kho\u1ea3n 100% gi\u00e1 tr\u1ecb \u0111\u01a1n h\u00e0ng v\u1edbi c\u00fa ph\u00e1p:\n    <\/p>\n<p class=\"mb-4 leading-relaxed\">\n        <em><strong class=\"font-cal-sans\">[S\u1ed1 \u0111\u01a1n h\u00e0ng]_[S\u1ed1 \u0111i\u1ec7n tho\u1ea1i]_[T\u00ean ng\u01b0\u1eddi mua h\u00e0ng]<\/strong><\/em>\n    <\/p>\n<p class=\"mb-4 leading-relaxed\"><strong class=\"font-cal-sans\">Th\u00f4ng tin chuy\u1ec3n kho\u1ea3n:<\/strong><\/p>\n<ul class=\"mb-4 space-y-1 list-none\">\n<li class=\"flex items-center gap-3 leading-relaxed text-gray-800 \"><div class=\"flex items-center justify-center w-5 h-5 bg-red-100 rounded-full shrink-0\"><svg class=\"w-3 h-3 text-red-600\" fill=\"none\" stroke=\"currentColor\" stroke- viewBox=\"0 0 24 24\"><path stroke-linecap=\"round\" stroke-linejoin=\"round\" d=\"M5 13l4 4L19 7\" \/><\/svg><\/div><div class=\"flex-1\"><strong class=\"font-cal-sans\">T\u00ean th\u1ee5 h\u01b0\u1edfng:<\/strong> C\u00f4ng ty TNHH \u0110\u1eb7c S\u1ea3n Thanh Ph\u01b0\u01a1ng<\/div><\/li>\n<li class=\"flex items-center gap-3 leading-relaxed text-gray-800 \"><div class=\"flex items-center justify-center w-5 h-5 bg-red-100 rounded-full shrink-0\"><svg class=\"w-3 h-3 text-red-600\" fill=\"none\" stroke=\"currentColor\" stroke- viewBox=\"0 0 24 24\"><path stroke-linecap=\"round\" stroke-linejoin=\"round\" d=\"M5 13l4 4L19 7\" \/><\/svg><\/div><div class=\"flex-1\"><strong class=\"font-cal-sans\">S\u1ed1 t\u00e0i kho\u1ea3n:<\/strong> 166938<\/div><\/li>\n<li class=\"flex items-center gap-3 leading-relaxed text-gray-800 \"><div class=\"flex items-center justify-center w-5 h-5 bg-red-100 rounded-full shrink-0\"><svg class=\"w-3 h-3 text-red-600\" fill=\"none\" stroke=\"currentColor\" stroke- viewBox=\"0 0 24 24\"><path stroke-linecap=\"round\" stroke-linejoin=\"round\" d=\"M5 13l4 4L19 7\" \/><\/svg><\/div><div class=\"flex-1\"><strong class=\"font-cal-sans\">Ng\u00e2n h\u00e0ng:<\/strong> Ng\u00e2n h\u00e0ng th\u01b0\u01a1ng m\u1ea1i c\u1ed5 ph\u1ea7n \u00c1 Ch\u00e2u (ACB)<\/div><\/li>\n<\/ul>\n<\/section>\n","protected":false},"excerpt":{"rendered":"<p class=\"mb-4 leading-relaxed\">C\u00e1c Ph\u01b0\u01a1ng Th\u1ee9c Thanh To\u00e1n C\u00e1m \u01a1n qu\u00fd kh\u00e1ch \u0111\u00e3 ch\u1ecdn mua h\u00e0ng t\u1ea1i website c\u1ee7a ch\u00fang t\u00f4i. \u0110\u1ec3 ph\u1ee5c v\u1ee5 kh\u00e1ch h\u00e0ng t\u1ed1t h\u01a1n, hi\u1ec7n t\u1ea1i Thanh Ph\u01b0\u01a1ng Food cung c\u1ea5p 2 h\u00ecnh th\u1ee9c thanh to\u00e1n \u0111\u1ec3 qu\u00fd kh\u00e1ch d\u1ec5 d\u00e0ng l\u1ef1a ch\u1ecdn: 1. Thanh to\u00e1n khi nh\u1eadn h\u00e0ng (COD) Qu\u00fd kh\u00e1ch thanh to\u00e1n [&hellip;]<\/p>\n","protected":false},"author":1,"featured_media":0,"parent":0,"menu_order":0,"comment_status":"closed","ping_status":"closed","template":"","meta":{"footnotes":""},"class_list":["post-77","page","type-page","status-publish","hentry"],"meta_box":{"ztteam_hero_button1_text":"","ztteam_hero_button1_link":"","ztteam_hero_button2_text":"","ztteam_hero_button2_link":"","ztteam_hero_stat1_number":"","ztteam_hero_stat1_label":"","ztteam_hero_stat1_icon":"","ztteam_hero_stat2_number":"","ztteam_hero_stat2_label":"","ztteam_hero_stat2_icon":"","ztteam_hero_stat3_number":"","ztteam_hero_stat3_label":"","ztteam_hero_stat3_icon":"","ztteam_features_group":[],"ztteam_features_cta_main_text":"","ztteam_features_cta_sub_text":"","ztteam_why_title_part1":"","ztteam_why_title_part1_color":"","ztteam_why_title_part2":"","ztteam_why_title_part2_color":"","ztteam_why_title_part3":"","ztteam_why_title_part3_color":"","ztteam_why_features_group":[],"ztteam_why_cta_title":"","ztteam_why_cta_description":"","ztteam_why_cta_button1_text":"","ztteam_why_cta_button1_link":"","ztteam_why_cta_button2_text":"","ztteam_why_cta_button2_link":"","ztteam_why_trust_group":[],"ztteam_gallery_images":[],"ztteam_gallery_videos":[]},"_links":{"self":[{"href":"https:\/\/dev.wptheme.store\/s\/wppricot\/wp-json\/wp\/v2\/pages\/77","targetHints":{"allow":["GET"]}}],"collection":[{"href":"https:\/\/dev.wptheme.store\/s\/wppricot\/wp-json\/wp\/v2\/pages"}],"about":[{"href":"https:\/\/dev.wptheme.store\/s\/wppricot\/wp-json\/wp\/v2\/types\/page"}],"author":[{"embeddable":true,"href":"https:\/\/dev.wptheme.store\/s\/wppricot\/wp-json\/wp\/v2\/users\/1"}],"replies":[{"embeddable":true,"href":"https:\/\/dev.wptheme.store\/s\/wppricot\/wp-json\/wp\/v2\/comments?post=77"}],"version-history":[{"count":1,"href":"https:\/\/dev.wptheme.store\/s\/wppricot\/wp-json\/wp\/v2\/pages\/77\/revisions"}],"predecessor-version":[{"id":80,"href":"https:\/\/dev.wptheme.store\/s\/wppricot\/wp-json\/wp\/v2\/pages\/77\/revisions\/80"}],"wp:attachment":[{"href":"https:\/\/dev.wptheme.store\/s\/wppricot\/wp-json\/wp\/v2\/media?parent=77"}],"curies":[{"name":"wp","href":"https:\/\/api.w.org\/{rel}","templated":true}]}}