{"id":148,"date":"2026-03-16T08:50:02","date_gmt":"2026-03-16T01:50:02","guid":{"rendered":"https:\/\/dev.wptheme.store\/s\/wpquat\/product\/quat-huong-truc-cao-ap\/"},"modified":"2026-03-16T08:50:02","modified_gmt":"2026-03-16T01:50:02","slug":"quat-huong-truc-cao-ap","status":"publish","type":"product","link":"https:\/\/dev.wptheme.store\/s\/wpquat\/product\/quat-huong-truc-cao-ap\/","title":{"rendered":"Qu\u1ea1t H\u01b0\u1edbng Tr\u1ee5c Cao \u00c1p ( 1HP,2HP,3HP\u202650HP)"},"content":{"rendered":"<p class=\"mb-4 leading-relaxed\">Qu\u1ea1t h\u01b0\u1edbng tr\u1ee5c cao \u00e1p QTA l\u00e0 d\u00f2ng qu\u1ea1t h\u01b0\u1edbng tr\u1ee5c c\u00f4ng nghi\u1ec7p \u0111\u01b0\u1ee3c thi\u1ebft k\u1ebf chuy\u00ean bi\u1ec7t \u0111\u1ec3 t\u1ea1o \u00e1p su\u1ea5t gi\u00f3 cao, ph\u00f9 h\u1ee3p v\u1edbi c\u00e1c h\u1ec7 th\u1ed1ng th\u00f4ng gi\u00f3 y\u00eau c\u1ea7u \u0111\u1ea9y gi\u00f3 xa v\u00e0 m\u1ea1nh. S\u1ea3n ph\u1ea9m thu\u1ed9c th\u01b0\u01a1ng hi\u1ec7u ViFan \u2013 nh\u00e0 s\u1ea3n xu\u1ea5t <a href=\"https:\/\/quatcongnghiepvifan.com\/quat-hut-huong-truc\/\" class=\"text-red-900\">qu\u1ea1t h\u01b0\u1edbng tr\u1ee5c<\/a> uy t\u00edn h\u00e0ng \u0111\u1ea7u t\u1ea1i Vi\u1ec7t Nam, chuy\u00ean cung c\u1ea5p c\u00e1c gi\u1ea3i ph\u00e1p th\u00f4ng gi\u00f3 c\u00f4ng nghi\u1ec7p ch\u1ea5t l\u01b0\u1ee3ng cao.<\/p>\n<h2 class=\"py-2 my-4 text-2xl font-bold border-green-500 border-y border-opacity-10\">\u01afu \u0111i\u1ec3m n\u1ed5i b\u1eadt c\u1ee7a qu\u1ea1t h\u01b0\u1edbng tr\u1ee5c cao \u00e1p QTA<\/h2>\n<p class=\"mb-4 leading-relaxed\">C\u1ed9t \u00e1p cao \u2013 l\u01b0u l\u01b0\u1ee3ng l\u1edbn: V\u1edbi c\u1ed9t \u00e1p l\u00ean t\u1edbi 650 Pa v\u00e0 l\u01b0u l\u01b0\u1ee3ng gi\u00f3 \u0111\u1ea1t 93.000 m\u00b3\/h, qu\u1ea1t \u0111\u00e1p \u1ee9ng t\u1ed1t cho c\u00e1c c\u00f4ng tr\u00ecnh c\u00f3 h\u1ec7 th\u1ed1ng \u1ed1ng gi\u00f3 d\u00e0i, c\u1ea7n l\u1ef1c \u0111\u1ea9y m\u1ea1nh.<\/p>\n<p class=\"mb-4 leading-relaxed\">\u0110a d\u1ea1ng c\u00f4ng su\u1ea5t (0.5 \u2013 10HP): Qu\u1ea1t \u0111\u01b0\u1ee3c thi\u1ebft k\u1ebf linh ho\u1ea1t, d\u1ec5 d\u00e0ng l\u1ef1a ch\u1ecdn theo t\u1eebng quy m\u00f4 c\u00f4ng tr\u00ecnh, t\u1eeb nh\u1ecf \u0111\u1ebfn l\u1edbn.<\/p>\n<p class=\"mb-4 leading-relaxed\">C\u00e1nh qu\u1ea1t h\u1ee3p kim nh\u00f4m ho\u1eb7c th\u00e9p: T\u1ed1i \u01b0u hi\u1ec7u su\u1ea5t, gi\u1ea3m ti\u1ebfng \u1ed3n, t\u0103ng tu\u1ed5i th\u1ecd v\u00e0 ti\u1ebft ki\u1ec7m \u0111i\u1ec7n n\u0103ng.<\/p>\n<p class=\"mb-4 leading-relaxed\">V\u1eadt li\u1ec7u b\u1ec1n b\u1ec9 \u2013 thi\u1ebft k\u1ebf c\u00f4ng nghi\u1ec7p: To\u00e0n b\u1ed9 th\u00e2n qu\u1ea1t \u0111\u01b0\u1ee3c s\u01a1n t\u0129nh \u0111i\u1ec7n, ch\u1ecbu \u0111\u01b0\u1ee3c m\u00f4i tr\u01b0\u1eddng l\u00e0m vi\u1ec7c kh\u1eafc nghi\u1ec7t, d\u1ec5 l\u1eafp \u0111\u1eb7t v\u00e0 b\u1ea3o tr\u00ec.<\/p>\n<figure class=\"my-6 text-center\"><img><figcaption>H\u00ecnh \u1ea2nh Qu\u1ea1t H\u01b0\u1edbng Tr\u1ee5c Cao \u00c1p M\u1eb7t Sau<\/figcaption><\/figure>\n<figure class=\"my-6 text-center\"><img><figcaption>H\u00ecnh \u1ea2nh Qu\u1ea1t H\u01b0\u1edbng Tr\u1ee5c Cao \u00c1p M\u1eb7t Tr\u01b0\u1edbc<\/figcaption><\/figure>\n<h2 class=\"py-2 my-4 text-2xl font-bold border-green-500 border-y border-opacity-10\">\u1ee8ng d\u1ee5ng th\u1ef1c t\u1ebf c\u1ee7a qu\u1ea1t h\u01b0\u1edbng tr\u1ee5c cao \u00e1p trong c\u00f4ng nghi\u1ec7p<\/h2>\n<p class=\"mb-4 leading-relaxed\">D\u00f2ng qu\u1ea1t h\u01b0\u1edbng tr\u1ee5c cao \u00e1p ViFan l\u00e0 l\u1ef1a ch\u1ecdn l\u00fd t\u01b0\u1edfng cho nhi\u1ec1u m\u00f4i tr\u01b0\u1eddng l\u00e0m vi\u1ec7c c\u1ea7n l\u01b0\u1ee3ng gi\u00f3 l\u1edbn v\u00e0 \u00e1p l\u1ef1c cao:<\/p>\n<p class=\"mb-4 leading-relaxed\">H\u1ec7 th\u1ed1ng th\u00f4ng gi\u00f3 cho nh\u00e0 x\u01b0\u1edfng, kho h\u00e0ng, x\u01b0\u1edfng luy\u1ec7n kim, nh\u00e0 m\u00e1y c\u01a1 kh\u00ed.<\/p>\n<p class=\"mb-4 leading-relaxed\">H\u00fat kh\u00ed n\u00f3ng, kh\u00f3i b\u1ee5i, h\u01a1i h\u00f3a ch\u1ea5t trong m\u00f4i tr\u01b0\u1eddng s\u1ea3n xu\u1ea5t.<\/p>\n<p class=\"mb-4 leading-relaxed\">C\u1ea5p kh\u00ed t\u01b0\u01a1i v\u00e0 l\u00e0m m\u00e1t t\u1ea7ng h\u1ea7m, ph\u00f2ng k\u1ef9 thu\u1eadt, h\u1ec7 th\u1ed1ng HVAC.<\/p>\n<p class=\"mb-4 leading-relaxed\">Th\u00f4ng gi\u00f3 cho tr\u1ea1m x\u1eed l\u00fd n\u01b0\u1edbc th\u1ea3i, ph\u00f2ng m\u00e1y, ph\u00f2ng k\u1ef9 thu\u1eadt c\u00f4ng nghi\u1ec7p.<\/p>\n<figure class=\"my-6 text-center\"><img><figcaption>C\u00f4ng D\u1ee5ng Qu\u1ea1t H\u01b0\u1edbng Tr\u1ee5c Cao \u00c1p ( 1HP,2HP,3HP\u202650HP)<\/figcaption><\/figure>\n<h2 class=\"py-2 my-4 text-2xl font-bold border-green-500 border-y border-opacity-10\">Cam k\u1ebft ch\u1ea5t l\u01b0\u1ee3ng t\u1eeb nh\u00e0 cung c\u1ea5p qu\u1ea1t h\u01b0\u1edbng tr\u1ee5c cao \u00e1p ViFan<\/h2>\n<p class=\"mb-4 leading-relaxed\">S\u1ea3n ph\u1ea9m ch\u00ednh h\u00e3ng 100%, s\u1ea3n xu\u1ea5t t\u1ea1i Vi\u1ec7t Nam theo ti\u00eau chu\u1ea9n c\u00f4ng nghi\u1ec7p.<\/p>\n<p class=\"mb-4 leading-relaxed\">B\u1ea3o h\u00e0nh 12 th\u00e1ng, h\u1ed7 tr\u1ee3 k\u1ef9 thu\u1eadt nhanh, linh ki\u1ec7n thay th\u1ebf \u0111\u1ea7y \u0111\u1ee7.<\/p>\n<p class=\"mb-4 leading-relaxed\">T\u01b0 v\u1ea5n ch\u1ecdn \u0111\u00fang m\u1eabu qu\u1ea1t h\u01b0\u1edbng tr\u1ee5c c\u00f4ng nghi\u1ec7p, gi\u00fap t\u1ed1i \u01b0u chi ph\u00ed \u0111\u1ea7u t\u01b0.<\/p>\n<p class=\"mb-4 leading-relaxed\">Giao h\u00e0ng to\u00e0n qu\u1ed1c, \u01b0u \u0111\u00e3i \u0111\u1eb7c bi\u1ec7t cho \u0111\u01a1n h\u00e0ng l\u1edbn v\u00e0 c\u00e1c d\u1ef1 \u00e1n c\u00f4ng tr\u00ecnh.<\/p>\n<p class=\"mb-4 leading-relaxed\">Tham kh\u1ea3o th\u00eam m\u00e3 qu\u1ea1t kh\u00e1c:<\/p>\n<p class=\"mb-4 leading-relaxed\"><a href=\"https:\/\/quatcongnghiepvifan.com\/quat-huong-truc-11kw-15hp\/\" class=\"text-red-900\">Qu\u1ea1t H\u01b0\u1edbng Tr\u1ee5c 11KW 15HP\u00a0<\/a><\/p>\n<p class=\"mb-4 leading-relaxed\"><a href=\"https:\/\/quatcongnghiepvifan.com\/quat-huong-truc-7-5kw-10hp\/\" class=\"text-red-900\">Qu\u1ea1t H\u01b0\u1edbng Tr\u1ee5c 7.5KW 10HP<\/a><\/p>\n","protected":false},"excerpt":{"rendered":"<div class=\"my-4 overflow-hidden bg-white rounded-lg shadow-xl \"><div class=\"overflow-x-auto\"><table class=\"min-w-full\" class=\"min-w-full\">\n<tbody class=\"bg-white divide-y divide-gray-100 \" class=\"bg-white divide-y divide-gray-100 \">\n<tr class=\"transition-all duration-200 ease-in-out group hover:bg-red-50 \" class=\"transition-all duration-200 ease-in-out group hover:bg-red-50 \">\n<td class=\"px-2 py-2 text-sm text-gray-700 transition-colors duration-200 group-hover:text-gray-900 \" class=\"px-2 py-2 text-sm text-gray-700 transition-colors duration-200 group-hover:text-gray-900 \"><strong class=\"font-cal-sans\">M\u00e3 s\u1ea3n ph\u1ea9m<\/strong><\/td>\n<td class=\"px-2 py-2 text-sm text-gray-700 transition-colors duration-200 group-hover:text-gray-900 \" class=\"px-2 py-2 text-sm text-gray-700 transition-colors duration-200 group-hover:text-gray-900 \">:<\/td>\n<td class=\"px-2 py-2 text-sm text-gray-700 transition-colors duration-200 group-hover:text-gray-900 \" class=\"px-2 py-2 text-sm text-gray-700 transition-colors duration-200 group-hover:text-gray-900 \">QTA<\/td>\n<\/tr>\n<tr class=\"transition-all duration-200 ease-in-out group hover:bg-red-50 \" class=\"transition-all duration-200 ease-in-out group hover:bg-red-50 \">\n<td class=\"px-2 py-2 text-sm text-gray-700 transition-colors duration-200 group-hover:text-gray-900 \" class=\"px-2 py-2 text-sm text-gray-700 transition-colors duration-200 group-hover:text-gray-900 \"><strong class=\"font-cal-sans\">Th\u01b0\u01a1ng hi\u1ec7u<\/strong><\/td>\n<td class=\"px-2 py-2 text-sm text-gray-700 transition-colors duration-200 group-hover:text-gray-900 \" class=\"px-2 py-2 text-sm text-gray-700 transition-colors duration-200 group-hover:text-gray-900 \">:<\/td>\n<td class=\"px-2 py-2 text-sm text-gray-700 transition-colors duration-200 group-hover:text-gray-900 \" class=\"px-2 py-2 text-sm text-gray-700 transition-colors duration-200 group-hover:text-gray-900 \">ViFan<\/td>\n<\/tr>\n<tr class=\"transition-all duration-200 ease-in-out group hover:bg-red-50 \" class=\"transition-all duration-200 ease-in-out group hover:bg-red-50 \">\n<td class=\"px-2 py-2 text-sm text-gray-700 transition-colors duration-200 group-hover:text-gray-900 \" class=\"px-2 py-2 text-sm text-gray-700 transition-colors duration-200 group-hover:text-gray-900 \"><strong class=\"font-cal-sans\">C\u00f4ng su\u1ea5t<\/strong><\/td>\n<td class=\"px-2 py-2 text-sm text-gray-700 transition-colors duration-200 group-hover:text-gray-900 \" class=\"px-2 py-2 text-sm text-gray-700 transition-colors duration-200 group-hover:text-gray-900 \">:<\/td>\n<td class=\"px-2 py-2 text-sm text-gray-700 transition-colors duration-200 group-hover:text-gray-900 \" class=\"px-2 py-2 text-sm text-gray-700 transition-colors duration-200 group-hover:text-gray-900 \">0.5-10HP<\/td>\n<\/tr>\n<tr class=\"transition-all duration-200 ease-in-out group hover:bg-red-50 \" class=\"transition-all duration-200 ease-in-out group hover:bg-red-50 \">\n<td class=\"px-2 py-2 text-sm text-gray-700 transition-colors duration-200 group-hover:text-gray-900 \" class=\"px-2 py-2 text-sm text-gray-700 transition-colors duration-200 group-hover:text-gray-900 \"><strong class=\"font-cal-sans\">C\u1ed9t \u00e1p<\/strong><\/td>\n<td class=\"px-2 py-2 text-sm text-gray-700 transition-colors duration-200 group-hover:text-gray-900 \" class=\"px-2 py-2 text-sm text-gray-700 transition-colors duration-200 group-hover:text-gray-900 \">:<\/td>\n<td class=\"px-2 py-2 text-sm text-gray-700 transition-colors duration-200 group-hover:text-gray-900 \" class=\"px-2 py-2 text-sm text-gray-700 transition-colors duration-200 group-hover:text-gray-900 \">100-650<\/td>\n<\/tr>\n<tr class=\"transition-all duration-200 ease-in-out group hover:bg-red-50 \" class=\"transition-all duration-200 ease-in-out group hover:bg-red-50 \">\n<td class=\"px-2 py-2 text-sm text-gray-700 transition-colors duration-200 group-hover:text-gray-900 \" class=\"px-2 py-2 text-sm text-gray-700 transition-colors duration-200 group-hover:text-gray-900 \"><strong class=\"font-cal-sans\">L\u01b0u l\u01b0\u1ee3ng<\/strong><\/td>\n<td class=\"px-2 py-2 text-sm text-gray-700 transition-colors duration-200 group-hover:text-gray-900 \" class=\"px-2 py-2 text-sm text-gray-700 transition-colors duration-200 group-hover:text-gray-900 \">:<\/td>\n<td class=\"px-2 py-2 text-sm text-gray-700 transition-colors duration-200 group-hover:text-gray-900 \" class=\"px-2 py-2 text-sm text-gray-700 transition-colors duration-200 group-hover:text-gray-900 \">2.000 &#8211; 93.000 m3\/h<\/td>\n<\/tr>\n<tr class=\"transition-all duration-200 ease-in-out group hover:bg-red-50 \" class=\"transition-all duration-200 ease-in-out group hover:bg-red-50 \">\n<td class=\"px-2 py-2 text-sm text-gray-700 transition-colors duration-200 group-hover:text-gray-900 \" class=\"px-2 py-2 text-sm text-gray-700 transition-colors duration-200 group-hover:text-gray-900 \"><strong class=\"font-cal-sans\">B\u1ea3o h\u00e0nh<\/strong><\/td>\n<td class=\"px-2 py-2 text-sm text-gray-700 transition-colors duration-200 group-hover:text-gray-900 \" class=\"px-2 py-2 text-sm text-gray-700 transition-colors duration-200 group-hover:text-gray-900 \">:<\/td>\n<td class=\"px-2 py-2 text-sm text-gray-700 transition-colors duration-200 group-hover:text-gray-900 \" class=\"px-2 py-2 text-sm text-gray-700 transition-colors duration-200 group-hover:text-gray-900 \">12 th\u00e1ng<\/td>\n<\/tr>\n<tr class=\"transition-all duration-200 ease-in-out group hover:bg-red-50 \" class=\"transition-all duration-200 ease-in-out group hover:bg-red-50 \">\n<td class=\"px-2 py-2 text-sm text-gray-700 transition-colors duration-200 group-hover:text-gray-900 \" class=\"px-2 py-2 text-sm text-gray-700 transition-colors duration-200 group-hover:text-gray-900 \"><strong class=\"font-cal-sans\">Xu\u1ea5t x\u1ee9<\/strong><\/td>\n<td class=\"px-2 py-2 text-sm text-gray-700 transition-colors duration-200 group-hover:text-gray-900 \" class=\"px-2 py-2 text-sm text-gray-700 transition-colors duration-200 group-hover:text-gray-900 \">:<\/td>\n<td class=\"px-2 py-2 text-sm text-gray-700 transition-colors duration-200 group-hover:text-gray-900 \" class=\"px-2 py-2 text-sm text-gray-700 transition-colors duration-200 group-hover:text-gray-900 \">Vi\u1ec7t nam<\/td>\n<\/tr>\n<\/tbody>\n<\/table><\/div><\/div>\n","protected":false},"featured_media":149,"template":"","meta":{"footnotes":""},"product_cat":[12],"product_tag":[],"ztteam_product_brand":[],"class_list":["post-148","product","type-product","status-publish","has-post-thumbnail","hentry","product_cat-quat-hut-huong-truc"],"meta_box":{"_sku":"QTA","_regular_price":"12855080","_sale_price":"11027642","_price":"11027642","_stock_status":"instock","_stock":"50","_manage_stock":"1","_weight":"","_length":"","_width":"","_height":"","_product_image_gallery":[{"width":150,"height":150,"file":"2026\/03\/quat-huong-truc-cao-ap-1.png","filesize":152941,"sizes":[],"image_meta":{"aperture":"0","credit":"","camera":"","caption":"","created_timestamp":"0","copyright":"","focal_length":"0","iso":"0","shutter_speed":"0","title":"","orientation":"0","keywords":[]},"ID":"149","name":"quat-huong-truc-cao-ap-1.png","path":"\/home\/dev.wptheme.store\/public_html\/s\/wpquat\/wp-content\/uploads\/2026\/03\/quat-huong-truc-cao-ap-1.png","url":"https:\/\/dev.wptheme.store\/s\/wpquat\/wp-content\/uploads\/2026\/03\/quat-huong-truc-cao-ap-1.png","full_url":"https:\/\/dev.wptheme.store\/s\/wpquat\/wp-content\/uploads\/2026\/03\/quat-huong-truc-cao-ap-1.png","title":"Qu\u1ea1t H\u01b0\u1edbng Tr\u1ee5c Cao \u00c1p ( 1HP,2HP,3HP\u202650HP)","caption":"","description":"","alt":"","srcset":false}],"_featured":"0","_visibility":"visible","_virtual":"","_downloadable":"","product_type":"simple","product_attributes":[],"color_variations":[],"size_variations":[],"storage_variations":[],"material_variations":[]},"_links":{"self":[{"href":"https:\/\/dev.wptheme.store\/s\/wpquat\/wp-json\/wp\/v2\/product\/148","targetHints":{"allow":["GET"]}}],"collection":[{"href":"https:\/\/dev.wptheme.store\/s\/wpquat\/wp-json\/wp\/v2\/product"}],"about":[{"href":"https:\/\/dev.wptheme.store\/s\/wpquat\/wp-json\/wp\/v2\/types\/product"}],"version-history":[{"count":0,"href":"https:\/\/dev.wptheme.store\/s\/wpquat\/wp-json\/wp\/v2\/product\/148\/revisions"}],"wp:featuredmedia":[{"embeddable":true,"href":"https:\/\/dev.wptheme.store\/s\/wpquat\/wp-json\/wp\/v2\/media\/149"}],"wp:attachment":[{"href":"https:\/\/dev.wptheme.store\/s\/wpquat\/wp-json\/wp\/v2\/media?parent=148"}],"wp:term":[{"taxonomy":"product_cat","embeddable":true,"href":"https:\/\/dev.wptheme.store\/s\/wpquat\/wp-json\/wp\/v2\/product_cat?post=148"},{"taxonomy":"product_tag","embeddable":true,"href":"https:\/\/dev.wptheme.store\/s\/wpquat\/wp-json\/wp\/v2\/product_tag?post=148"},{"taxonomy":"ztteam_product_brand","embeddable":true,"href":"https:\/\/dev.wptheme.store\/s\/wpquat\/wp-json\/wp\/v2\/ztteam_product_brand?post=148"}],"curies":[{"name":"wp","href":"https:\/\/api.w.org\/{rel}","templated":true}]}}