{"id":200,"date":"2026-03-16T08:50:37","date_gmt":"2026-03-16T01:50:37","guid":{"rendered":"https:\/\/dev.wptheme.store\/s\/wpquat\/product\/quat-hut-mui-noi-ong-phi-150\/"},"modified":"2026-03-16T08:50:37","modified_gmt":"2026-03-16T01:50:37","slug":"quat-hut-mui-noi-ong-phi-150","status":"publish","type":"product","link":"https:\/\/dev.wptheme.store\/s\/wpquat\/product\/quat-hut-mui-noi-ong-phi-150\/","title":{"rendered":"Qu\u1ea1t H\u00fat M\u00f9i N\u1ed1i \u1ed0ng Phi 150"},"content":{"rendered":"<p class=\"mb-4 leading-relaxed\">Qu\u1ea1t h\u00fat m\u00f9i n\u1ed1i \u1ed1ng phi 150 l\u00e0 l\u1ef1a ch\u1ecdn l\u00fd t\u01b0\u1edfng gi\u00fap h\u00fat m\u00f9i nhanh ch\u00f3ng v\u00e0 cung c\u1ea5p kh\u00f4ng kh\u00ed t\u01b0\u01a1i cho kh\u00f4ng gian nh\u00e0 b\u1ebfp, nh\u00e0 v\u1ec7 sinh hay khu c\u00f4ng nghi\u1ec7p. V\u1edbi c\u00f4ng su\u1ea5t 75W v\u00e0 l\u01b0u l\u01b0\u1ee3ng 540 m\u00b3\/h, qu\u1ea1t \u0111\u1ea3m b\u1ea3o mang l\u1ea1i hi\u1ec7u qu\u1ea3 l\u00e0m vi\u1ec7c m\u1ea1nh m\u1ebd m\u00e0 kh\u00f4ng g\u00e2y \u1ed3n \u00e0o hay ti\u00eau t\u1ed1n qu\u00e1 nhi\u1ec1u \u0111i\u1ec7n n\u0103ng.<\/p>\n<h2 class=\"py-2 my-4 text-2xl font-bold border-green-500 border-y border-opacity-10\">M\u00f4 t\u1ea3 chi ti\u1ebft v\u1ec1 qu\u1ea1t h\u00fat m\u00f9i n\u1ed1i \u1ed1ng phi 150<\/h2>\n<p class=\"mb-4 leading-relaxed\">Qu\u1ea1t h\u00fat m\u00f9i n\u1ed1i \u1ed1ng\u00a0 phi 150 s\u1edf h\u1eefu thi\u1ebft k\u1ebf hi\u1ec7n \u0111\u1ea1i v\u00e0 hi\u1ec7u qu\u1ea3 v\u01b0\u1ee3t tr\u1ed9i, \u0111\u1eb7c bi\u1ec7t ph\u00f9 h\u1ee3p v\u1edbi c\u00e1c h\u1ec7 th\u1ed1ng th\u00f4ng gi\u00f3 trong kh\u00f4ng gian nh\u01b0 nh\u00e0 b\u1ebfp, nh\u00e0 v\u1ec7 sinh hay c\u00e1c khu v\u1ef1c c\u00f4ng nghi\u1ec7p. V\u1edbi phi \u1ed1ng D150, qu\u1ea1t d\u1ec5 d\u00e0ng k\u1ebft n\u1ed1i v\u00e0o c\u00e1c h\u1ec7 th\u1ed1ng \u1ed1ng d\u1eabn kh\u00ed v\u00e0 kh\u00f4ng t\u1ed1n nhi\u1ec1u th\u1eddi gian l\u1eafp \u0111\u1eb7t. S\u1eed d\u1ee5ng nh\u1ef1a ABS ch\u1ea5t l\u01b0\u1ee3ng cao, qu\u1ea1t c\u00f3 kh\u1ea3 n\u0103ng ch\u1ed1ng va \u0111\u1eadp, b\u1ec1n b\u1ec9 v\u1edbi th\u1eddi gian, gi\u00fap b\u1ea1n an t\u00e2m s\u1eed d\u1ee5ng trong m\u00f4i tr\u01b0\u1eddng \u1ea9m \u01b0\u1edbt v\u00e0 kh\u1eafc nghi\u1ec7t.<\/p>\n<p class=\"mb-4 leading-relaxed\">V\u1edbi c\u00f4ng su\u1ea5t 75W v\u00e0 l\u01b0u l\u01b0\u1ee3ng 540 m\u00b3\/h, qu\u1ea1t c\u00f3 kh\u1ea3 n\u0103ng h\u00fat m\u1ea1nh m\u1ebd kh\u00f4ng kh\u00ed \u00f4 nhi\u1ec5m, lo\u1ea1i b\u1ecf m\u00f9i nh\u00e0 b\u1ebfp, m\u00f9i \u1ea9m m\u1ed1c hay kh\u00ed th\u1ea3i trong kh\u00f4ng gian. C\u1ed9t \u00e1p 300 Pa gi\u00fap qu\u1ea1t ho\u1ea1t \u0111\u1ed9ng \u1ed5n \u0111\u1ecbnh v\u00e0 duy tr\u00ec hi\u1ec7u su\u1ea5t l\u00e2u d\u00e0i ngay c\u1ea3 trong nh\u1eefng m\u00f4i tr\u01b0\u1eddng c\u00f3 nhi\u1ec1u c\u1ea3n tr\u1edf, nh\u01b0 trong h\u1ec7 th\u1ed1ng \u1ed1ng d\u1eabn d\u00e0i hay g\u00f3c khu\u1ea5t.<\/p>\n<p class=\"mb-4 leading-relaxed\">C\u1ea5u t\u1ea1o c\u1ee7a qu\u1ea1t th\u00f4ng gi\u00f3 n\u1ed1i \u1ed1ng phi 150 c\u0169ng r\u1ea5t \u0111\u01a1n gi\u1ea3n v\u00e0 d\u1ec5 v\u1ec7 sinh. Qu\u1ea1t th\u00f4ng gi\u00f3 n\u1ed1i \u1ed1ng bao g\u1ed3m \u0111\u1ed9ng c\u01a1 b\u1ec1n b\u1ec9 v\u00e0 c\u00e1nh qu\u1ea1t \u0111\u01b0\u1ee3c thi\u1ebft k\u1ebf \u0111\u1ec3 t\u1ea1o ra lu\u1ed3ng kh\u00ed m\u1ea1nh m\u1ebd. \u0110\u1ec3 \u0111\u1ea3m b\u1ea3o qu\u1ea1t ho\u1ea1t \u0111\u1ed9ng hi\u1ec7u qu\u1ea3, b\u1ea1n ch\u1ec9 c\u1ea7n th\u00e1o c\u00e1c b\u1ed9 ph\u1eadn v\u00e0 lau s\u1ea1ch b\u1ee5i b\u1ea9n b\u00e1m v\u00e0o c\u00e1c c\u00e1nh qu\u1ea1t, \u0111\u1ea3m b\u1ea3o kh\u00f4ng b\u1ecb t\u1eafc ngh\u1ebdn. Nh\u1edd v\u1eady, qu\u1ea1t c\u00f3 th\u1ec3 duy tr\u00ec kh\u1ea3 n\u0103ng h\u00fat m\u00f9i v\u00e0 th\u00f4ng gi\u00f3 li\u00ean t\u1ee5c m\u00e0 kh\u00f4ng b\u1ecb gi\u00e1n \u0111o\u1ea1n.<\/p>\n<figure class=\"my-6 text-center\"><img><figcaption>K\u00edch Th\u01b0\u1edbc Qu\u1ea1t H\u00fat M\u00f9i N\u1ed1i \u1ed0ng Phi 150<\/figcaption><\/figure>\n<p class=\"mb-4 leading-relaxed\">T\u00ecm hi\u1ec3u th\u00eam s\u1ea3n ph\u1ea9m kh\u00e1c:<\/p>\n<p class=\"mb-4 leading-relaxed\"><a href=\"https:\/\/quatcongnghiepvifan.com\/quat-hut-mui-noi-ong-phi-315\/\" class=\"text-red-900\">Qu\u1ea1t H\u00fat M\u00f9i N\u1ed1i \u1ed0ng Phi 315<\/a><\/p>\n<p class=\"mb-4 leading-relaxed\"><a href=\"https:\/\/quatcongnghiepvifan.com\/quat-hut-mui-noi-ong-phi-250\/\" class=\"text-red-900\">Qu\u1ea1t H\u00fat M\u00f9i N\u1ed1i \u1ed0ng Phi 250<\/a><\/p>\n<h2 class=\"py-2 my-4 text-2xl font-bold border-green-500 border-y border-opacity-10\">\u01afu \u0111i\u1ec3m n\u1ed5i b\u1eadt c\u1ee7a qu\u1ea1t gi\u00f3 t\u01b0\u01a1i phi 150:<\/h2>\n<p class=\"mb-4 leading-relaxed\">Ti\u1ebft ki\u1ec7m n\u0103ng l\u01b0\u1ee3ng: M\u1eb7c d\u00f9 c\u00f3 c\u00f4ng su\u1ea5t th\u1ea5p, nh\u01b0ng qu\u1ea1t h\u00fat m\u00f9i n\u1ed1i \u1ed1ng ViFan P150 l\u1ea1i ho\u1ea1t \u0111\u1ed9ng r\u1ea5t hi\u1ec7u qu\u1ea3 v\u00e0 ti\u1ebft ki\u1ec7m \u0111i\u1ec7n n\u0103ng.<\/p>\n<p class=\"mb-4 leading-relaxed\">B\u1ec1n b\u1ec9 v\u00e0 d\u1ec5 v\u1ec7 sinh: Ch\u1ea5t li\u1ec7u nh\u1ef1a ABS kh\u00f4ng ch\u1ec9 gi\u00fap qu\u1ea1t b\u1ec1n b\u1ec9 m\u00e0 c\u00f2n d\u1ec5 d\u00e0ng v\u1ec7 sinh sau khi s\u1eed d\u1ee5ng.<\/p>\n<p class=\"mb-4 leading-relaxed\">L\u1eafp \u0111\u1eb7t linh ho\u1ea1t: V\u1edbi thi\u1ebft k\u1ebf k\u1ebft n\u1ed1i \u0111\u01a1n gi\u1ea3n, b\u1ea1n c\u00f3 th\u1ec3 d\u1ec5 d\u00e0ng t\u00edch h\u1ee3p qu\u1ea1t v\u00e0o h\u1ec7 th\u1ed1ng th\u00f4ng gi\u00f3 ho\u1eb7c h\u00fat m\u00f9i trong b\u1ea5t k\u1ef3 kh\u00f4ng gian n\u00e0o.<\/p>\n<p class=\"mb-4 leading-relaxed\">Hi\u1ec7u qu\u1ea3 h\u00fat m\u00f9i: Qu\u1ea1t c\u00f3 kh\u1ea3 n\u0103ng lo\u1ea1i b\u1ecf nhanh ch\u00f3ng m\u00f9i b\u1ebfp, kh\u00f3i v\u00e0 kh\u00ed th\u1ea3i, gi\u00fap kh\u00f4ng kh\u00ed trong kh\u00f4ng gian lu\u00f4n trong l\u00e0nh v\u00e0 d\u1ec5 ch\u1ecbu.<\/p>\n<h2 class=\"py-2 my-4 text-2xl font-bold border-green-500 border-y border-opacity-10\">\u1ee8ng d\u1ee5ng c\u1ee7a qu\u1ea1t h\u00fat m\u00f9i b\u1ebfp gia \u0111\u00ecnh phi 150:<\/h2>\n<p class=\"mb-4 leading-relaxed\">Qu\u1ea1t h\u00fat m\u00f9i n\u1ed1i \u1ed1ng phi 150 l\u00e0 gi\u1ea3i ph\u00e1p l\u00fd t\u01b0\u1edfng cho nhi\u1ec1u kh\u00f4ng gian kh\u00e1c nhau. B\u1ea1n c\u00f3 th\u1ec3 s\u1eed d\u1ee5ng qu\u1ea1t th\u00f4ng gi\u00f3 n\u1ed1i \u1ed1ng phi 150 trong nh\u00e0 b\u1ebfp nh\u01b0 lo\u1ea1i <span>qu\u1ea1t h\u00fat m\u00f9i nh\u00e0 b\u1ebfp<\/span> lo\u1ea1i b\u1ecf m\u00f9i th\u1ee9c \u0103n, kh\u00f3i t\u1eeb n\u1ea5u n\u01b0\u1edbng, gi\u00fap kh\u00f4ng gian lu\u00f4n s\u1ea1ch s\u1ebd. Ngo\u00e0i ra, qu\u1ea1t th\u00f4ng gi\u00f3 nh\u00e0 v\u1ec7 sinh d\u00f9ng \u0111\u1ec3 h\u00fat m\u00f9i \u1ea9m m\u1ed1c v\u00e0 gi\u1eef kh\u00f4ng kh\u00ed lu\u00f4n tho\u00e1ng \u0111\u00e3ng. B\u00ean c\u1ea1nh \u0111\u00f3, qu\u1ea1t th\u00f4ng gi\u00f3 n\u00e0y c\u0169ng r\u1ea5t ph\u00f9 h\u1ee3p cho c\u00e1c khu c\u00f4ng nghi\u1ec7p, n\u01a1i y\u00eau c\u1ea7u h\u1ec7 th\u1ed1ng h\u00fat m\u00f9i hi\u1ec7u qu\u1ea3 \u0111\u1ec3 b\u1ea3o v\u1ec7 s\u1ee9c kh\u1ecfe ng\u01b0\u1eddi lao \u0111\u1ed9ng v\u00e0 gi\u1eef m\u00f4i tr\u01b0\u1eddng l\u00e0m vi\u1ec7c trong l\u00e0nh.<\/p>\n<h2 class=\"py-2 my-4 text-2xl font-bold border-green-500 border-y border-opacity-10\">Th\u01b0\u01a1ng hi\u1ec7u ViFan &#8211; L\u1ef1a ch\u1ecdn tin c\u1eady mua qu\u1ea1t h\u00fat n\u1ed1i \u1ed1ng<\/h2>\n<p class=\"mb-4 leading-relaxed\">ViFan l\u00e0 m\u1ed9t trong nh\u1eefng th\u01b0\u01a1ng hi\u1ec7u n\u1ed5i b\u1eadt trong ng\u00e0nh s\u1ea3n xu\u1ea5t <a href=\"https:\/\/quatcongnghiepvifan.com\/quat-hut-noi-ong\/\" class=\"text-red-900\">qu\u1ea1t h\u00fat m\u00f9i n\u1ed1i \u1ed1ng<\/a> .\u00a0V\u1edbi nhi\u1ec1u n\u0103m kinh nghi\u1ec7m, ViFan cam k\u1ebft mang \u0111\u1ebfn nh\u1eefng s\u1ea3n ph\u1ea9m c\u00f3 ch\u1ea5t l\u01b0\u1ee3ng v\u01b0\u1ee3t tr\u1ed9i, ph\u00f9 h\u1ee3p v\u1edbi m\u1ecdi nhu c\u1ea7u v\u1ec1 th\u00f4ng gi\u00f3 v\u00e0 h\u00fat m\u00f9i. C\u00e1c s\u1ea3n ph\u1ea9m c\u1ee7a ViFan lu\u00f4n \u0111\u1ea3m b\u1ea3o v\u1ec1 \u0111\u1ed9 b\u1ec1n, hi\u1ec7u su\u1ea5t v\u00e0 gi\u00e1 th\u00e0nh h\u1ee3p l\u00fd, gi\u00fap kh\u00e1ch h\u00e0ng y\u00ean t\u00e2m s\u1eed d\u1ee5ng l\u00e2u d\u00e0i. \u0110\u1eb7c bi\u1ec7t, qu\u1ea1t h\u00fat m\u00f9i nh\u00e0 b\u1ebfp ViFan P150 \u0111\u01b0\u1ee3c b\u1ea3o h\u00e0nh l\u00ean \u0111\u1ebfn 12 th\u00e1ng, gi\u00fap b\u1ea1n ho\u00e0n to\u00e0n an t\u00e2m v\u1ec1 ch\u1ea5t l\u01b0\u1ee3ng.<\/p>\n<p class=\"mb-4 leading-relaxed\">\u0110\u1ec3 qu\u1ea1t h\u00fat m\u00f9i n\u1ed1i \u1ed1ng phi 150 ho\u1ea1t \u0111\u1ed9ng b\u1ec1n l\u00e2u v\u00e0 hi\u1ec7u qu\u1ea3, b\u1ea1n n\u00ean v\u1ec7 sinh \u0111\u1ecbnh k\u1ef3 qu\u1ea1t. Vi\u1ec7c v\u1ec7 sinh qu\u1ea1t \u0111\u01a1n gi\u1ea3n v\u1edbi c\u00e1c b\u01b0\u1edbc c\u01a1 b\u1ea3n nh\u01b0 th\u00e1o r\u1eddi c\u00e1c b\u1ed9 ph\u1eadn v\u00e0 l\u00e0m s\u1ea1ch b\u1ee5i b\u1ea9n ho\u1eb7c c\u1eb7n b\u00e1m tr\u00ean c\u00e1nh qu\u1ea1t. L\u01b0u \u00fd, n\u00ean ki\u1ec3m tra b\u1ed9 l\u1ecdc th\u01b0\u1eddng xuy\u00ean \u0111\u1ec3 \u0111\u1ea3m b\u1ea3o qu\u1ea1t kh\u00f4ng b\u1ecb t\u1eafc ngh\u1ebdn v\u00e0 lu\u00f4n duy tr\u00ec hi\u1ec7u su\u1ea5t h\u00fat m\u00f9i t\u1ed1t nh\u1ea5t.<\/p>\n","protected":false},"excerpt":{"rendered":"<div class=\"my-4 overflow-hidden bg-white rounded-lg shadow-xl \"><div class=\"overflow-x-auto\"><table class=\"min-w-full\" class=\"min-w-full\">\n<tbody class=\"bg-white divide-y divide-gray-100 \" class=\"bg-white divide-y divide-gray-100 \">\n<tr class=\"transition-all duration-200 ease-in-out group hover:bg-red-50 \" class=\"transition-all duration-200 ease-in-out group hover:bg-red-50 \">\n<td class=\"px-2 py-2 text-sm text-gray-700 transition-colors duration-200 group-hover:text-gray-900 \" class=\"px-2 py-2 text-sm text-gray-700 transition-colors duration-200 group-hover:text-gray-900 \"><strong class=\"font-cal-sans\">M\u00e3 s\u1ea3n ph\u1ea9m<\/strong><\/td>\n<td class=\"px-2 py-2 text-sm text-gray-700 transition-colors duration-200 group-hover:text-gray-900 \" class=\"px-2 py-2 text-sm text-gray-700 transition-colors duration-200 group-hover:text-gray-900 \">:<\/td>\n<td class=\"px-2 py-2 text-sm text-gray-700 transition-colors duration-200 group-hover:text-gray-900 \" class=\"px-2 py-2 text-sm text-gray-700 transition-colors duration-200 group-hover:text-gray-900 \">P150<\/td>\n<\/tr>\n<tr class=\"transition-all duration-200 ease-in-out group hover:bg-red-50 \" class=\"transition-all duration-200 ease-in-out group hover:bg-red-50 \">\n<td class=\"px-2 py-2 text-sm text-gray-700 transition-colors duration-200 group-hover:text-gray-900 \" class=\"px-2 py-2 text-sm text-gray-700 transition-colors duration-200 group-hover:text-gray-900 \"><strong class=\"font-cal-sans\">Th\u01b0\u01a1ng hi\u1ec7u<\/strong><\/td>\n<td class=\"px-2 py-2 text-sm text-gray-700 transition-colors duration-200 group-hover:text-gray-900 \" class=\"px-2 py-2 text-sm text-gray-700 transition-colors duration-200 group-hover:text-gray-900 \">:<\/td>\n<td class=\"px-2 py-2 text-sm text-gray-700 transition-colors duration-200 group-hover:text-gray-900 \" class=\"px-2 py-2 text-sm text-gray-700 transition-colors duration-200 group-hover:text-gray-900 \">ViFan<\/td>\n<\/tr>\n<tr class=\"transition-all duration-200 ease-in-out group hover:bg-red-50 \" class=\"transition-all duration-200 ease-in-out group hover:bg-red-50 \">\n<td class=\"px-2 py-2 text-sm text-gray-700 transition-colors duration-200 group-hover:text-gray-900 \" class=\"px-2 py-2 text-sm text-gray-700 transition-colors duration-200 group-hover:text-gray-900 \"><strong class=\"font-cal-sans\">C\u00f4ng su\u1ea5t<\/strong><\/td>\n<td class=\"px-2 py-2 text-sm text-gray-700 transition-colors duration-200 group-hover:text-gray-900 \" class=\"px-2 py-2 text-sm text-gray-700 transition-colors duration-200 group-hover:text-gray-900 \">:<\/td>\n<td class=\"px-2 py-2 text-sm text-gray-700 transition-colors duration-200 group-hover:text-gray-900 \" class=\"px-2 py-2 text-sm text-gray-700 transition-colors duration-200 group-hover:text-gray-900 \">75 W<\/td>\n<\/tr>\n<tr class=\"transition-all duration-200 ease-in-out group hover:bg-red-50 \" class=\"transition-all duration-200 ease-in-out group hover:bg-red-50 \">\n<td class=\"px-2 py-2 text-sm text-gray-700 transition-colors duration-200 group-hover:text-gray-900 \" class=\"px-2 py-2 text-sm text-gray-700 transition-colors duration-200 group-hover:text-gray-900 \"><strong class=\"font-cal-sans\">C\u1ed9t \u00c1p<\/strong><\/td>\n<td class=\"px-2 py-2 text-sm text-gray-700 transition-colors duration-200 group-hover:text-gray-900 \" class=\"px-2 py-2 text-sm text-gray-700 transition-colors duration-200 group-hover:text-gray-900 \">:<\/td>\n<td class=\"px-2 py-2 text-sm text-gray-700 transition-colors duration-200 group-hover:text-gray-900 \" class=\"px-2 py-2 text-sm text-gray-700 transition-colors duration-200 group-hover:text-gray-900 \">300 Pa<\/td>\n<\/tr>\n<tr class=\"transition-all duration-200 ease-in-out group hover:bg-red-50 \" class=\"transition-all duration-200 ease-in-out group hover:bg-red-50 \">\n<td class=\"px-2 py-2 text-sm text-gray-700 transition-colors duration-200 group-hover:text-gray-900 \" class=\"px-2 py-2 text-sm text-gray-700 transition-colors duration-200 group-hover:text-gray-900 \"><strong class=\"font-cal-sans\">L\u01b0u l\u01b0\u1ee3ng<\/strong><\/td>\n<td class=\"px-2 py-2 text-sm text-gray-700 transition-colors duration-200 group-hover:text-gray-900 \" class=\"px-2 py-2 text-sm text-gray-700 transition-colors duration-200 group-hover:text-gray-900 \">:<\/td>\n<td class=\"px-2 py-2 text-sm text-gray-700 transition-colors duration-200 group-hover:text-gray-900 \" class=\"px-2 py-2 text-sm text-gray-700 transition-colors duration-200 group-hover:text-gray-900 \">540 m3\/h<\/td>\n<\/tr>\n<tr class=\"transition-all duration-200 ease-in-out group hover:bg-red-50 \" class=\"transition-all duration-200 ease-in-out group hover:bg-red-50 \">\n<td class=\"px-2 py-2 text-sm text-gray-700 transition-colors duration-200 group-hover:text-gray-900 \" class=\"px-2 py-2 text-sm text-gray-700 transition-colors duration-200 group-hover:text-gray-900 \"><strong class=\"font-cal-sans\">B\u1ea3o h\u00e0nh<\/strong><\/td>\n<td class=\"px-2 py-2 text-sm text-gray-700 transition-colors duration-200 group-hover:text-gray-900 \" class=\"px-2 py-2 text-sm text-gray-700 transition-colors duration-200 group-hover:text-gray-900 \">:<\/td>\n<td class=\"px-2 py-2 text-sm text-gray-700 transition-colors duration-200 group-hover:text-gray-900 \" class=\"px-2 py-2 text-sm text-gray-700 transition-colors duration-200 group-hover:text-gray-900 \">12 th\u00e1ng<\/td>\n<\/tr>\n<tr class=\"transition-all duration-200 ease-in-out group hover:bg-red-50 \" class=\"transition-all duration-200 ease-in-out group hover:bg-red-50 \">\n<td class=\"px-2 py-2 text-sm text-gray-700 transition-colors duration-200 group-hover:text-gray-900 \" class=\"px-2 py-2 text-sm text-gray-700 transition-colors duration-200 group-hover:text-gray-900 \"><strong class=\"font-cal-sans\">Xu\u1ea5t x\u1ee9<\/strong><\/td>\n<td class=\"px-2 py-2 text-sm text-gray-700 transition-colors duration-200 group-hover:text-gray-900 \" class=\"px-2 py-2 text-sm text-gray-700 transition-colors duration-200 group-hover:text-gray-900 \">:<\/td>\n<td class=\"px-2 py-2 text-sm text-gray-700 transition-colors duration-200 group-hover:text-gray-900 \" class=\"px-2 py-2 text-sm text-gray-700 transition-colors duration-200 group-hover:text-gray-900 \">Trung Qu\u1ed1c<\/td>\n<\/tr>\n<\/tbody>\n<\/table><\/div><\/div>\n","protected":false},"featured_media":201,"template":"","meta":{"footnotes":""},"product_cat":[14],"product_tag":[],"ztteam_product_brand":[],"class_list":["post-200","product","type-product","status-publish","has-post-thumbnail","hentry","product_cat-quat-hut-noi-ong"],"meta_box":{"_sku":"P150","_regular_price":"13355960","_sale_price":"11842052","_price":"11842052","_stock_status":"instock","_stock":"50","_manage_stock":"1","_weight":"","_length":"","_width":"","_height":"","_product_image_gallery":[{"width":150,"height":150,"file":"2026\/03\/quat-hut-mui-noi-ong-phi-150-1.png","filesize":84487,"sizes":[],"image_meta":{"aperture":"0","credit":"","camera":"","caption":"","created_timestamp":"0","copyright":"","focal_length":"0","iso":"0","shutter_speed":"0","title":"","orientation":"0","keywords":[]},"ID":"201","name":"quat-hut-mui-noi-ong-phi-150-1.png","path":"\/home\/dev.wptheme.store\/public_html\/s\/wpquat\/wp-content\/uploads\/2026\/03\/quat-hut-mui-noi-ong-phi-150-1.png","url":"https:\/\/dev.wptheme.store\/s\/wpquat\/wp-content\/uploads\/2026\/03\/quat-hut-mui-noi-ong-phi-150-1.png","full_url":"https:\/\/dev.wptheme.store\/s\/wpquat\/wp-content\/uploads\/2026\/03\/quat-hut-mui-noi-ong-phi-150-1.png","title":"Qu\u1ea1t H\u00fat M\u00f9i N\u1ed1i \u1ed0ng Phi 150","caption":"","description":"","alt":"","srcset":false}],"_featured":"0","_visibility":"visible","_virtual":"","_downloadable":"","product_type":"simple","product_attributes":[],"color_variations":[],"size_variations":[],"storage_variations":[],"material_variations":[]},"_links":{"self":[{"href":"https:\/\/dev.wptheme.store\/s\/wpquat\/wp-json\/wp\/v2\/product\/200","targetHints":{"allow":["GET"]}}],"collection":[{"href":"https:\/\/dev.wptheme.store\/s\/wpquat\/wp-json\/wp\/v2\/product"}],"about":[{"href":"https:\/\/dev.wptheme.store\/s\/wpquat\/wp-json\/wp\/v2\/types\/product"}],"version-history":[{"count":0,"href":"https:\/\/dev.wptheme.store\/s\/wpquat\/wp-json\/wp\/v2\/product\/200\/revisions"}],"wp:featuredmedia":[{"embeddable":true,"href":"https:\/\/dev.wptheme.store\/s\/wpquat\/wp-json\/wp\/v2\/media\/201"}],"wp:attachment":[{"href":"https:\/\/dev.wptheme.store\/s\/wpquat\/wp-json\/wp\/v2\/media?parent=200"}],"wp:term":[{"taxonomy":"product_cat","embeddable":true,"href":"https:\/\/dev.wptheme.store\/s\/wpquat\/wp-json\/wp\/v2\/product_cat?post=200"},{"taxonomy":"product_tag","embeddable":true,"href":"https:\/\/dev.wptheme.store\/s\/wpquat\/wp-json\/wp\/v2\/product_tag?post=200"},{"taxonomy":"ztteam_product_brand","embeddable":true,"href":"https:\/\/dev.wptheme.store\/s\/wpquat\/wp-json\/wp\/v2\/ztteam_product_brand?post=200"}],"curies":[{"name":"wp","href":"https:\/\/api.w.org\/{rel}","templated":true}]}}