{"id":250,"date":"2026-03-16T08:51:08","date_gmt":"2026-03-16T01:51:08","guid":{"rendered":"https:\/\/dev.wptheme.store\/s\/wpquat\/product\/quat-dung-cong-nghiep-phun-suong-650\/"},"modified":"2026-03-16T08:51:08","modified_gmt":"2026-03-16T01:51:08","slug":"quat-dung-cong-nghiep-phun-suong-650","status":"publish","type":"product","link":"https:\/\/dev.wptheme.store\/s\/wpquat\/product\/quat-dung-cong-nghiep-phun-suong-650\/","title":{"rendered":"Qu\u1ea1t \u0110\u1ee9ng C\u00f4ng Nghi\u1ec7p Phun S\u01b0\u01a1ng 650"},"content":{"rendered":"<p class=\"mb-4 leading-relaxed\">Qu\u1ea1t \u0111\u1ee9ng c\u00f4ng nghi\u1ec7p phun s\u01b0\u01a1ng 650 ViFan l\u00e0 thi\u1ebft b\u1ecb l\u00e0m m\u00e1t l\u00fd t\u01b0\u1edfng cho nh\u1eefng kh\u00f4ng gian v\u1eeba v\u00e0 \u0111\u00f4ng ng\u01b0\u1eddi nh\u01b0 qu\u00e1n \u0103n, qu\u00e1n c\u00e0 ph\u00ea, nh\u00e0 h\u00e0ng, x\u01b0\u1edfng s\u1ea3n xu\u1ea5t hay c\u00e1c s\u1ef1 ki\u1ec7n ngo\u00e0i tr\u1eddi. V\u1edbi thi\u1ebft k\u1ebf hi\u1ec7n \u0111\u1ea1i, c\u00f4ng su\u1ea5t m\u1ea1nh m\u1ebd v\u00e0 t\u00edch h\u1ee3p ch\u1ee9c n\u0103ng phun s\u01b0\u01a1ng, s\u1ea3n ph\u1ea9m mang \u0111\u1ebfn hi\u1ec7u qu\u1ea3 l\u00e0m m\u00e1t nhanh ch\u00f3ng, ti\u1ebft ki\u1ec7m \u0111i\u1ec7n v\u00e0 v\u1eadn h\u00e0nh \u1ed5n \u0111\u1ecbnh trong th\u1eddi gian d\u00e0i.<\/p>\n<h2 class=\"py-2 my-4 text-2xl font-bold border-green-500 border-y border-opacity-10\">Th\u00f4ng s\u1ed1 k\u1ef9 thu\u1eadt qu\u1ea1t \u0111\u1ee9ng c\u00f4ng nghi\u1ec7p phun s\u01b0\u01a1ng 650<\/h2>\n<ul class=\"mb-4 space-y-1 list-none\">\n<li class=\"flex items-center gap-3 leading-relaxed text-gray-800 \"><div class=\"flex items-center justify-center w-5 h-5 bg-red-100 rounded-full shrink-0\"><svg class=\"w-3 h-3 text-red-600\" fill=\"none\" stroke=\"currentColor\" stroke- viewBox=\"0 0 24 24\"><path stroke-linecap=\"round\" stroke-linejoin=\"round\" d=\"M5 13l4 4L19 7\" \/><\/svg><\/div><div class=\"flex-1\">M\u00e3 s\u1ea3n ph\u1ea9m: PS-650<\/div><\/li>\n<li class=\"flex items-center gap-3 leading-relaxed text-gray-800 \"><div class=\"flex items-center justify-center w-5 h-5 bg-red-100 rounded-full shrink-0\"><svg class=\"w-3 h-3 text-red-600\" fill=\"none\" stroke=\"currentColor\" stroke- viewBox=\"0 0 24 24\"><path stroke-linecap=\"round\" stroke-linejoin=\"round\" d=\"M5 13l4 4L19 7\" \/><\/svg><\/div><div class=\"flex-1\">Th\u01b0\u01a1ng hi\u1ec7u: ViFan<\/div><\/li>\n<li class=\"flex items-center gap-3 leading-relaxed text-gray-800 \"><div class=\"flex items-center justify-center w-5 h-5 bg-red-100 rounded-full shrink-0\"><svg class=\"w-3 h-3 text-red-600\" fill=\"none\" stroke=\"currentColor\" stroke- viewBox=\"0 0 24 24\"><path stroke-linecap=\"round\" stroke-linejoin=\"round\" d=\"M5 13l4 4L19 7\" \/><\/svg><\/div><div class=\"flex-1\">S\u1ea3i c\u00e1nh: 650 mm<\/div><\/li>\n<li class=\"flex items-center gap-3 leading-relaxed text-gray-800 \"><div class=\"flex items-center justify-center w-5 h-5 bg-red-100 rounded-full shrink-0\"><svg class=\"w-3 h-3 text-red-600\" fill=\"none\" stroke=\"currentColor\" stroke- viewBox=\"0 0 24 24\"><path stroke-linecap=\"round\" stroke-linejoin=\"round\" d=\"M5 13l4 4L19 7\" \/><\/svg><\/div><div class=\"flex-1\">C\u00f4ng su\u1ea5t: 260W<\/div><\/li>\n<li class=\"flex items-center gap-3 leading-relaxed text-gray-800 \"><div class=\"flex items-center justify-center w-5 h-5 bg-red-100 rounded-full shrink-0\"><svg class=\"w-3 h-3 text-red-600\" fill=\"none\" stroke=\"currentColor\" stroke- viewBox=\"0 0 24 24\"><path stroke-linecap=\"round\" stroke-linejoin=\"round\" d=\"M5 13l4 4L19 7\" \/><\/svg><\/div><div class=\"flex-1\">Di\u1ec7n t\u00edch l\u00e0m m\u00e1t: kho\u1ea3ng 25 m\u00b2<\/div><\/li>\n<li class=\"flex items-center gap-3 leading-relaxed text-gray-800 \"><div class=\"flex items-center justify-center w-5 h-5 bg-red-100 rounded-full shrink-0\"><svg class=\"w-3 h-3 text-red-600\" fill=\"none\" stroke=\"currentColor\" stroke- viewBox=\"0 0 24 24\"><path stroke-linecap=\"round\" stroke-linejoin=\"round\" d=\"M5 13l4 4L19 7\" \/><\/svg><\/div><div class=\"flex-1\">\u0110i\u1ec7n \u00e1p s\u1eed d\u1ee5ng: 220V \u2013 50Hz<\/div><\/li>\n<li class=\"flex items-center gap-3 leading-relaxed text-gray-800 \"><div class=\"flex items-center justify-center w-5 h-5 bg-red-100 rounded-full shrink-0\"><svg class=\"w-3 h-3 text-red-600\" fill=\"none\" stroke=\"currentColor\" stroke- viewBox=\"0 0 24 24\"><path stroke-linecap=\"round\" stroke-linejoin=\"round\" d=\"M5 13l4 4L19 7\" \/><\/svg><\/div><div class=\"flex-1\">T\u1ed1c \u0111\u1ed9 gi\u00f3: 3 c\u1ea5p \u0111\u1ed9 \u0111i\u1ec1u ch\u1ec9nh linh ho\u1ea1t<\/div><\/li>\n<li class=\"flex items-center gap-3 leading-relaxed text-gray-800 \"><div class=\"flex items-center justify-center w-5 h-5 bg-red-100 rounded-full shrink-0\"><svg class=\"w-3 h-3 text-red-600\" fill=\"none\" stroke=\"currentColor\" stroke- viewBox=\"0 0 24 24\"><path stroke-linecap=\"round\" stroke-linejoin=\"round\" d=\"M5 13l4 4L19 7\" \/><\/svg><\/div><div class=\"flex-1\">Ch\u1ea5t li\u1ec7u th\u00e2n v\u1ecf: K\u1ebft h\u1ee3p kim lo\u1ea1i v\u00e0 nh\u1ef1a b\u1ec1n ch\u1eafc<\/div><\/li>\n<li class=\"flex items-center gap-3 leading-relaxed text-gray-800 \"><div class=\"flex items-center justify-center w-5 h-5 bg-red-100 rounded-full shrink-0\"><svg class=\"w-3 h-3 text-red-600\" fill=\"none\" stroke=\"currentColor\" stroke- viewBox=\"0 0 24 24\"><path stroke-linecap=\"round\" stroke-linejoin=\"round\" d=\"M5 13l4 4L19 7\" \/><\/svg><\/div><div class=\"flex-1\">\u0110\u1ed9ng c\u01a1: Qu\u1ea5n d\u00e2y \u0111\u1ed3ng, ho\u1ea1t \u0111\u1ed9ng b\u1ec1n b\u1ec9, \u00edt sinh nhi\u1ec7t<\/div><\/li>\n<li class=\"flex items-center gap-3 leading-relaxed text-gray-800 \"><div class=\"flex items-center justify-center w-5 h-5 bg-red-100 rounded-full shrink-0\"><svg class=\"w-3 h-3 text-red-600\" fill=\"none\" stroke=\"currentColor\" stroke- viewBox=\"0 0 24 24\"><path stroke-linecap=\"round\" stroke-linejoin=\"round\" d=\"M5 13l4 4L19 7\" \/><\/svg><\/div><div class=\"flex-1\">Ch\u1ee9c n\u0103ng phun s\u01b0\u01a1ng: L\u00e0m m\u00e1t k\u1ebft h\u1ee3p t\u1ea1o \u0111\u1ed9 \u1ea9m nh\u1eb9 cho kh\u00f4ng kh\u00ed<\/div><\/li>\n<li class=\"flex items-center gap-3 leading-relaxed text-gray-800 \"><div class=\"flex items-center justify-center w-5 h-5 bg-red-100 rounded-full shrink-0\"><svg class=\"w-3 h-3 text-red-600\" fill=\"none\" stroke=\"currentColor\" stroke- viewBox=\"0 0 24 24\"><path stroke-linecap=\"round\" stroke-linejoin=\"round\" d=\"M5 13l4 4L19 7\" \/><\/svg><\/div><div class=\"flex-1\">B\u1ea3o h\u00e0nh: 12 th\u00e1ng ch\u00ednh h\u00e3ng<\/div><\/li>\n<li class=\"flex items-center gap-3 leading-relaxed text-gray-800 \"><div class=\"flex items-center justify-center w-5 h-5 bg-red-100 rounded-full shrink-0\"><svg class=\"w-3 h-3 text-red-600\" fill=\"none\" stroke=\"currentColor\" stroke- viewBox=\"0 0 24 24\"><path stroke-linecap=\"round\" stroke-linejoin=\"round\" d=\"M5 13l4 4L19 7\" \/><\/svg><\/div><div class=\"flex-1\">Xu\u1ea5t x\u1ee9: Trung Qu\u1ed1c<\/div><\/li>\n<\/ul>\n<figure class=\"my-6 text-center\"><img><figcaption>H\u00ecnh \u1ea2nh Qu\u1ea1t \u0110\u1ee9ng C\u00f4ng Nghi\u1ec7p Phun S\u01b0\u01a1ng 650<\/figcaption><\/figure>\n<h2 class=\"py-2 my-4 text-2xl font-bold border-green-500 border-y border-opacity-10\">Ch\u1ee9c n\u0103ng n\u1ed5i b\u1eadt c\u1ee7a qu\u1ea1t \u0111\u1ee9ng c\u00f4ng nghi\u1ec7p phun s\u01b0\u01a1ng 650<\/h2>\n<p class=\"mb-4 leading-relaxed\">Qu\u1ea1t \u0111\u01b0\u1ee3c trang b\u1ecb c\u00e1nh qu\u1ea1t \u0111\u01b0\u1eddng k\u00ednh l\u1edbn 650mm, t\u1ea1o lu\u1ed3ng gi\u00f3 m\u1ea1nh v\u00e0 xa, gi\u00fap l\u00e0m m\u00e1t nhanh v\u00e0 \u0111\u1ec1u kh\u1eafp kh\u00f4ng gian. B\u00ean c\u1ea1nh \u0111\u00f3, ch\u1ee9c n\u0103ng phun s\u01b0\u01a1ng ho\u1ea1t \u0111\u1ed9ng hi\u1ec7u qu\u1ea3, gi\u00fap h\u1ea1 nhi\u1ec7t \u0111\u1ed9 m\u00f4i tr\u01b0\u1eddng t\u1eeb 3\u20135\u00b0C, \u0111\u1ed3ng th\u1eddi duy tr\u00ec \u0111\u1ed9 \u1ea9m ph\u00f9 h\u1ee3p, h\u1ea1n ch\u1ebf kh\u00f4 da, kh\u00f4 m\u0169i trong \u0111i\u1ec1u ki\u1ec7n th\u1eddi ti\u1ebft n\u00f3ng b\u1ee9c.<\/p>\n<p class=\"mb-4 leading-relaxed\">H\u1ec7 th\u1ed1ng c\u00f4ng t\u1eafc 3 t\u1ed1c \u0111\u1ed9 gi\u00f3 cho ph\u00e9p ng\u01b0\u1eddi d\u00f9ng d\u1ec5 d\u00e0ng \u0111i\u1ec1u ch\u1ec9nh l\u01b0u l\u01b0\u1ee3ng gi\u00f3 ph\u00f9 h\u1ee3p v\u1edbi t\u1eebng nhu c\u1ea7u s\u1eed d\u1ee5ng. Ch\u00e2n \u0111\u1ebf ch\u1eafc ch\u1eafn, th\u00e2n qu\u1ea1t \u0111i\u1ec1u ch\u1ec9nh \u0111\u01b0\u1ee3c \u0111\u1ed9 cao gi\u00fap t\u0103ng t\u00ednh linh ho\u1ea1t khi l\u1eafp \u0111\u1eb7t \u1edf nhi\u1ec1u v\u1ecb tr\u00ed kh\u00e1c nhau.<\/p>\n<h2 class=\"py-2 my-4 text-2xl font-bold border-green-500 border-y border-opacity-10\">L\u1ee3i \u00edch khi s\u1eed d\u1ee5ng qu\u1ea1t c\u00f4ng nghi\u1ec7p phun s\u01b0\u01a1ng 650<\/h2>\n<p class=\"mb-4 leading-relaxed\">L\u00e0m m\u00e1t nhanh, hi\u1ec7u qu\u1ea3 cho kh\u00f4ng gian t\u1eeb 20\u201325 m\u00b2<\/p>\n<p class=\"mb-4 leading-relaxed\">Ti\u1ebft ki\u1ec7m \u0111i\u1ec7n n\u0103ng nh\u1edd c\u00f4ng su\u1ea5t v\u1eeba ph\u1ea3i 260W<\/p>\n<p class=\"mb-4 leading-relaxed\">Gi\u1ea3m nhi\u1ec7t, t\u0103ng \u0111\u1ed9 \u1ea9m kh\u00f4ng kh\u00ed m\u00e0 kh\u00f4ng g\u00e2y \u1ea9m \u01b0\u1edbt s\u00e0n nh\u00e0 hay thi\u1ebft b\u1ecb<\/p>\n<p class=\"mb-4 leading-relaxed\">V\u1eadn h\u00e0nh \u00eam \u00e1i, \u0111\u1ed9 \u1ed3n th\u1ea5p, kh\u00f4ng g\u00e2y \u1ea3nh h\u01b0\u1edfng t\u1edbi m\u00f4i tr\u01b0\u1eddng xung quanh<\/p>\n<p class=\"mb-4 leading-relaxed\">D\u1ec5 d\u00e0ng di chuy\u1ec3n v\u00e0 l\u1eafp \u0111\u1eb7t t\u1ea1i nhi\u1ec1u v\u1ecb tr\u00ed kh\u00e1c nhau trong nh\u00e0 x\u01b0\u1edfng, qu\u00e1n \u0103n, ho\u1eb7c khu v\u1ef1c b\u00e1n ngo\u00e0i tr\u1eddi<\/p>\n<p class=\"mb-4 leading-relaxed\">T\u0103ng s\u1ef1 tho\u1ea3i m\u00e1i cho kh\u00e1ch h\u00e0ng v\u00e0 ng\u01b0\u1eddi lao \u0111\u1ed9ng, \u0111\u1eb7c bi\u1ec7t v\u00e0o m\u00f9a h\u00e8 n\u00f3ng n\u1ef1c<\/p>\n<h2 class=\"py-2 my-4 text-2xl font-bold border-green-500 border-y border-opacity-10\">ViFan \u2013 \u0110\u1ecba ch\u1ec9 uy t\u00edn cung c\u1ea5p qu\u1ea1t c\u00f4ng nghi\u1ec7p phun s\u01b0\u01a1ng<\/h2>\n<p class=\"mb-4 leading-relaxed\">ViFan l\u00e0 th\u01b0\u01a1ng hi\u1ec7u \u0111\u01b0\u1ee3c nhi\u1ec1u ng\u01b0\u1eddi ti\u00eau d\u00f9ng tin t\u01b0\u1edfng trong l\u0129nh v\u1ef1c cung c\u1ea5p thi\u1ebft b\u1ecb l\u00e0m m\u00e1t c\u00f4ng nghi\u1ec7p. S\u1ea3n ph\u1ea9m <a href=\"https:\/\/quatcongnghiepvifan.com\/quat-phun-suong-cong-nghiep\/\" class=\"text-red-900\">qu\u1ea1t c\u00f4ng nghi\u1ec7p phun s\u01b0\u01a1ng<\/a> kh\u00f4ng ch\u1ec9 \u0111\u1ea1t ti\u00eau chu\u1ea9n v\u1ec1 ch\u1ea5t l\u01b0\u1ee3ng, hi\u1ec7u n\u0103ng m\u00e0 c\u00f2n c\u00f3 gi\u00e1 th\u00e0nh h\u1ee3p l\u00fd, ph\u00f9 h\u1ee3p v\u1edbi nhu c\u1ea7u s\u1eed d\u1ee5ng th\u1ef1c t\u1ebf c\u1ee7a nh\u00e0 x\u01b0\u1edfng, c\u01a1 s\u1edf kinh doanh v\u00e0 h\u1ed9 gia \u0111\u00ecnh.<\/p>\n<p class=\"mb-4 leading-relaxed\">V\u1edbi ch\u00ednh s\u00e1ch b\u1ea3o h\u00e0nh 12 th\u00e1ng, h\u1ed7 tr\u1ee3 t\u01b0 v\u1ea5n l\u1ef1a ch\u1ecdn s\u1ea3n ph\u1ea9m v\u00e0 giao h\u00e0ng t\u1eadn n\u01a1i, ViFan cam k\u1ebft mang \u0111\u1ebfn gi\u1ea3i ph\u00e1p l\u00e0m m\u00e1t hi\u1ec7u qu\u1ea3, b\u1ec1n b\u1ec9 v\u00e0 ti\u1ebft ki\u1ec7m cho m\u1ecdi kh\u00e1ch h\u00e0ng.<\/p>\n<p class=\"mb-4 leading-relaxed\">T\u00ecm hi\u1ec3u th\u00eam s\u1ea3n ph\u1ea9m kh\u00e1c:<\/p>\n<p class=\"mb-4 leading-relaxed\"><a href=\"https:\/\/quatcongnghiepvifan.com\/quat-dung-cong-nghiep-phun-suong-550\/\" class=\"text-red-900\">Qu\u1ea1t \u0110\u1ee9ng C\u00f4ng Nghi\u1ec7p Phun S\u01b0\u01a1ng 550<\/a><\/p>\n<p class=\"mb-4 leading-relaxed\"><a href=\"https:\/\/quatcongnghiepvifan.com\/quat-dung-cong-nghiep-phun-suong-750\/\" class=\"text-red-900\">Qu\u1ea1t \u0110\u1ee9ng C\u00f4ng Nghi\u1ec7p Phun S\u01b0\u01a1ng 750<\/a><\/p>\n","protected":false},"excerpt":{"rendered":"<div class=\"my-4 overflow-hidden bg-white rounded-lg shadow-xl \"><div class=\"overflow-x-auto\"><table class=\"min-w-full\" class=\"min-w-full\">\n<tbody class=\"bg-white divide-y divide-gray-100 \" class=\"bg-white divide-y divide-gray-100 \">\n<tr class=\"transition-all duration-200 ease-in-out group hover:bg-red-50 \" class=\"transition-all duration-200 ease-in-out group hover:bg-red-50 \">\n<td class=\"px-2 py-2 text-sm text-gray-700 transition-colors duration-200 group-hover:text-gray-900 \" class=\"px-2 py-2 text-sm text-gray-700 transition-colors duration-200 group-hover:text-gray-900 \"><strong class=\"font-cal-sans\">M\u00e3 s\u1ea3n ph\u1ea9m<\/strong><\/td>\n<td class=\"px-2 py-2 text-sm text-gray-700 transition-colors duration-200 group-hover:text-gray-900 \" class=\"px-2 py-2 text-sm text-gray-700 transition-colors duration-200 group-hover:text-gray-900 \">:<\/td>\n<td class=\"px-2 py-2 text-sm text-gray-700 transition-colors duration-200 group-hover:text-gray-900 \" class=\"px-2 py-2 text-sm text-gray-700 transition-colors duration-200 group-hover:text-gray-900 \">PS- 650<\/td>\n<\/tr>\n<tr class=\"transition-all duration-200 ease-in-out group hover:bg-red-50 \" class=\"transition-all duration-200 ease-in-out group hover:bg-red-50 \">\n<td class=\"px-2 py-2 text-sm text-gray-700 transition-colors duration-200 group-hover:text-gray-900 \" class=\"px-2 py-2 text-sm text-gray-700 transition-colors duration-200 group-hover:text-gray-900 \"><strong class=\"font-cal-sans\">Th\u01b0\u01a1ng hi\u1ec7u<\/strong><\/td>\n<td class=\"px-2 py-2 text-sm text-gray-700 transition-colors duration-200 group-hover:text-gray-900 \" class=\"px-2 py-2 text-sm text-gray-700 transition-colors duration-200 group-hover:text-gray-900 \">:<\/td>\n<td class=\"px-2 py-2 text-sm text-gray-700 transition-colors duration-200 group-hover:text-gray-900 \" class=\"px-2 py-2 text-sm text-gray-700 transition-colors duration-200 group-hover:text-gray-900 \">ViFan<\/td>\n<\/tr>\n<tr class=\"transition-all duration-200 ease-in-out group hover:bg-red-50 \" class=\"transition-all duration-200 ease-in-out group hover:bg-red-50 \">\n<td class=\"px-2 py-2 text-sm text-gray-700 transition-colors duration-200 group-hover:text-gray-900 \" class=\"px-2 py-2 text-sm text-gray-700 transition-colors duration-200 group-hover:text-gray-900 \"><strong class=\"font-cal-sans\">S\u1ea3i C\u00e1nh<\/strong><\/td>\n<td class=\"px-2 py-2 text-sm text-gray-700 transition-colors duration-200 group-hover:text-gray-900 \" class=\"px-2 py-2 text-sm text-gray-700 transition-colors duration-200 group-hover:text-gray-900 \">:<\/td>\n<td class=\"px-2 py-2 text-sm text-gray-700 transition-colors duration-200 group-hover:text-gray-900 \" class=\"px-2 py-2 text-sm text-gray-700 transition-colors duration-200 group-hover:text-gray-900 \">650 mm<\/td>\n<\/tr>\n<tr class=\"transition-all duration-200 ease-in-out group hover:bg-red-50 \" class=\"transition-all duration-200 ease-in-out group hover:bg-red-50 \">\n<td class=\"px-2 py-2 text-sm text-gray-700 transition-colors duration-200 group-hover:text-gray-900 \" class=\"px-2 py-2 text-sm text-gray-700 transition-colors duration-200 group-hover:text-gray-900 \"><strong class=\"font-cal-sans\">C\u00f4ng su\u1ea5t<\/strong><\/td>\n<td class=\"px-2 py-2 text-sm text-gray-700 transition-colors duration-200 group-hover:text-gray-900 \" class=\"px-2 py-2 text-sm text-gray-700 transition-colors duration-200 group-hover:text-gray-900 \">:<\/td>\n<td class=\"px-2 py-2 text-sm text-gray-700 transition-colors duration-200 group-hover:text-gray-900 \" class=\"px-2 py-2 text-sm text-gray-700 transition-colors duration-200 group-hover:text-gray-900 \">260 W<\/td>\n<\/tr>\n<tr class=\"transition-all duration-200 ease-in-out group hover:bg-red-50 \" class=\"transition-all duration-200 ease-in-out group hover:bg-red-50 \">\n<td class=\"px-2 py-2 text-sm text-gray-700 transition-colors duration-200 group-hover:text-gray-900 \" class=\"px-2 py-2 text-sm text-gray-700 transition-colors duration-200 group-hover:text-gray-900 \"><strong class=\"font-cal-sans\">Di\u1ec7n t\u00edch l\u00e0m m\u00e1t<\/strong><\/td>\n<td class=\"px-2 py-2 text-sm text-gray-700 transition-colors duration-200 group-hover:text-gray-900 \" class=\"px-2 py-2 text-sm text-gray-700 transition-colors duration-200 group-hover:text-gray-900 \">:<\/td>\n<td class=\"px-2 py-2 text-sm text-gray-700 transition-colors duration-200 group-hover:text-gray-900 \" class=\"px-2 py-2 text-sm text-gray-700 transition-colors duration-200 group-hover:text-gray-900 \">25 m2<\/td>\n<\/tr>\n<tr class=\"transition-all duration-200 ease-in-out group hover:bg-red-50 \" class=\"transition-all duration-200 ease-in-out group hover:bg-red-50 \">\n<td class=\"px-2 py-2 text-sm text-gray-700 transition-colors duration-200 group-hover:text-gray-900 \" class=\"px-2 py-2 text-sm text-gray-700 transition-colors duration-200 group-hover:text-gray-900 \"><strong class=\"font-cal-sans\">B\u1ea3o h\u00e0nh<\/strong><\/td>\n<td class=\"px-2 py-2 text-sm text-gray-700 transition-colors duration-200 group-hover:text-gray-900 \" class=\"px-2 py-2 text-sm text-gray-700 transition-colors duration-200 group-hover:text-gray-900 \">:<\/td>\n<td class=\"px-2 py-2 text-sm text-gray-700 transition-colors duration-200 group-hover:text-gray-900 \" class=\"px-2 py-2 text-sm text-gray-700 transition-colors duration-200 group-hover:text-gray-900 \">12 th\u00e1ng<\/td>\n<\/tr>\n<tr class=\"transition-all duration-200 ease-in-out group hover:bg-red-50 \" class=\"transition-all duration-200 ease-in-out group hover:bg-red-50 \">\n<td class=\"px-2 py-2 text-sm text-gray-700 transition-colors duration-200 group-hover:text-gray-900 \" class=\"px-2 py-2 text-sm text-gray-700 transition-colors duration-200 group-hover:text-gray-900 \"><strong class=\"font-cal-sans\">Xu\u1ea5t x\u1ee9<\/strong><\/td>\n<td class=\"px-2 py-2 text-sm text-gray-700 transition-colors duration-200 group-hover:text-gray-900 \" class=\"px-2 py-2 text-sm text-gray-700 transition-colors duration-200 group-hover:text-gray-900 \">:<\/td>\n<td class=\"px-2 py-2 text-sm text-gray-700 transition-colors duration-200 group-hover:text-gray-900 \" class=\"px-2 py-2 text-sm text-gray-700 transition-colors duration-200 group-hover:text-gray-900 \">Trung Qu\u1ed1c<\/td>\n<\/tr>\n<\/tbody>\n<\/table><\/div><\/div>\n","protected":false},"featured_media":251,"template":"","meta":{"footnotes":""},"product_cat":[17],"product_tag":[],"ztteam_product_brand":[],"class_list":["post-250","product","type-product","status-publish","has-post-thumbnail","hentry","product_cat-quat-phun-suong-cong-nghiep"],"meta_box":{"_sku":"PS- 650","_regular_price":"14209905","_sale_price":"11670397","_price":"11670397","_stock_status":"instock","_stock":"50","_manage_stock":"1","_weight":"","_length":"","_width":"","_height":"","_product_image_gallery":[{"width":150,"height":150,"file":"2026\/03\/quat-dung-cong-nghiep-phun-suong-650.png","filesize":67883,"sizes":[],"image_meta":{"aperture":"0","credit":"","camera":"","caption":"","created_timestamp":"0","copyright":"","focal_length":"0","iso":"0","shutter_speed":"0","title":"","orientation":"0","keywords":[]},"ID":"251","name":"quat-dung-cong-nghiep-phun-suong-650.png","path":"\/home\/dev.wptheme.store\/public_html\/s\/wpquat\/wp-content\/uploads\/2026\/03\/quat-dung-cong-nghiep-phun-suong-650.png","url":"https:\/\/dev.wptheme.store\/s\/wpquat\/wp-content\/uploads\/2026\/03\/quat-dung-cong-nghiep-phun-suong-650.png","full_url":"https:\/\/dev.wptheme.store\/s\/wpquat\/wp-content\/uploads\/2026\/03\/quat-dung-cong-nghiep-phun-suong-650.png","title":"Qu\u1ea1t \u0110\u1ee9ng C\u00f4ng Nghi\u1ec7p Phun S\u01b0\u01a1ng 650","caption":"","description":"","alt":"","srcset":false}],"_featured":"0","_visibility":"visible","_virtual":"","_downloadable":"","product_type":"simple","product_attributes":[],"color_variations":[],"size_variations":[],"storage_variations":[],"material_variations":[]},"_links":{"self":[{"href":"https:\/\/dev.wptheme.store\/s\/wpquat\/wp-json\/wp\/v2\/product\/250","targetHints":{"allow":["GET"]}}],"collection":[{"href":"https:\/\/dev.wptheme.store\/s\/wpquat\/wp-json\/wp\/v2\/product"}],"about":[{"href":"https:\/\/dev.wptheme.store\/s\/wpquat\/wp-json\/wp\/v2\/types\/product"}],"version-history":[{"count":0,"href":"https:\/\/dev.wptheme.store\/s\/wpquat\/wp-json\/wp\/v2\/product\/250\/revisions"}],"wp:featuredmedia":[{"embeddable":true,"href":"https:\/\/dev.wptheme.store\/s\/wpquat\/wp-json\/wp\/v2\/media\/251"}],"wp:attachment":[{"href":"https:\/\/dev.wptheme.store\/s\/wpquat\/wp-json\/wp\/v2\/media?parent=250"}],"wp:term":[{"taxonomy":"product_cat","embeddable":true,"href":"https:\/\/dev.wptheme.store\/s\/wpquat\/wp-json\/wp\/v2\/product_cat?post=250"},{"taxonomy":"product_tag","embeddable":true,"href":"https:\/\/dev.wptheme.store\/s\/wpquat\/wp-json\/wp\/v2\/product_tag?post=250"},{"taxonomy":"ztteam_product_brand","embeddable":true,"href":"https:\/\/dev.wptheme.store\/s\/wpquat\/wp-json\/wp\/v2\/ztteam_product_brand?post=250"}],"curies":[{"name":"wp","href":"https:\/\/api.w.org\/{rel}","templated":true}]}}