{"id":44,"date":"2026-03-16T08:48:53","date_gmt":"2026-03-16T01:48:53","guid":{"rendered":"https:\/\/dev.wptheme.store\/s\/wpquat\/product\/may-lam-mat-cong-nghiep-di-dong-aircooler-23000\/"},"modified":"2026-03-16T08:48:53","modified_gmt":"2026-03-16T01:48:53","slug":"may-lam-mat-cong-nghiep-di-dong-aircooler-23000","status":"publish","type":"product","link":"https:\/\/dev.wptheme.store\/s\/wpquat\/product\/may-lam-mat-cong-nghiep-di-dong-aircooler-23000\/","title":{"rendered":"M\u00e1y L\u00e0m M\u00e1t C\u00f4ng Nghi\u1ec7p Di \u0110\u1ed9ng Aircooler 23000"},"content":{"rendered":"<p class=\"mb-4 leading-relaxed\">M\u00e1y l\u00e0m m\u00e1t c\u00f4ng nghi\u1ec7p di \u0111\u1ed9ng Aircooler 23000 l\u00e0 thi\u1ebft b\u1ecb l\u00e0m m\u00e1t hi\u1ec7u su\u1ea5t cao, chuy\u00ean d\u1ee5ng cho c\u00e1c kh\u00f4ng gian c\u00f4ng nghi\u1ec7p nh\u01b0 nh\u00e0 x\u01b0\u1edfng, kho b\u00e3i, khu v\u1ef1c s\u1ea3n xu\u1ea5t ho\u1eb7c n\u01a1i \u0111\u00f4ng ng\u01b0\u1eddi. V\u1edbi c\u00f4ng su\u1ea5t m\u1ea1nh m\u1ebd v\u00e0 kh\u1ea3 n\u0103ng l\u00e0m m\u00e1t nhanh, Aircooler 23000 gi\u00fap c\u1ea3i thi\u1ec7n m\u00f4i tr\u01b0\u1eddng l\u00e0m vi\u1ec7c, gi\u1ea3m nhi\u1ec7t \u0111\u1ed9 hi\u1ec7u qu\u1ea3, ti\u1ebft ki\u1ec7m \u0111i\u1ec7n n\u0103ng so v\u1edbi \u0111i\u1ec1u h\u00f2a truy\u1ec1n th\u1ed1ng.<\/p>\n<h2 class=\"py-2 my-4 text-2xl font-bold border-green-500 border-y border-opacity-10\">Th\u00f4ng s\u1ed1 k\u1ef9 thu\u1eadt m\u00e1y l\u00e0m m\u00e1t c\u00f4ng nghi\u1ec7p di \u0111\u1ed9ng Aircooler 23000<\/h2>\n<ul class=\"mb-4 space-y-1 list-none\">\n<li class=\"flex items-center gap-3 leading-relaxed text-gray-800 \"><div class=\"flex items-center justify-center w-5 h-5 bg-red-100 rounded-full shrink-0\"><svg class=\"w-3 h-3 text-red-600\" fill=\"none\" stroke=\"currentColor\" stroke- viewBox=\"0 0 24 24\"><path stroke-linecap=\"round\" stroke-linejoin=\"round\" d=\"M5 13l4 4L19 7\" \/><\/svg><\/div><div class=\"flex-1\">Model: VF23<\/div><\/li>\n<li class=\"flex items-center gap-3 leading-relaxed text-gray-800 \"><div class=\"flex items-center justify-center w-5 h-5 bg-red-100 rounded-full shrink-0\"><svg class=\"w-3 h-3 text-red-600\" fill=\"none\" stroke=\"currentColor\" stroke- viewBox=\"0 0 24 24\"><path stroke-linecap=\"round\" stroke-linejoin=\"round\" d=\"M5 13l4 4L19 7\" \/><\/svg><\/div><div class=\"flex-1\">L\u01b0u l\u01b0\u1ee3ng gi\u00f3: 22.000 \u2013 23.000 m\u00b3\/h<\/div><\/li>\n<li class=\"flex items-center gap-3 leading-relaxed text-gray-800 \"><div class=\"flex items-center justify-center w-5 h-5 bg-red-100 rounded-full shrink-0\"><svg class=\"w-3 h-3 text-red-600\" fill=\"none\" stroke=\"currentColor\" stroke- viewBox=\"0 0 24 24\"><path stroke-linecap=\"round\" stroke-linejoin=\"round\" d=\"M5 13l4 4L19 7\" \/><\/svg><\/div><div class=\"flex-1\">C\u00f4ng su\u1ea5t motor: 1.5 kW (1500W)<\/div><\/li>\n<li class=\"flex items-center gap-3 leading-relaxed text-gray-800 \"><div class=\"flex items-center justify-center w-5 h-5 bg-red-100 rounded-full shrink-0\"><svg class=\"w-3 h-3 text-red-600\" fill=\"none\" stroke=\"currentColor\" stroke- viewBox=\"0 0 24 24\"><path stroke-linecap=\"round\" stroke-linejoin=\"round\" d=\"M5 13l4 4L19 7\" \/><\/svg><\/div><div class=\"flex-1\">\u0110i\u1ec7n \u00e1p: 220V ho\u1eb7c 380V \/ 50Hz<\/div><\/li>\n<li class=\"flex items-center gap-3 leading-relaxed text-gray-800 \"><div class=\"flex items-center justify-center w-5 h-5 bg-red-100 rounded-full shrink-0\"><svg class=\"w-3 h-3 text-red-600\" fill=\"none\" stroke=\"currentColor\" stroke- viewBox=\"0 0 24 24\"><path stroke-linecap=\"round\" stroke-linejoin=\"round\" d=\"M5 13l4 4L19 7\" \/><\/svg><\/div><div class=\"flex-1\">L\u01b0\u1ee3ng n\u01b0\u1edbc ti\u00eau th\u1ee5: 10 \u2013 15 l\u00edt\/gi\u1edd<\/div><\/li>\n<li class=\"flex items-center gap-3 leading-relaxed text-gray-800 \"><div class=\"flex items-center justify-center w-5 h-5 bg-red-100 rounded-full shrink-0\"><svg class=\"w-3 h-3 text-red-600\" fill=\"none\" stroke=\"currentColor\" stroke- viewBox=\"0 0 24 24\"><path stroke-linecap=\"round\" stroke-linejoin=\"round\" d=\"M5 13l4 4L19 7\" \/><\/svg><\/div><div class=\"flex-1\">Th\u1ec3 t\u00edch b\u00ecnh ch\u1ee9a n\u01b0\u1edbc: 25 \u2013 150 l\u00edt (t\u00f9y phi\u00ean b\u1ea3n)<\/div><\/li>\n<li class=\"flex items-center gap-3 leading-relaxed text-gray-800 \"><div class=\"flex items-center justify-center w-5 h-5 bg-red-100 rounded-full shrink-0\"><svg class=\"w-3 h-3 text-red-600\" fill=\"none\" stroke=\"currentColor\" stroke- viewBox=\"0 0 24 24\"><path stroke-linecap=\"round\" stroke-linejoin=\"round\" d=\"M5 13l4 4L19 7\" \/><\/svg><\/div><div class=\"flex-1\">Di\u1ec7n t\u00edch l\u00e0m m\u00e1t hi\u1ec7u qu\u1ea3: 100 \u2013 200 m\u00b2<\/div><\/li>\n<li class=\"flex items-center gap-3 leading-relaxed text-gray-800 \"><div class=\"flex items-center justify-center w-5 h-5 bg-red-100 rounded-full shrink-0\"><svg class=\"w-3 h-3 text-red-600\" fill=\"none\" stroke=\"currentColor\" stroke- viewBox=\"0 0 24 24\"><path stroke-linecap=\"round\" stroke-linejoin=\"round\" d=\"M5 13l4 4L19 7\" \/><\/svg><\/div><div class=\"flex-1\">K\u00edch th\u01b0\u1edbc m\u00e1y (DxRxC): 1900 x 1200 x 1200 mm<\/div><\/li>\n<li class=\"flex items-center gap-3 leading-relaxed text-gray-800 \"><div class=\"flex items-center justify-center w-5 h-5 bg-red-100 rounded-full shrink-0\"><svg class=\"w-3 h-3 text-red-600\" fill=\"none\" stroke=\"currentColor\" stroke- viewBox=\"0 0 24 24\"><path stroke-linecap=\"round\" stroke-linejoin=\"round\" d=\"M5 13l4 4L19 7\" \/><\/svg><\/div><div class=\"flex-1\">Tr\u1ecdng l\u01b0\u1ee3ng: kho\u1ea3ng 85 \u2013 100 kg<\/div><\/li>\n<li class=\"flex items-center gap-3 leading-relaxed text-gray-800 \"><div class=\"flex items-center justify-center w-5 h-5 bg-red-100 rounded-full shrink-0\"><svg class=\"w-3 h-3 text-red-600\" fill=\"none\" stroke=\"currentColor\" stroke- viewBox=\"0 0 24 24\"><path stroke-linecap=\"round\" stroke-linejoin=\"round\" d=\"M5 13l4 4L19 7\" \/><\/svg><\/div><div class=\"flex-1\">C\u1ea5u t\u1ea1o: V\u1ecf nh\u1ef1a ABS ho\u1eb7c PP ch\u1ecbu l\u1ef1c cao c\u1ea5p<\/div><\/li>\n<li class=\"flex items-center gap-3 leading-relaxed text-gray-800 \"><div class=\"flex items-center justify-center w-5 h-5 bg-red-100 rounded-full shrink-0\"><svg class=\"w-3 h-3 text-red-600\" fill=\"none\" stroke=\"currentColor\" stroke- viewBox=\"0 0 24 24\"><path stroke-linecap=\"round\" stroke-linejoin=\"round\" d=\"M5 13l4 4L19 7\" \/><\/svg><\/div><div class=\"flex-1\">\u0110\u1ed9ng c\u01a1: 100% d\u00e2y \u0111\u1ed3ng, ho\u1ea1t \u0111\u1ed9ng b\u1ec1n b\u1ec9, ti\u1ebft ki\u1ec7m \u0111i\u1ec7n<\/div><\/li>\n<li class=\"flex items-center gap-3 leading-relaxed text-gray-800 \"><div class=\"flex items-center justify-center w-5 h-5 bg-red-100 rounded-full shrink-0\"><svg class=\"w-3 h-3 text-red-600\" fill=\"none\" stroke=\"currentColor\" stroke- viewBox=\"0 0 24 24\"><path stroke-linecap=\"round\" stroke-linejoin=\"round\" d=\"M5 13l4 4L19 7\" \/><\/svg><\/div><div class=\"flex-1\">T\u1ea5m l\u00e0m m\u00e1t (Cooling Pad): Ch\u1ea5t li\u1ec7u g\u1ed7 s\u1ed3i t\u1ef1 nhi\u00ean, ph\u1ee7 l\u1edbp kh\u00e1ng khu\u1ea9n<\/div><\/li>\n<li class=\"flex items-center gap-3 leading-relaxed text-gray-800 \"><div class=\"flex items-center justify-center w-5 h-5 bg-red-100 rounded-full shrink-0\"><svg class=\"w-3 h-3 text-red-600\" fill=\"none\" stroke=\"currentColor\" stroke- viewBox=\"0 0 24 24\"><path stroke-linecap=\"round\" stroke-linejoin=\"round\" d=\"M5 13l4 4L19 7\" \/><\/svg><\/div><div class=\"flex-1\">\u0110\u1ed9 \u1ed3n: D\u01b0\u1edbi 75 dB (t\u00f9y ch\u1ebf \u0111\u1ed9 gi\u00f3)<\/div><\/li>\n<\/ul>\n<figure class=\"my-6 text-center\"><img><figcaption>H\u00ecnh \u1ea2nh M\u00e1y L\u00e0m M\u00e1t C\u00f4ng Nghi\u1ec7p Di \u0110\u1ed9ng Aircooler 23000<\/figcaption><\/figure>\n<h2 class=\"py-2 my-4 text-2xl font-bold border-green-500 border-y border-opacity-10\">\u01afu \u0111i\u1ec3m n\u1ed5i b\u1eadt <span>m\u00e1y l\u00e0m m\u00e1t c\u00f4ng nghi\u1ec7p air cooler <\/span>23000<\/h2>\n<p class=\"mb-4 leading-relaxed\">L\u00e0m m\u00e1t nhanh, ti\u1ebft ki\u1ec7m \u0111i\u1ec7n n\u0103ng: Gi\u1ea3m nhi\u1ec7t \u0111\u1ed9 5 \u2013 10\u00b0C trong th\u1eddi gian ng\u1eafn, ti\u00eau t\u1ed1n \u0111i\u1ec7n ch\u1ec9 b\u1eb1ng 1\/10 so v\u1edbi m\u00e1y l\u1ea1nh.<\/p>\n<p class=\"mb-4 leading-relaxed\">D\u1ec5 d\u00e0ng di chuy\u1ec3n: Thi\u1ebft k\u1ebf 4 b\u00e1nh xe ch\u1ecbu l\u1ef1c, linh ho\u1ea1t \u0111\u01b0a \u0111\u1ebfn c\u00e1c v\u1ecb tr\u00ed kh\u00e1c nhau trong nh\u00e0 x\u01b0\u1edfng.<\/p>\n<p class=\"mb-4 leading-relaxed\">L\u1ecdc s\u1ea1ch kh\u00f4ng kh\u00ed: L\u01b0\u1edbi l\u1ecdc b\u1ee5i k\u1ebft h\u1ee3p v\u1edbi t\u1ea5m cooling pad gi\u00fap l\u1ecdc b\u1ee5i m\u1ecbn, m\u00f9i h\u00f4i v\u00e0 vi khu\u1ea9n.<\/p>\n<p class=\"mb-4 leading-relaxed\">Thi\u1ebft k\u1ebf th\u00f4ng minh, d\u1ec5 v\u1ec7 sinh: N\u1eafp m\u1edf d\u1ec5 th\u00e1o l\u1eafp, thu\u1eadn ti\u1ec7n cho vi\u1ec7c b\u1ea3o tr\u00ec \u0111\u1ecbnh k\u1ef3.<\/p>\n<p class=\"mb-4 leading-relaxed\">Ho\u1ea1t \u0111\u1ed9ng \u1ed5n \u0111\u1ecbnh, \u0111\u1ed9 b\u1ec1n cao: \u0110\u1ed9ng c\u01a1 m\u1ea1nh m\u1ebd, ph\u00f9 h\u1ee3p v\u1edbi c\u01b0\u1eddng \u0111\u1ed9 s\u1eed d\u1ee5ng li\u00ean t\u1ee5c.<\/p>\n<p class=\"mb-4 leading-relaxed\">&nbsp;<\/p>\n<figure class=\"my-6 text-center\"><img><figcaption>M\u00e1y L\u00e0m M\u00e1t C\u00f4ng Nghi\u1ec7p Di \u0110\u1ed9ng Aircooler 23000<\/figcaption><\/figure>\n<h2 class=\"py-2 my-4 text-2xl font-bold border-green-500 border-y border-opacity-10\">\u1ee8ng d\u1ee5ng th\u1ef1c ti\u1ec5n c\u1ee7a Aircooler 23000<\/h2>\n<p class=\"mb-4 leading-relaxed\">Aircooler 23000 l\u00e0 gi\u1ea3i ph\u00e1p l\u00e0m m\u00e1t t\u1ed1i \u01b0u, ph\u00f9 h\u1ee3p v\u1edbi nhi\u1ec1u lo\u1ea1i h\u00ecnh kh\u00f4ng gian nh\u1edd kh\u1ea3 n\u0103ng l\u00e0m m\u00e1t nhanh, l\u01b0u l\u01b0\u1ee3ng gi\u00f3 l\u1edbn v\u00e0 d\u1ec5 di chuy\u1ec3n. S\u1ea3n ph\u1ea9m \u0111\u01b0\u1ee3c \u1ee9ng d\u1ee5ng r\u1ed9ng r\u00e3i trong c\u00e1c l\u0129nh v\u1ef1c sau:<\/p>\n<p class=\"mb-4 leading-relaxed\">Nh\u00e0 x\u01b0\u1edfng s\u1ea3n xu\u1ea5t, khu c\u00f4ng nghi\u1ec7p: Gi\u00fap h\u1ea1 nhi\u1ec7t nhanh ch\u00f3ng, t\u1ea1o m\u00f4i tr\u01b0\u1eddng l\u00e0m vi\u1ec7c tho\u1ea3i m\u00e1i, n\u00e2ng cao hi\u1ec7u su\u1ea5t lao \u0111\u1ed9ng v\u00e0 b\u1ea3o v\u1ec7 m\u00e1y m\u00f3c kh\u1ecfi t\u00ecnh tr\u1ea1ng qu\u00e1 nhi\u1ec7t.<\/p>\n<p class=\"mb-4 leading-relaxed\">X\u01b0\u1edfng may, nh\u00e0 kho, khu ch\u1ebf bi\u1ebfn th\u1ef1c ph\u1ea9m: \u0110\u1ea3m b\u1ea3o kh\u00f4ng kh\u00ed lu\u00f4n th\u00f4ng tho\u00e1ng, gi\u1ea3m b\u1ee5i, m\u00f9i v\u00e0 h\u1ed7 tr\u1ee3 b\u1ea3o qu\u1ea3n nguy\u00ean v\u1eadt li\u1ec7u hi\u1ec7u qu\u1ea3 h\u01a1n.<\/p>\n<p class=\"mb-4 leading-relaxed\">H\u1ed9i tr\u01b0\u1eddng, khu v\u1ef1c t\u1ed5 ch\u1ee9c s\u1ef1 ki\u1ec7n ngo\u00e0i tr\u1eddi: L\u00e0m m\u00e1t kh\u00f4ng gian m\u1edf nhanh ch\u00f3ng, t\u1ea1o c\u1ea3m gi\u00e1c d\u1ec5 ch\u1ecbu cho ng\u01b0\u1eddi tham gia, \u0111\u1eb7c bi\u1ec7t trong th\u1eddi ti\u1ebft n\u1eafng n\u00f3ng.<\/p>\n<p class=\"mb-4 leading-relaxed\">Nh\u00e0 ch\u1edd, gara \u00f4 t\u00f4, nh\u00e0 \u0103n c\u00f4ng nh\u00e2n: Gi\u1eef cho kh\u00f4ng gian m\u00e1t m\u1ebb, h\u1ea1n ch\u1ebf m\u00f9i kh\u00f3 ch\u1ecbu v\u00e0 gi\u00fap c\u1ea3i thi\u1ec7n ch\u1ea5t l\u01b0\u1ee3ng kh\u00f4ng kh\u00ed t\u1ea1i c\u00e1c khu v\u1ef1c c\u00f3 m\u1eadt \u0111\u1ed9 ng\u01b0\u1eddi cao.<\/p>\n<p class=\"mb-4 leading-relaxed\">C\u00e1c khu v\u1ef1c r\u1ed9ng c\u1ea7n l\u00e0m m\u00e1t c\u1ee5c b\u1ed9: L\u00e0 l\u1ef1a ch\u1ecdn thay th\u1ebf hi\u1ec7u qu\u1ea3 cho \u0111i\u1ec1u h\u00f2a truy\u1ec1n th\u1ed1ng v\u1edbi chi ph\u00ed v\u1eadn h\u00e0nh th\u1ea5p, d\u1ec5 l\u1eafp \u0111\u1eb7t v\u00e0 kh\u00f4ng c\u1ea7n h\u1ec7 th\u1ed1ng d\u1eabn gi\u00f3 ph\u1ee9c t\u1ea1p.<\/p>\n<p class=\"mb-4 leading-relaxed\">T\u00ecm hi\u00eau th\u00eam c\u00e1c model kh\u00e1c:<\/p>\n<p class=\"mb-4 leading-relaxed\"><a href=\"https:\/\/quatcongnghiepvifan.com\/may-lam-mat-cong-nghiep-di-dong-aircooler-18000\/\" class=\"text-red-900\">M\u00e1y L\u00e0m M\u00e1t C\u00f4ng Nghi\u1ec7p Di \u0110\u1ed9ng Aircooler 18000<\/a><\/p>\n<p class=\"mb-4 leading-relaxed\"><a href=\"https:\/\/quatcongnghiepvifan.com\/may-lam-mat-cong-nghiep-co-dinh-aircooler-50000\/\" class=\"text-red-900\">M\u00e1y L\u00e0m M\u00e1t C\u00f4ng Nghi\u1ec7p C\u1ed1 \u0110\u1ecbnh Aircooler 50000<\/a><\/p>\n","protected":false},"excerpt":{"rendered":"<div class=\"my-4 overflow-hidden bg-white rounded-lg shadow-xl \"><div class=\"overflow-x-auto\"><table class=\"min-w-full\" class=\"min-w-full\">\n<tbody class=\"bg-white divide-y divide-gray-100 \" class=\"bg-white divide-y divide-gray-100 \">\n<tr class=\"transition-all duration-200 ease-in-out group hover:bg-red-50 \" class=\"transition-all duration-200 ease-in-out group hover:bg-red-50 \">\n<td class=\"px-2 py-2 text-sm text-gray-700 transition-colors duration-200 group-hover:text-gray-900 \" class=\"px-2 py-2 text-sm text-gray-700 transition-colors duration-200 group-hover:text-gray-900 \"><strong class=\"font-cal-sans\">M\u00e3 s\u1ea3n ph\u1ea9m<\/strong><\/td>\n<td class=\"px-2 py-2 text-sm text-gray-700 transition-colors duration-200 group-hover:text-gray-900 \" class=\"px-2 py-2 text-sm text-gray-700 transition-colors duration-200 group-hover:text-gray-900 \">:<\/td>\n<td class=\"px-2 py-2 text-sm text-gray-700 transition-colors duration-200 group-hover:text-gray-900 \" class=\"px-2 py-2 text-sm text-gray-700 transition-colors duration-200 group-hover:text-gray-900 \">VF 23<\/td>\n<\/tr>\n<tr class=\"transition-all duration-200 ease-in-out group hover:bg-red-50 \" class=\"transition-all duration-200 ease-in-out group hover:bg-red-50 \">\n<td class=\"px-2 py-2 text-sm text-gray-700 transition-colors duration-200 group-hover:text-gray-900 \" class=\"px-2 py-2 text-sm text-gray-700 transition-colors duration-200 group-hover:text-gray-900 \"><strong class=\"font-cal-sans\">Th\u01b0\u01a1ng hi\u1ec7u<\/strong><\/td>\n<td class=\"px-2 py-2 text-sm text-gray-700 transition-colors duration-200 group-hover:text-gray-900 \" class=\"px-2 py-2 text-sm text-gray-700 transition-colors duration-200 group-hover:text-gray-900 \">:<\/td>\n<td class=\"px-2 py-2 text-sm text-gray-700 transition-colors duration-200 group-hover:text-gray-900 \" class=\"px-2 py-2 text-sm text-gray-700 transition-colors duration-200 group-hover:text-gray-900 \">Aircooler<\/td>\n<\/tr>\n<tr class=\"transition-all duration-200 ease-in-out group hover:bg-red-50 \" class=\"transition-all duration-200 ease-in-out group hover:bg-red-50 \">\n<td class=\"px-2 py-2 text-sm text-gray-700 transition-colors duration-200 group-hover:text-gray-900 \" class=\"px-2 py-2 text-sm text-gray-700 transition-colors duration-200 group-hover:text-gray-900 \"><strong class=\"font-cal-sans\">K\u00edch th\u01b0\u1edbc<\/strong><\/td>\n<td class=\"px-2 py-2 text-sm text-gray-700 transition-colors duration-200 group-hover:text-gray-900 \" class=\"px-2 py-2 text-sm text-gray-700 transition-colors duration-200 group-hover:text-gray-900 \">:<\/td>\n<td class=\"px-2 py-2 text-sm text-gray-700 transition-colors duration-200 group-hover:text-gray-900 \" class=\"px-2 py-2 text-sm text-gray-700 transition-colors duration-200 group-hover:text-gray-900 \">1100x1100x1950 mm<\/td>\n<\/tr>\n<tr class=\"transition-all duration-200 ease-in-out group hover:bg-red-50 \" class=\"transition-all duration-200 ease-in-out group hover:bg-red-50 \">\n<td class=\"px-2 py-2 text-sm text-gray-700 transition-colors duration-200 group-hover:text-gray-900 \" class=\"px-2 py-2 text-sm text-gray-700 transition-colors duration-200 group-hover:text-gray-900 \"><strong class=\"font-cal-sans\">C\u00f4ng su\u1ea5t<\/strong><\/td>\n<td class=\"px-2 py-2 text-sm text-gray-700 transition-colors duration-200 group-hover:text-gray-900 \" class=\"px-2 py-2 text-sm text-gray-700 transition-colors duration-200 group-hover:text-gray-900 \">:<\/td>\n<td class=\"px-2 py-2 text-sm text-gray-700 transition-colors duration-200 group-hover:text-gray-900 \" class=\"px-2 py-2 text-sm text-gray-700 transition-colors duration-200 group-hover:text-gray-900 \">1.5 Kw<\/td>\n<\/tr>\n<tr class=\"transition-all duration-200 ease-in-out group hover:bg-red-50 \" class=\"transition-all duration-200 ease-in-out group hover:bg-red-50 \">\n<td class=\"px-2 py-2 text-sm text-gray-700 transition-colors duration-200 group-hover:text-gray-900 \" class=\"px-2 py-2 text-sm text-gray-700 transition-colors duration-200 group-hover:text-gray-900 \"><strong class=\"font-cal-sans\">L\u01b0u l\u01b0\u1ee3ng<\/strong><\/td>\n<td class=\"px-2 py-2 text-sm text-gray-700 transition-colors duration-200 group-hover:text-gray-900 \" class=\"px-2 py-2 text-sm text-gray-700 transition-colors duration-200 group-hover:text-gray-900 \">:<\/td>\n<td class=\"px-2 py-2 text-sm text-gray-700 transition-colors duration-200 group-hover:text-gray-900 \" class=\"px-2 py-2 text-sm text-gray-700 transition-colors duration-200 group-hover:text-gray-900 \">23.000 m3\/h<\/td>\n<\/tr>\n<tr class=\"transition-all duration-200 ease-in-out group hover:bg-red-50 \" class=\"transition-all duration-200 ease-in-out group hover:bg-red-50 \">\n<td class=\"px-2 py-2 text-sm text-gray-700 transition-colors duration-200 group-hover:text-gray-900 \" class=\"px-2 py-2 text-sm text-gray-700 transition-colors duration-200 group-hover:text-gray-900 \"><strong class=\"font-cal-sans\">B\u1ea3o h\u00e0nh<\/strong><\/td>\n<td class=\"px-2 py-2 text-sm text-gray-700 transition-colors duration-200 group-hover:text-gray-900 \" class=\"px-2 py-2 text-sm text-gray-700 transition-colors duration-200 group-hover:text-gray-900 \">:<\/td>\n<td class=\"px-2 py-2 text-sm text-gray-700 transition-colors duration-200 group-hover:text-gray-900 \" class=\"px-2 py-2 text-sm text-gray-700 transition-colors duration-200 group-hover:text-gray-900 \">12 th\u00e1ng<\/td>\n<\/tr>\n<tr class=\"transition-all duration-200 ease-in-out group hover:bg-red-50 \" class=\"transition-all duration-200 ease-in-out group hover:bg-red-50 \">\n<td class=\"px-2 py-2 text-sm text-gray-700 transition-colors duration-200 group-hover:text-gray-900 \" class=\"px-2 py-2 text-sm text-gray-700 transition-colors duration-200 group-hover:text-gray-900 \"><strong class=\"font-cal-sans\">Xu\u1ea5t x\u1ee9<\/strong><\/td>\n<td class=\"px-2 py-2 text-sm text-gray-700 transition-colors duration-200 group-hover:text-gray-900 \" class=\"px-2 py-2 text-sm text-gray-700 transition-colors duration-200 group-hover:text-gray-900 \">:<\/td>\n<td class=\"px-2 py-2 text-sm text-gray-700 transition-colors duration-200 group-hover:text-gray-900 \" class=\"px-2 py-2 text-sm text-gray-700 transition-colors duration-200 group-hover:text-gray-900 \">Vi\u1ec7t nam<\/td>\n<\/tr>\n<\/tbody>\n<\/table><\/div><\/div>\n","protected":false},"featured_media":45,"template":"","meta":{"footnotes":""},"product_cat":[6],"product_tag":[],"ztteam_product_brand":[],"class_list":["post-44","product","type-product","status-publish","has-post-thumbnail","hentry","product_cat-may-lam-mat-cong-nghiep"],"meta_box":{"_sku":"VF 23","_regular_price":"12518078","_sale_price":"10337467","_price":"10337467","_stock_status":"instock","_stock":"50","_manage_stock":"1","_weight":"","_length":"","_width":"","_height":"","_product_image_gallery":[{"width":150,"height":150,"file":"2026\/03\/may-lam-mat-cong-nghiep-aircooler-23000.png","filesize":112341,"sizes":[],"image_meta":{"aperture":"0","credit":"","camera":"","caption":"","created_timestamp":"0","copyright":"","focal_length":"0","iso":"0","shutter_speed":"0","title":"","orientation":"0","keywords":[]},"ID":"45","name":"may-lam-mat-cong-nghiep-aircooler-23000.png","path":"\/home\/dev.wptheme.store\/public_html\/s\/wpquat\/wp-content\/uploads\/2026\/03\/may-lam-mat-cong-nghiep-aircooler-23000.png","url":"https:\/\/dev.wptheme.store\/s\/wpquat\/wp-content\/uploads\/2026\/03\/may-lam-mat-cong-nghiep-aircooler-23000.png","full_url":"https:\/\/dev.wptheme.store\/s\/wpquat\/wp-content\/uploads\/2026\/03\/may-lam-mat-cong-nghiep-aircooler-23000.png","title":"M\u00e1y L\u00e0m M\u00e1t C\u00f4ng Nghi\u1ec7p Di \u0110\u1ed9ng Aircooler 23000","caption":"","description":"","alt":"","srcset":false}],"_featured":"0","_visibility":"visible","_virtual":"","_downloadable":"","product_type":"simple","product_attributes":[],"color_variations":[],"size_variations":[],"storage_variations":[],"material_variations":[]},"_links":{"self":[{"href":"https:\/\/dev.wptheme.store\/s\/wpquat\/wp-json\/wp\/v2\/product\/44","targetHints":{"allow":["GET"]}}],"collection":[{"href":"https:\/\/dev.wptheme.store\/s\/wpquat\/wp-json\/wp\/v2\/product"}],"about":[{"href":"https:\/\/dev.wptheme.store\/s\/wpquat\/wp-json\/wp\/v2\/types\/product"}],"version-history":[{"count":0,"href":"https:\/\/dev.wptheme.store\/s\/wpquat\/wp-json\/wp\/v2\/product\/44\/revisions"}],"wp:featuredmedia":[{"embeddable":true,"href":"https:\/\/dev.wptheme.store\/s\/wpquat\/wp-json\/wp\/v2\/media\/45"}],"wp:attachment":[{"href":"https:\/\/dev.wptheme.store\/s\/wpquat\/wp-json\/wp\/v2\/media?parent=44"}],"wp:term":[{"taxonomy":"product_cat","embeddable":true,"href":"https:\/\/dev.wptheme.store\/s\/wpquat\/wp-json\/wp\/v2\/product_cat?post=44"},{"taxonomy":"product_tag","embeddable":true,"href":"https:\/\/dev.wptheme.store\/s\/wpquat\/wp-json\/wp\/v2\/product_tag?post=44"},{"taxonomy":"ztteam_product_brand","embeddable":true,"href":"https:\/\/dev.wptheme.store\/s\/wpquat\/wp-json\/wp\/v2\/ztteam_product_brand?post=44"}],"curies":[{"name":"wp","href":"https:\/\/api.w.org\/{rel}","templated":true}]}}