{"id":54,"date":"2026-03-16T08:49:00","date_gmt":"2026-03-16T01:49:00","guid":{"rendered":"https:\/\/dev.wptheme.store\/s\/wpquat\/product\/quat-cat-gio-1m2\/"},"modified":"2026-03-16T08:49:00","modified_gmt":"2026-03-16T01:49:00","slug":"quat-cat-gio-1m2","status":"publish","type":"product","link":"https:\/\/dev.wptheme.store\/s\/wpquat\/product\/quat-cat-gio-1m2\/","title":{"rendered":"Qu\u1ea1t C\u1eaft Gi\u00f3 1M2"},"content":{"rendered":"<p class=\"mb-4 leading-relaxed\">ViFan l\u00e0 m\u1ed9t th\u01b0\u01a1ng hi\u1ec7u n\u1ed5i ti\u1ebfng chuy\u00ean cung c\u1ea5p c\u00e1c thi\u1ebft b\u1ecb qu\u1ea1t c\u00f4ng nghi\u1ec7p ch\u1ea5t l\u01b0\u1ee3ng, trong \u0111\u00f3 qu\u1ea1t c\u1eaft gi\u00f3 1m2 ViFan FM-1212 l\u00e0 s\u1ea3n ph\u1ea9m ti\u00eau bi\u1ec3u \u0111\u01b0\u1ee3c \u01b0a chu\u1ed9ng trong c\u00e1c kh\u00f4ng gian s\u1eed d\u1ee5ng \u0111i\u1ec1u h\u00f2a. C\u00e1c s\u1ea3n ph\u1ea9m c\u1ee7a ViFan lu\u00f4n mang \u0111\u1ebfn cho ng\u01b0\u1eddi ti\u00eau d\u00f9ng s\u1ef1 k\u1ebft h\u1ee3p ho\u00e0n h\u1ea3o gi\u1eefa hi\u1ec7u su\u1ea5t l\u00e0m vi\u1ec7c m\u1ea1nh m\u1ebd v\u00e0 ti\u1ebft ki\u1ec7m n\u0103ng l\u01b0\u1ee3ng, \u0111\u1ea3m b\u1ea3o c\u00f4ng n\u0103ng v\u00e0 s\u1ef1 b\u1ec1n b\u1ec9 theo th\u1eddi gian.<\/p>\n<h2 class=\"py-2 my-4 text-2xl font-bold border-green-500 border-y border-opacity-10\">Th\u00f4ng s\u1ed1 k\u1ef9 thu\u1eadt qu\u1ea1t c\u1eaft gi\u00f3 1M2 ViFan FM-1212<\/h2>\n<ul class=\"mb-4 space-y-1 list-none\">\n<li class=\"flex items-center gap-3 leading-relaxed text-gray-800 \"><div class=\"flex items-center justify-center w-5 h-5 bg-red-100 rounded-full shrink-0\"><svg class=\"w-3 h-3 text-red-600\" fill=\"none\" stroke=\"currentColor\" stroke- viewBox=\"0 0 24 24\"><path stroke-linecap=\"round\" stroke-linejoin=\"round\" d=\"M5 13l4 4L19 7\" \/><\/svg><\/div><div class=\"flex-1\">M\u00e3 S\u1ea3n Ph\u1ea9m: FM-1212<\/div><\/li>\n<li class=\"flex items-center gap-3 leading-relaxed text-gray-800 \"><div class=\"flex items-center justify-center w-5 h-5 bg-red-100 rounded-full shrink-0\"><svg class=\"w-3 h-3 text-red-600\" fill=\"none\" stroke=\"currentColor\" stroke- viewBox=\"0 0 24 24\"><path stroke-linecap=\"round\" stroke-linejoin=\"round\" d=\"M5 13l4 4L19 7\" \/><\/svg><\/div><div class=\"flex-1\">Th\u01b0\u01a1ng Hi\u1ec7u: ViFan<\/div><\/li>\n<li class=\"flex items-center gap-3 leading-relaxed text-gray-800 \"><div class=\"flex items-center justify-center w-5 h-5 bg-red-100 rounded-full shrink-0\"><svg class=\"w-3 h-3 text-red-600\" fill=\"none\" stroke=\"currentColor\" stroke- viewBox=\"0 0 24 24\"><path stroke-linecap=\"round\" stroke-linejoin=\"round\" d=\"M5 13l4 4L19 7\" \/><\/svg><\/div><div class=\"flex-1\">Chi\u1ec1u D\u00e0i: 1.2 m<\/div><\/li>\n<li class=\"flex items-center gap-3 leading-relaxed text-gray-800 \"><div class=\"flex items-center justify-center w-5 h-5 bg-red-100 rounded-full shrink-0\"><svg class=\"w-3 h-3 text-red-600\" fill=\"none\" stroke=\"currentColor\" stroke- viewBox=\"0 0 24 24\"><path stroke-linecap=\"round\" stroke-linejoin=\"round\" d=\"M5 13l4 4L19 7\" \/><\/svg><\/div><div class=\"flex-1\">C\u00f4ng Su\u1ea5t: 160 W<\/div><\/li>\n<li class=\"flex items-center gap-3 leading-relaxed text-gray-800 \"><div class=\"flex items-center justify-center w-5 h-5 bg-red-100 rounded-full shrink-0\"><svg class=\"w-3 h-3 text-red-600\" fill=\"none\" stroke=\"currentColor\" stroke- viewBox=\"0 0 24 24\"><path stroke-linecap=\"round\" stroke-linejoin=\"round\" d=\"M5 13l4 4L19 7\" \/><\/svg><\/div><div class=\"flex-1\">L\u01b0u L\u01b0\u1ee3ng Gi\u00f3: 1600 m\u00b3\/h<\/div><\/li>\n<li class=\"flex items-center gap-3 leading-relaxed text-gray-800 \"><div class=\"flex items-center justify-center w-5 h-5 bg-red-100 rounded-full shrink-0\"><svg class=\"w-3 h-3 text-red-600\" fill=\"none\" stroke=\"currentColor\" stroke- viewBox=\"0 0 24 24\"><path stroke-linecap=\"round\" stroke-linejoin=\"round\" d=\"M5 13l4 4L19 7\" \/><\/svg><\/div><div class=\"flex-1\">B\u1ea3o H\u00e0nh: 12 th\u00e1ng<\/div><\/li>\n<li class=\"flex items-center gap-3 leading-relaxed text-gray-800 \"><div class=\"flex items-center justify-center w-5 h-5 bg-red-100 rounded-full shrink-0\"><svg class=\"w-3 h-3 text-red-600\" fill=\"none\" stroke=\"currentColor\" stroke- viewBox=\"0 0 24 24\"><path stroke-linecap=\"round\" stroke-linejoin=\"round\" d=\"M5 13l4 4L19 7\" \/><\/svg><\/div><div class=\"flex-1\">Xu\u1ea5t X\u1ee9: Trung Qu\u1ed1c<\/div><\/li>\n<\/ul>\n<p class=\"mb-4 leading-relaxed\">ViFan \u2013 Th\u01b0\u01a1ng Hi\u1ec7u <a href=\"https:\/\/quatcongnghiepvifan.com\/quat-cat-gio-dieu-hoa\/\" class=\"text-red-900\">Qu\u1ea1t C\u1eaft Gi\u00f3 \u0110i\u1ec1u H\u00f2a<\/a> Uy T\u00edn<\/p>\n<p class=\"mb-4 leading-relaxed\">ViFan l\u00e0 m\u1ed9t trong nh\u1eefng th\u01b0\u01a1ng hi\u1ec7u h\u00e0ng \u0111\u1ea7u v\u1ec1 s\u1ea3n xu\u1ea5t v\u00e0 cung c\u1ea5p c\u00e1c thi\u1ebft b\u1ecb qu\u1ea1t c\u00f4ng nghi\u1ec7p ch\u1ea5t l\u01b0\u1ee3ng cao, \u0111\u1eb7c bi\u1ec7t l\u00e0 c\u00e1c d\u00f2ng s\u1ea3n ph\u1ea9m qu\u1ea1t c\u1eaft gi\u00f3, qu\u1ea1t ch\u1eafn gi\u00f3. C\u00e1c s\u1ea3n ph\u1ea9m c\u1ee7a ViFan \u0111\u01b0\u1ee3c thi\u1ebft k\u1ebf \u0111\u1ec3 t\u1ed1i \u01b0u h\u00f3a hi\u1ec7u su\u1ea5t ho\u1ea1t \u0111\u1ed9ng, ti\u1ebft ki\u1ec7m \u0111i\u1ec7n n\u0103ng v\u00e0 b\u1ea3o v\u1ec7 kh\u00f4ng gian s\u1ed1ng, gi\u00fap duy tr\u00ec m\u00f4i tr\u01b0\u1eddng l\u00e0m vi\u1ec7c m\u00e1t m\u1ebb, d\u1ec5 ch\u1ecbu, \u0111\u1ed3ng th\u1eddi ng\u0103n ch\u1eb7n kh\u00f4ng kh\u00ed n\u00f3ng, b\u1ee5i b\u1ea9n v\u00e0 c\u00f4n tr\u00f9ng x\u00e2m nh\u1eadp.<\/p>\n<h2 class=\"py-2 my-4 text-2xl font-bold border-green-500 border-y border-opacity-10\">\u01afu \u0111i\u1ec3m c\u1ee7a qu\u1ea1t c\u1eaft gi\u00f3 \u0111i\u1ec1u h\u00f2a 1M2 ViFan FM-1212<\/h2>\n<p class=\"mb-4 leading-relaxed\">Ti\u1ebft ki\u1ec7m n\u0103ng l\u01b0\u1ee3ng: V\u1edbi c\u00f4ng su\u1ea5t 160W, qu\u1ea1t c\u1eaft gi\u00f3 1M2 gi\u00fap t\u1ed1i \u01b0u h\u00f3a vi\u1ec7c s\u1eed d\u1ee5ng \u0111i\u1ec1u h\u00f2a, gi\u1ea3m ti\u00eau th\u1ee5 n\u0103ng l\u01b0\u1ee3ng v\u00e0 gi\u1ea3m chi ph\u00ed \u0111i\u1ec7n h\u00e0ng th\u00e1ng.<\/p>\n<p class=\"mb-4 leading-relaxed\">Kh\u1ea3 k\u0103ng ng\u0103n kh\u00ed l\u1ea1nh tho\u00e1t ra: Qu\u1ea1t t\u1ea1o ra m\u1ed9t l\u1edbp ch\u1eafn kh\u00f4ng kh\u00ed v\u1eefng ch\u1eafc, gi\u00fap kh\u00f4ng gian trong ph\u00f2ng lu\u00f4n m\u00e1t m\u1ebb v\u00e0 gi\u1eef nhi\u1ec7t \u0111\u1ed9 \u1ed5n \u0111\u1ecbnh, \u0111\u1eb7c bi\u1ec7t trong nh\u1eefng ng\u00e0y h\u00e8 oi \u1ea3.<\/p>\n<p class=\"mb-4 leading-relaxed\">V\u1eadn h\u00e0nh \u00eam \u00e1i, ti\u1ebft ki\u1ec7m chi ph\u00ed b\u1ea3o d\u01b0\u1ee1ng: S\u1ea3n ph\u1ea9m \u0111\u01b0\u1ee3c thi\u1ebft k\u1ebf v\u1edbi \u0111\u1ed9ng c\u01a1 ho\u1ea1t \u0111\u1ed9ng \u00eam \u00e1i, kh\u00f4ng g\u00e2y \u1ed3n \u00e0o, ph\u00f9 h\u1ee3p v\u1edbi kh\u00f4ng gian l\u00e0m vi\u1ec7c, h\u1ecdc t\u1eadp, v\u00e0 sinh ho\u1ea1t.<\/p>\n<p class=\"mb-4 leading-relaxed\">D\u1ec5 d\u00e0ng l\u1eafp \u0111\u1eb7t v\u00e0 b\u1ea3o tr\u00ec: Thi\u1ebft k\u1ebf nh\u1ecf g\u1ecdn, d\u1ec5 d\u00e0ng l\u1eafp \u0111\u1eb7t t\u1ea1i c\u1eeda ra v\u00e0o m\u00e0 kh\u00f4ng chi\u1ebfm qu\u00e1 nhi\u1ec1u di\u1ec7n t\u00edch. S\u1ea3n ph\u1ea9m c\u0169ng d\u1ec5 d\u00e0ng b\u1ea3o tr\u00ec v\u00e0 v\u1ec7 sinh sau khi s\u1eed d\u1ee5ng.<\/p>\n<p class=\"mb-4 leading-relaxed\">B\u1ea3o h\u00e0nh s\u1ea3n ph\u1ea9m: S\u1ea3n ph\u1ea9m qu\u1ea1t c\u1eaft gi\u00f3 ViFan FM-1212 \u0111i k\u00e8m v\u1edbi ch\u00ednh s\u00e1ch b\u1ea3o h\u00e0nh 12 th\u00e1ng, gi\u00fap ng\u01b0\u1eddi s\u1eed d\u1ee5ng an t\u00e2m v\u1ec1 ch\u1ea5t l\u01b0\u1ee3ng v\u00e0 \u0111\u1ed9 b\u1ec1n. Trong su\u1ed1t th\u1eddi gian b\u1ea3o h\u00e0nh, n\u1ebfu c\u00f3 b\u1ea5t k\u1ef3 s\u1ef1 c\u1ed1 k\u1ef9 thu\u1eadt n\u00e0o, b\u1ea1n s\u1ebd \u0111\u01b0\u1ee3c h\u1ed7 tr\u1ee3 s\u1eeda ch\u1eefa ho\u1eb7c thay th\u1ebf mi\u1ec5n ph\u00ed, \u0111\u1ea3m b\u1ea3o hi\u1ec7u qu\u1ea3 ho\u1ea1t \u0111\u1ed9ng c\u1ee7a thi\u1ebft b\u1ecb.<\/p>\n<figure class=\"my-6 text-center\"><img><figcaption>Qu\u1ea1t C\u1eaft Gi\u00f3 1,2m<\/figcaption><\/figure>\n<h2 class=\"py-2 my-4 text-2xl font-bold border-green-500 border-y border-opacity-10\">Vai tr\u00f2 s\u1eed d\u1ee5ng qu\u1ea1t ch\u1eafn gi\u00f3 \u0111i\u1ec1u h\u00f2a 1M2<\/h2>\n<p class=\"mb-4 leading-relaxed\">Gi\u00fap ti\u1ebft ki\u1ec7m \u0111i\u1ec7n n\u0103ng, gi\u1ea3m chi ph\u00ed \u0111i\u1ec1u h\u00f2a: Qu\u1ea1t c\u1eaft gi\u00f3 ViFan FM-1212 gi\u00fap ng\u0103n ch\u1eb7n kh\u00f4ng kh\u00ed n\u00f3ng t\u1eeb b\u00ean ngo\u00e0i x\u00e2m nh\u1eadp v\u00e0o kh\u00f4ng gian b\u00ean trong, gi\u1ea3m thi\u1ec3u s\u1ef1 t\u00e1c \u0111\u1ed9ng c\u1ee7a nhi\u1ec7t \u0111\u1ed9 m\u00f4i tr\u01b0\u1eddng \u0111\u1ebfn h\u1ec7 th\u1ed1ng \u0111i\u1ec1u h\u00f2a. \u0110i\u1ec1u n\u00e0y gi\u00fap m\u00e1y \u0111i\u1ec1u h\u00f2a l\u00e0m vi\u1ec7c hi\u1ec7u qu\u1ea3 h\u01a1n, gi\u1ea3m thi\u1ec3u th\u1eddi gian ho\u1ea1t \u0111\u1ed9ng v\u00e0 ti\u1ebft ki\u1ec7m \u0111i\u1ec7n n\u0103ng \u0111\u00e1ng k\u1ec3, t\u1eeb \u0111\u00f3 gi\u00fap gi\u1ea3m chi ph\u00ed \u0111i\u1ec7n h\u00e0ng th\u00e1ng.<\/p>\n<p class=\"mb-4 leading-relaxed\">Duy tr\u00ec kh\u00f4ng gian m\u00e1t m\u1ebb, tho\u1ea3i m\u00e1i: V\u1edbi kh\u1ea3 n\u0103ng t\u1ea1o ra m\u1ed9t l\u1edbp ch\u1eafn kh\u00f4ng kh\u00ed v\u1eefng ch\u1eafc, qu\u1ea1t c\u1eaft gi\u00f3 ViFan FM-1212 gi\u00fap duy tr\u00ec m\u1ed9t kh\u00f4ng gian m\u00e1t m\u1ebb v\u00e0 tho\u1ea3i m\u00e1i. B\u1eb1ng c\u00e1ch ng\u0103n kh\u00f4ng kh\u00ed n\u00f3ng t\u1eeb b\u00ean ngo\u00e0i v\u00e0o, s\u1ea3n ph\u1ea9m gi\u00fap duy tr\u00ec nhi\u1ec7t \u0111\u1ed9 trong ph\u00f2ng \u1ed5n \u0111\u1ecbnh, mang l\u1ea1i c\u1ea3m gi\u00e1c d\u1ec5 ch\u1ecbu cho m\u1ecdi ng\u01b0\u1eddi trong kh\u00f4ng gian s\u1ed1ng ho\u1eb7c l\u00e0m vi\u1ec7c.<\/p>\n<p class=\"mb-4 leading-relaxed\">Ng\u0103n c\u1ea3n kh\u00ed n\u00f3ng, b\u1ee5i b\u1ea9n v\u00e0 c\u00f4n tr\u00f9ng x\u00e2m nh\u1eadp: Qu\u1ea1t ch\u1eafn gi\u00f3 1M2 kh\u00f4ng ch\u1ec9 gi\u00fap \u0111i\u1ec1u h\u00f2a kh\u00f4ng kh\u00ed m\u00e0 c\u00f2n b\u1ea3o v\u1ec7 kh\u00f4ng gian kh\u1ecfi nh\u1eefng y\u1ebfu t\u1ed1 kh\u00f4ng mong mu\u1ed1n nh\u01b0 kh\u00ed n\u00f3ng, b\u1ee5i b\u1ea9n hay c\u00f4n tr\u00f9ng. Khi l\u1eafp \u0111\u1eb7t qu\u1ea1t ch\u1eafn gi\u00f3 t\u1ea1i c\u1eeda ra v\u00e0o ho\u1eb7c c\u00e1c khu v\u1ef1c m\u1edf, b\u1ea1n s\u1ebd ng\u0103n ng\u1eeba \u0111\u01b0\u1ee3c s\u1ef1 x\u00e2m nh\u1eadp c\u1ee7a nh\u1eefng y\u1ebfu t\u1ed1 n\u00e0y, gi\u1eef cho kh\u00f4ng gian lu\u00f4n s\u1ea1ch s\u1ebd v\u00e0 d\u1ec5 ch\u1ecbu.<\/p>\n<p class=\"mb-4 leading-relaxed\">D\u1ec5 d\u00e0ng l\u1eafp \u0111\u1eb7t v\u00e0 b\u1ea3o d\u01b0\u1ee1ng, ph\u00f9 h\u1ee3p v\u1edbi nhi\u1ec1u kh\u00f4ng gian: Qu\u1ea1t c\u1eaft gi\u00f3 1M2 c\u00f3 thi\u1ebft k\u1ebf nh\u1ecf g\u1ecdn v\u00e0 d\u1ec5 d\u00e0ng l\u1eafp \u0111\u1eb7t t\u1ea1i c\u00e1c v\u1ecb tr\u00ed c\u1eeda ra v\u00e0o, c\u1eeda s\u1ed5 ho\u1eb7c nh\u1eefng khu v\u1ef1c c\u1ea7n b\u1ea3o v\u1ec7 kh\u00f4ng gian kh\u1ecfi kh\u00ed n\u00f3ng. H\u1ec7 th\u1ed1ng l\u1eafp \u0111\u1eb7t \u0111\u01a1n gi\u1ea3n, kh\u00f4ng y\u00eau c\u1ea7u k\u1ef9 thu\u1eadt ph\u1ee9c t\u1ea1p, v\u00e0 vi\u1ec7c b\u1ea3o d\u01b0\u1ee1ng c\u0169ng r\u1ea5t d\u1ec5 d\u00e0ng. B\u1ea1n ch\u1ec9 c\u1ea7n v\u1ec7 sinh \u0111\u1ecbnh k\u1ef3 \u0111\u1ec3 qu\u1ea1t ho\u1ea1t \u0111\u1ed9ng hi\u1ec7u qu\u1ea3 h\u01a1n. Qu\u1ea1t ph\u00f9 h\u1ee3p v\u1edbi nhi\u1ec1u kh\u00f4ng gian, t\u1eeb c\u00e1c v\u0103n ph\u00f2ng l\u00e0m vi\u1ec7c, nh\u00e0 h\u00e0ng, qu\u00e1n c\u00e0 ph\u00ea \u0111\u1ebfn c\u00e1c trung t\u00e2m th\u01b0\u01a1ng m\u1ea1i.<\/p>\n<h2 class=\"py-2 my-4 text-2xl font-bold border-green-500 border-y border-opacity-10\">\u1ee8ng d\u1ee5ng m\u00e1y c\u1eaft gi\u00f3 1M2 ViFan<\/h2>\n<p class=\"mb-4 leading-relaxed\">V\u0103n ph\u00f2ng, nh\u00e0 h\u00e0ng, qu\u00e1n c\u00e0 ph\u00ea: Qu\u1ea1t t\u1ea1o kh\u00f4ng gian m\u00e1t m\u1ebb, d\u1ec5 ch\u1ecbu, gi\u00fap gi\u1ea3m chi ph\u00ed \u0111i\u1ec1u h\u00f2a, \u0111\u1ed3ng th\u1eddi b\u1ea3o v\u1ec7 kh\u00f4ng gian kh\u1ecfi b\u1ee5i b\u1ea9n v\u00e0 c\u00f4n tr\u00f9ng.<\/p>\n<p class=\"mb-4 leading-relaxed\">C\u1eeda h\u00e0ng, trung t\u00e2m th\u01b0\u01a1ng m\u1ea1i, si\u00eau th\u1ecb: Qu\u1ea1t ch\u1eafn gi\u00f3 1M2 gi\u00fap duy tr\u00ec kh\u00f4ng kh\u00ed m\u00e1t m\u1ebb cho kh\u00e1ch h\u00e0ng, gi\u1eef cho kh\u00f4ng gian lu\u00f4n tho\u1ea3i m\u00e1i v\u00e0 s\u1ea1ch s\u1ebd, \u0111\u1ed3ng th\u1eddi c\u1ea3i thi\u1ec7n hi\u1ec7u qu\u1ea3 l\u00e0m vi\u1ec7c c\u1ee7a h\u1ec7 th\u1ed1ng \u0111i\u1ec1u h\u00f2a.<\/p>\n<p class=\"mb-4 leading-relaxed\">Gian c\u1ea7n ng\u0103n c\u00e1ch kh\u00ed l\u1ea1nh v\u00e0 c\u1ea3i thi\u1ec7n kh\u00f4ng kh\u00ed: Qu\u1ea1t ch\u1eafn gi\u00f3 1m2 gi\u00fap ng\u0103n ng\u1eeba s\u1ef1 x\u00e2m nh\u1eadp c\u1ee7a kh\u00ed n\u00f3ng, duy tr\u00ec nhi\u1ec7t \u0111\u1ed9 \u1ed5n \u0111\u1ecbnh v\u00e0 t\u1ea1o kh\u00f4ng gian s\u1ed1ng ho\u1eb7c l\u00e0m vi\u1ec7c m\u00e1t m\u1ebb, tho\u1ea3i m\u00e1i.<\/p>\n<p class=\"mb-4 leading-relaxed\">V\u1edbi m\u1ee9c gi\u00e1 qu\u1ea1t c\u1eaft gi\u00f3 h\u1ee3p l\u00fd v\u00e0 c\u00e1c t\u00ednh n\u0103ng v\u01b0\u1ee3t tr\u1ed9i, qu\u1ea1t c\u1eaft gi\u00f3 ViFan FM-1212 l\u00e0 s\u1ef1 l\u1ef1a ch\u1ecdn l\u00fd t\u01b0\u1edfng cho nh\u1eefng ai \u0111ang t\u00ecm ki\u1ebfm m\u1ed9t gi\u1ea3i ph\u00e1p hi\u1ec7u qu\u1ea3 \u0111\u1ec3 ti\u1ebft ki\u1ec7m n\u0103ng l\u01b0\u1ee3ng v\u00e0 b\u1ea3o v\u1ec7 kh\u00f4ng gian s\u1ed1ng c\u1ee7a m\u00ecnh.<\/p>\n<p class=\"mb-4 leading-relaxed\">Ngo\u00e0i ra, ch\u00fang t\u00f4i c\u00f2n c\u00f3 c\u00e1c size nh\u01b0:<\/p>\n<p class=\"mb-4 leading-relaxed\"><a href=\"https:\/\/quatcongnghiepvifan.com\/quat-cat-gio-1m\/\" class=\"text-red-900\">Qu\u1ea1t C\u1eaft Gi\u00f3 1M<\/a><\/p>\n<p class=\"mb-4 leading-relaxed\"><a href=\"https:\/\/quatcongnghiepvifan.com\/quat-cat-gio-90cm\/\" class=\"text-red-900\">Qu\u1ea1t C\u1eaft Gi\u00f3 90cm<\/a><\/p>\n","protected":false},"excerpt":{"rendered":"<div class=\"my-4 overflow-hidden bg-white rounded-lg shadow-xl \"><div class=\"overflow-x-auto\"><table class=\"min-w-full\" class=\"min-w-full\">\n<tbody class=\"bg-white divide-y divide-gray-100 \" class=\"bg-white divide-y divide-gray-100 \">\n<tr class=\"transition-all duration-200 ease-in-out group hover:bg-red-50 \" class=\"transition-all duration-200 ease-in-out group hover:bg-red-50 \">\n<td class=\"px-2 py-2 text-sm text-gray-700 transition-colors duration-200 group-hover:text-gray-900 \" class=\"px-2 py-2 text-sm text-gray-700 transition-colors duration-200 group-hover:text-gray-900 \"><strong class=\"font-cal-sans\">M\u00e3 s\u1ea3n ph\u1ea9m<\/strong><\/td>\n<td class=\"px-2 py-2 text-sm text-gray-700 transition-colors duration-200 group-hover:text-gray-900 \" class=\"px-2 py-2 text-sm text-gray-700 transition-colors duration-200 group-hover:text-gray-900 \">:<\/td>\n<td class=\"px-2 py-2 text-sm text-gray-700 transition-colors duration-200 group-hover:text-gray-900 \" class=\"px-2 py-2 text-sm text-gray-700 transition-colors duration-200 group-hover:text-gray-900 \">FM-1212<\/td>\n<\/tr>\n<tr class=\"transition-all duration-200 ease-in-out group hover:bg-red-50 \" class=\"transition-all duration-200 ease-in-out group hover:bg-red-50 \">\n<td class=\"px-2 py-2 text-sm text-gray-700 transition-colors duration-200 group-hover:text-gray-900 \" class=\"px-2 py-2 text-sm text-gray-700 transition-colors duration-200 group-hover:text-gray-900 \"><strong class=\"font-cal-sans\">Th\u01b0\u01a1ng hi\u1ec7u<\/strong><\/td>\n<td class=\"px-2 py-2 text-sm text-gray-700 transition-colors duration-200 group-hover:text-gray-900 \" class=\"px-2 py-2 text-sm text-gray-700 transition-colors duration-200 group-hover:text-gray-900 \">:<\/td>\n<td class=\"px-2 py-2 text-sm text-gray-700 transition-colors duration-200 group-hover:text-gray-900 \" class=\"px-2 py-2 text-sm text-gray-700 transition-colors duration-200 group-hover:text-gray-900 \">ViFan<\/td>\n<\/tr>\n<tr class=\"transition-all duration-200 ease-in-out group hover:bg-red-50 \" class=\"transition-all duration-200 ease-in-out group hover:bg-red-50 \">\n<td class=\"px-2 py-2 text-sm text-gray-700 transition-colors duration-200 group-hover:text-gray-900 \" class=\"px-2 py-2 text-sm text-gray-700 transition-colors duration-200 group-hover:text-gray-900 \"><strong class=\"font-cal-sans\">Chi\u1ec1u d\u00e0i<\/strong><\/td>\n<td class=\"px-2 py-2 text-sm text-gray-700 transition-colors duration-200 group-hover:text-gray-900 \" class=\"px-2 py-2 text-sm text-gray-700 transition-colors duration-200 group-hover:text-gray-900 \">:<\/td>\n<td class=\"px-2 py-2 text-sm text-gray-700 transition-colors duration-200 group-hover:text-gray-900 \" class=\"px-2 py-2 text-sm text-gray-700 transition-colors duration-200 group-hover:text-gray-900 \">1.2 m<\/td>\n<\/tr>\n<tr class=\"transition-all duration-200 ease-in-out group hover:bg-red-50 \" class=\"transition-all duration-200 ease-in-out group hover:bg-red-50 \">\n<td class=\"px-2 py-2 text-sm text-gray-700 transition-colors duration-200 group-hover:text-gray-900 \" class=\"px-2 py-2 text-sm text-gray-700 transition-colors duration-200 group-hover:text-gray-900 \"><strong class=\"font-cal-sans\">C\u00f4ng su\u1ea5t<\/strong><\/td>\n<td class=\"px-2 py-2 text-sm text-gray-700 transition-colors duration-200 group-hover:text-gray-900 \" class=\"px-2 py-2 text-sm text-gray-700 transition-colors duration-200 group-hover:text-gray-900 \">:<\/td>\n<td class=\"px-2 py-2 text-sm text-gray-700 transition-colors duration-200 group-hover:text-gray-900 \" class=\"px-2 py-2 text-sm text-gray-700 transition-colors duration-200 group-hover:text-gray-900 \">160 W<\/td>\n<\/tr>\n<tr class=\"transition-all duration-200 ease-in-out group hover:bg-red-50 \" class=\"transition-all duration-200 ease-in-out group hover:bg-red-50 \">\n<td class=\"px-2 py-2 text-sm text-gray-700 transition-colors duration-200 group-hover:text-gray-900 \" class=\"px-2 py-2 text-sm text-gray-700 transition-colors duration-200 group-hover:text-gray-900 \"><strong class=\"font-cal-sans\">L\u01b0u l\u01b0\u1ee3ng<\/strong><\/td>\n<td class=\"px-2 py-2 text-sm text-gray-700 transition-colors duration-200 group-hover:text-gray-900 \" class=\"px-2 py-2 text-sm text-gray-700 transition-colors duration-200 group-hover:text-gray-900 \">:<\/td>\n<td class=\"px-2 py-2 text-sm text-gray-700 transition-colors duration-200 group-hover:text-gray-900 \" class=\"px-2 py-2 text-sm text-gray-700 transition-colors duration-200 group-hover:text-gray-900 \">1600 m3\/h<\/td>\n<\/tr>\n<tr class=\"transition-all duration-200 ease-in-out group hover:bg-red-50 \" class=\"transition-all duration-200 ease-in-out group hover:bg-red-50 \">\n<td class=\"px-2 py-2 text-sm text-gray-700 transition-colors duration-200 group-hover:text-gray-900 \" class=\"px-2 py-2 text-sm text-gray-700 transition-colors duration-200 group-hover:text-gray-900 \"><strong class=\"font-cal-sans\">B\u1ea3o h\u00e0nh<\/strong><\/td>\n<td class=\"px-2 py-2 text-sm text-gray-700 transition-colors duration-200 group-hover:text-gray-900 \" class=\"px-2 py-2 text-sm text-gray-700 transition-colors duration-200 group-hover:text-gray-900 \">:<\/td>\n<td class=\"px-2 py-2 text-sm text-gray-700 transition-colors duration-200 group-hover:text-gray-900 \" class=\"px-2 py-2 text-sm text-gray-700 transition-colors duration-200 group-hover:text-gray-900 \">12 th\u00e1ng<\/td>\n<\/tr>\n<tr class=\"transition-all duration-200 ease-in-out group hover:bg-red-50 \" class=\"transition-all duration-200 ease-in-out group hover:bg-red-50 \">\n<td class=\"px-2 py-2 text-sm text-gray-700 transition-colors duration-200 group-hover:text-gray-900 \" class=\"px-2 py-2 text-sm text-gray-700 transition-colors duration-200 group-hover:text-gray-900 \"><strong class=\"font-cal-sans\">Xu\u1ea5t x\u1ee9<\/strong><\/td>\n<td class=\"px-2 py-2 text-sm text-gray-700 transition-colors duration-200 group-hover:text-gray-900 \" class=\"px-2 py-2 text-sm text-gray-700 transition-colors duration-200 group-hover:text-gray-900 \">:<\/td>\n<td class=\"px-2 py-2 text-sm text-gray-700 transition-colors duration-200 group-hover:text-gray-900 \" class=\"px-2 py-2 text-sm text-gray-700 transition-colors duration-200 group-hover:text-gray-900 \">Trung Qu\u1ed1c<\/td>\n<\/tr>\n<\/tbody>\n<\/table><\/div><\/div>\n","protected":false},"featured_media":55,"template":"","meta":{"footnotes":""},"product_cat":[7],"product_tag":[],"ztteam_product_brand":[],"class_list":["post-54","product","type-product","status-publish","has-post-thumbnail","hentry","product_cat-quat-cat-gio-dieu-hoa"],"meta_box":{"_sku":"FM-1212","_regular_price":"14475953","_sale_price":"10911841","_price":"10911841","_stock_status":"instock","_stock":"50","_manage_stock":"1","_weight":"","_length":"","_width":"","_height":"","_product_image_gallery":[{"width":150,"height":150,"file":"2026\/03\/quat-chan-gio-1m2.png","filesize":96146,"sizes":[],"image_meta":{"aperture":"0","credit":"","camera":"","caption":"","created_timestamp":"0","copyright":"","focal_length":"0","iso":"0","shutter_speed":"0","title":"","orientation":"0","keywords":[]},"ID":"55","name":"quat-chan-gio-1m2.png","path":"\/home\/dev.wptheme.store\/public_html\/s\/wpquat\/wp-content\/uploads\/2026\/03\/quat-chan-gio-1m2.png","url":"https:\/\/dev.wptheme.store\/s\/wpquat\/wp-content\/uploads\/2026\/03\/quat-chan-gio-1m2.png","full_url":"https:\/\/dev.wptheme.store\/s\/wpquat\/wp-content\/uploads\/2026\/03\/quat-chan-gio-1m2.png","title":"Qu\u1ea1t Ch\u1eafn Gi\u00f3 1M2","caption":"","description":"","alt":"","srcset":false}],"_featured":"0","_visibility":"visible","_virtual":"","_downloadable":"","product_type":"simple","product_attributes":[],"color_variations":[],"size_variations":[],"storage_variations":[],"material_variations":[]},"_links":{"self":[{"href":"https:\/\/dev.wptheme.store\/s\/wpquat\/wp-json\/wp\/v2\/product\/54","targetHints":{"allow":["GET"]}}],"collection":[{"href":"https:\/\/dev.wptheme.store\/s\/wpquat\/wp-json\/wp\/v2\/product"}],"about":[{"href":"https:\/\/dev.wptheme.store\/s\/wpquat\/wp-json\/wp\/v2\/types\/product"}],"version-history":[{"count":0,"href":"https:\/\/dev.wptheme.store\/s\/wpquat\/wp-json\/wp\/v2\/product\/54\/revisions"}],"wp:featuredmedia":[{"embeddable":true,"href":"https:\/\/dev.wptheme.store\/s\/wpquat\/wp-json\/wp\/v2\/media\/55"}],"wp:attachment":[{"href":"https:\/\/dev.wptheme.store\/s\/wpquat\/wp-json\/wp\/v2\/media?parent=54"}],"wp:term":[{"taxonomy":"product_cat","embeddable":true,"href":"https:\/\/dev.wptheme.store\/s\/wpquat\/wp-json\/wp\/v2\/product_cat?post=54"},{"taxonomy":"product_tag","embeddable":true,"href":"https:\/\/dev.wptheme.store\/s\/wpquat\/wp-json\/wp\/v2\/product_tag?post=54"},{"taxonomy":"ztteam_product_brand","embeddable":true,"href":"https:\/\/dev.wptheme.store\/s\/wpquat\/wp-json\/wp\/v2\/ztteam_product_brand?post=54"}],"curies":[{"name":"wp","href":"https:\/\/api.w.org\/{rel}","templated":true}]}}