{"id":60,"date":"2026-03-16T08:49:03","date_gmt":"2026-03-16T01:49:03","guid":{"rendered":"https:\/\/dev.wptheme.store\/s\/wpquat\/product\/quat-cat-gio-60cm\/"},"modified":"2026-03-16T08:49:03","modified_gmt":"2026-03-16T01:49:03","slug":"quat-cat-gio-60cm","status":"publish","type":"product","link":"https:\/\/dev.wptheme.store\/s\/wpquat\/product\/quat-cat-gio-60cm\/","title":{"rendered":"Qu\u1ea1t C\u1eaft Gi\u00f3 60CM"},"content":{"rendered":"<p class=\"mb-4 leading-relaxed\">Qu\u1ea1t c\u1eaft gi\u00f3 60cm l\u00e0 s\u1ea3n ph\u1ea9m l\u00fd t\u01b0\u1edfng \u0111\u1ec3 c\u1ea3i thi\u1ec7n m\u00f4i tr\u01b0\u1eddng l\u00e0m vi\u1ec7c v\u00e0 sinh ho\u1ea1t trong c\u00e1c kh\u00f4ng gian c\u1ea7n ng\u0103n ch\u1eb7n kh\u00ed n\u00f3ng, b\u1ee5i b\u1ea9n v\u00e0 c\u00f4n tr\u00f9ng x\u00e2m nh\u1eadp. V\u1edbi chi\u1ec1u d\u00e0i 0.6m, c\u00f4ng su\u1ea5t 100W v\u00e0 l\u01b0u l\u01b0\u1ee3ng 800m\u00b3\/h, qu\u1ea1t c\u1eaft gi\u00f3 n\u00e0y mang \u0111\u1ebfn hi\u1ec7u qu\u1ea3 v\u01b0\u1ee3t tr\u1ed9i trong vi\u1ec7c duy tr\u00ec kh\u00f4ng kh\u00ed m\u00e1t m\u1ebb, tho\u00e1ng \u0111\u00e3ng.<\/p>\n<h2 class=\"py-2 my-4 text-2xl font-bold border-green-500 border-y border-opacity-10\">L\u1ee3i \u00edch qu\u1ea1t c\u1eaft gi\u00f3 60cm FM-1206<\/h2>\n<p class=\"mb-4 leading-relaxed\">Ti\u1ebft ki\u1ec7m n\u0103ng l\u01b0\u1ee3ng: V\u1edbi c\u00f4ng su\u1ea5t 100W, qu\u1ea1t c\u1eaft gi\u00f3 ViFan FM-1206 gi\u00fap ti\u1ebft ki\u1ec7m \u0111i\u1ec7n n\u0103ng trong khi v\u1eabn \u0111\u1ea3m b\u1ea3o hi\u1ec7u qu\u1ea3 l\u00e0m m\u00e1t, gi\u1ea3m chi ph\u00ed \u0111i\u1ec1u h\u00f2a.<\/p>\n<p class=\"mb-4 leading-relaxed\">Ng\u0103n kh\u00ed n\u00f3ng v\u00e0 c\u00f4n tr\u00f9ng: Qu\u1ea1t ch\u1eafn gi\u00f3 n\u00e0y gi\u00fap ng\u0103n ng\u1eeba s\u1ef1 x\u00e2m nh\u1eadp c\u1ee7a kh\u00f4ng kh\u00ed n\u00f3ng v\u00e0 c\u00e1c t\u00e1c nh\u00e2n b\u00ean ngo\u00e0i, gi\u00fap duy tr\u00ec nhi\u1ec7t \u0111\u1ed9 m\u00e1t m\u1ebb, d\u1ec5 ch\u1ecbu.<\/p>\n<p class=\"mb-4 leading-relaxed\">T\u00ednh linh ho\u1ea1t cao: V\u1edbi thi\u1ebft k\u1ebf nh\u1ecf g\u1ecdn, qu\u1ea1t d\u1ec5 d\u00e0ng l\u1eafp \u0111\u1eb7t \u1edf c\u00e1c c\u1eeda ra v\u00e0o, c\u1eeda s\u1ed5, h\u00e0nh lang, \u0111\u1eb7c bi\u1ec7t l\u00e0 nh\u1eefng kh\u00f4ng gian c\u1ea7n t\u00e1ch bi\u1ec7t nh\u01b0 v\u0103n ph\u00f2ng, c\u1eeda h\u00e0ng, qu\u00e1n \u0103n, v\u00e0 c\u00e1c khu v\u1ef1c c\u00f4ng c\u1ed9ng.<\/p>\n<p class=\"mb-4 leading-relaxed\">B\u1ea3o d\u01b0\u1ee1ng d\u1ec5 d\u00e0ng: Qu\u1ea1t ViFan FM-1206 c\u00f3 thi\u1ebft k\u1ebf d\u1ec5 d\u00e0ng v\u1ec7 sinh v\u00e0 b\u1ea3o tr\u00ec, gi\u00fap k\u00e9o d\u00e0i tu\u1ed5i th\u1ecd s\u1ea3n ph\u1ea9m.<\/p>\n<p class=\"mb-4 leading-relaxed\">S\u1ea3n ph\u1ea9m qu\u1ea1t c\u1eaft gi\u00f3 60cm \u0111\u01b0\u1ee3c b\u1ea3o h\u00e0nh 12 th\u00e1ng, gi\u00fap kh\u00e1ch h\u00e0ng y\u00ean t\u00e2m s\u1eed d\u1ee5ng l\u00e2u d\u00e0i.<\/p>\n<p class=\"mb-4 leading-relaxed\">ViFan FM-1206 c\u00f3 kh\u1ea3 n\u0103ng k\u1ebft h\u1ee3p v\u1edbi \u0111i\u1ec1u h\u00f2a, gi\u00fap t\u1ed1i \u01b0u h\u00f3a hi\u1ec7u qu\u1ea3 l\u00e0m l\u1ea1nh, b\u1ea3o v\u1ec7 thi\u1ebft b\u1ecb \u0111i\u1ec1u h\u00f2a kh\u1ecfi s\u1ef1 t\u00e1c \u0111\u1ed9ng c\u1ee7a b\u1ee5i b\u1ea9n, \u0111\u1ed3ng th\u1eddi gi\u00fap \u0111i\u1ec1u h\u00f2a ho\u1ea1t \u0111\u1ed9ng hi\u1ec7u qu\u1ea3 h\u01a1n, ti\u1ebft ki\u1ec7m \u0111i\u1ec7n n\u0103ng.<\/p>\n<h2 class=\"py-2 my-4 text-2xl font-bold border-green-500 border-y border-opacity-10\">Qu\u1ea1t ch\u1eafn gi\u00f3 \u0111i\u1ec1u h\u00f2a 60 cm FM-1206<\/h2>\n<p class=\"mb-4 leading-relaxed\">V\u0103n ph\u00f2ng, c\u1eeda h\u00e0ng, nh\u00e0 h\u00e0ng: Gi\u00fap duy tr\u00ec kh\u00f4ng gian m\u00e1t m\u1ebb, tho\u1ea3i m\u00e1i cho nh\u00e2n vi\u00ean v\u00e0 kh\u00e1ch h\u00e0ng.<\/p>\n<p class=\"mb-4 leading-relaxed\">Si\u00eau th\u1ecb, trung t\u00e2m th\u01b0\u01a1ng m\u1ea1i: Gi\u1eef cho kh\u00f4ng gian lu\u00f4n tho\u00e1ng \u0111\u00e3ng, d\u1ec5 ch\u1ecbu, ng\u0103n ng\u1eeba b\u1ee5i v\u00e0 kh\u00f4ng kh\u00ed n\u00f3ng t\u1eeb b\u00ean ngo\u00e0i.<\/p>\n<p class=\"mb-4 leading-relaxed\">Nh\u00e0 \u1edf, khu v\u1ef1c c\u00f3 \u0111i\u1ec1u h\u00f2a: T\u0103ng c\u01b0\u1eddng hi\u1ec7u qu\u1ea3 l\u00e0m m\u00e1t, b\u1ea3o v\u1ec7 \u0111i\u1ec1u h\u00f2a kh\u1ecfi b\u1ee5i b\u1ea9n v\u00e0 c\u1ea3n tr\u1edf kh\u00f4ng kh\u00ed n\u00f3ng.<\/p>\n<p class=\"mb-4 leading-relaxed\">Qu\u1ea1t C\u1eaft Gi\u00f3 ViFan FM-1206 kh\u00f4ng ch\u1ec9 l\u00e0 m\u1ed9t gi\u1ea3i ph\u00e1p hi\u1ec7u qu\u1ea3 \u0111\u1ec3 b\u1ea3o v\u1ec7 kh\u00f4ng gian s\u1ed1ng, m\u00e0 c\u00f2n gi\u00fap ti\u1ebft ki\u1ec7m \u0111i\u1ec7n n\u0103ng v\u00e0 duy tr\u00ec m\u00f4i tr\u01b0\u1eddng l\u00e0m vi\u1ec7c, sinh ho\u1ea1t tho\u1ea3i m\u00e1i.<\/p>\n<p class=\"mb-4 leading-relaxed\">V\u1edbi <a href=\"https:\/\/quatcongnghiepvifan.com\/quat-cat-gio-dieu-hoa\/\" class=\"text-red-900\">qu\u1ea1t c\u1eaft gi\u00f3 \u0111i\u1ec1u h\u00f2a<\/a> ,\u00a0b\u1ea1n s\u1ebd lu\u00f4n c\u1ea3m th\u1ea5y m\u00e1t m\u1ebb, tho\u1ea3i m\u00e1i v\u00e0 b\u1ea3o v\u1ec7 kh\u00f4ng gian c\u1ee7a m\u00ecnh kh\u1ecfi c\u00e1c y\u1ebfu t\u1ed1 kh\u00f4ng mong mu\u1ed1n.<\/p>\n<p class=\"mb-4 leading-relaxed\">Tham kh\u1ea3o th\u00eam model kh\u00e1c: <a href=\"https:\/\/quatcongnghiepvifan.com\/quat-cat-gio-nanyoo-fm-5515z-l-y\/\" class=\"text-red-900\">Qu\u1ea1t C\u1eaft Gi\u00f3 Nanyoo FM 5515Z-L\/Y<\/a> ; <a href=\"https:\/\/quatcongnghiepvifan.com\/quat-cat-gio-nanyoo-fm-5518z-l-y\/\" class=\"text-red-900\">Qu\u1ea1t C\u1eaft Gi\u00f3 Nanyoo FM 5518Z-L\/Y<\/a><\/p>\n","protected":false},"excerpt":{"rendered":"<div class=\"my-4 overflow-hidden bg-white rounded-lg shadow-xl \"><div class=\"overflow-x-auto\"><table class=\"min-w-full\" class=\"min-w-full\">\n<tbody class=\"bg-white divide-y divide-gray-100 \" class=\"bg-white divide-y divide-gray-100 \">\n<tr class=\"transition-all duration-200 ease-in-out group hover:bg-red-50 \" class=\"transition-all duration-200 ease-in-out group hover:bg-red-50 \">\n<td class=\"px-2 py-2 text-sm text-gray-700 transition-colors duration-200 group-hover:text-gray-900 \" class=\"px-2 py-2 text-sm text-gray-700 transition-colors duration-200 group-hover:text-gray-900 \"><strong class=\"font-cal-sans\">M\u00e3 s\u1ea3n ph\u1ea9m<\/strong><\/td>\n<td class=\"px-2 py-2 text-sm text-gray-700 transition-colors duration-200 group-hover:text-gray-900 \" class=\"px-2 py-2 text-sm text-gray-700 transition-colors duration-200 group-hover:text-gray-900 \">:<\/td>\n<td class=\"px-2 py-2 text-sm text-gray-700 transition-colors duration-200 group-hover:text-gray-900 \" class=\"px-2 py-2 text-sm text-gray-700 transition-colors duration-200 group-hover:text-gray-900 \">FM-1206<\/td>\n<\/tr>\n<tr class=\"transition-all duration-200 ease-in-out group hover:bg-red-50 \" class=\"transition-all duration-200 ease-in-out group hover:bg-red-50 \">\n<td class=\"px-2 py-2 text-sm text-gray-700 transition-colors duration-200 group-hover:text-gray-900 \" class=\"px-2 py-2 text-sm text-gray-700 transition-colors duration-200 group-hover:text-gray-900 \"><strong class=\"font-cal-sans\">Th\u01b0\u01a1ng hi\u1ec7u<\/strong><\/td>\n<td class=\"px-2 py-2 text-sm text-gray-700 transition-colors duration-200 group-hover:text-gray-900 \" class=\"px-2 py-2 text-sm text-gray-700 transition-colors duration-200 group-hover:text-gray-900 \">:<\/td>\n<td class=\"px-2 py-2 text-sm text-gray-700 transition-colors duration-200 group-hover:text-gray-900 \" class=\"px-2 py-2 text-sm text-gray-700 transition-colors duration-200 group-hover:text-gray-900 \">ViFan<\/td>\n<\/tr>\n<tr class=\"transition-all duration-200 ease-in-out group hover:bg-red-50 \" class=\"transition-all duration-200 ease-in-out group hover:bg-red-50 \">\n<td class=\"px-2 py-2 text-sm text-gray-700 transition-colors duration-200 group-hover:text-gray-900 \" class=\"px-2 py-2 text-sm text-gray-700 transition-colors duration-200 group-hover:text-gray-900 \"><strong class=\"font-cal-sans\">Chi\u1ec1u d\u00e0i<\/strong><\/td>\n<td class=\"px-2 py-2 text-sm text-gray-700 transition-colors duration-200 group-hover:text-gray-900 \" class=\"px-2 py-2 text-sm text-gray-700 transition-colors duration-200 group-hover:text-gray-900 \">:<\/td>\n<td class=\"px-2 py-2 text-sm text-gray-700 transition-colors duration-200 group-hover:text-gray-900 \" class=\"px-2 py-2 text-sm text-gray-700 transition-colors duration-200 group-hover:text-gray-900 \">0.6 m<\/td>\n<\/tr>\n<tr class=\"transition-all duration-200 ease-in-out group hover:bg-red-50 \" class=\"transition-all duration-200 ease-in-out group hover:bg-red-50 \">\n<td class=\"px-2 py-2 text-sm text-gray-700 transition-colors duration-200 group-hover:text-gray-900 \" class=\"px-2 py-2 text-sm text-gray-700 transition-colors duration-200 group-hover:text-gray-900 \"><strong class=\"font-cal-sans\">C\u00f4ng su\u1ea5t<\/strong><\/td>\n<td class=\"px-2 py-2 text-sm text-gray-700 transition-colors duration-200 group-hover:text-gray-900 \" class=\"px-2 py-2 text-sm text-gray-700 transition-colors duration-200 group-hover:text-gray-900 \">:<\/td>\n<td class=\"px-2 py-2 text-sm text-gray-700 transition-colors duration-200 group-hover:text-gray-900 \" class=\"px-2 py-2 text-sm text-gray-700 transition-colors duration-200 group-hover:text-gray-900 \">100 W<\/td>\n<\/tr>\n<tr class=\"transition-all duration-200 ease-in-out group hover:bg-red-50 \" class=\"transition-all duration-200 ease-in-out group hover:bg-red-50 \">\n<td class=\"px-2 py-2 text-sm text-gray-700 transition-colors duration-200 group-hover:text-gray-900 \" class=\"px-2 py-2 text-sm text-gray-700 transition-colors duration-200 group-hover:text-gray-900 \"><strong class=\"font-cal-sans\">L\u01b0u l\u01b0\u1ee3ng<\/strong><\/td>\n<td class=\"px-2 py-2 text-sm text-gray-700 transition-colors duration-200 group-hover:text-gray-900 \" class=\"px-2 py-2 text-sm text-gray-700 transition-colors duration-200 group-hover:text-gray-900 \">:<\/td>\n<td class=\"px-2 py-2 text-sm text-gray-700 transition-colors duration-200 group-hover:text-gray-900 \" class=\"px-2 py-2 text-sm text-gray-700 transition-colors duration-200 group-hover:text-gray-900 \">800 m3\/h<\/td>\n<\/tr>\n<tr class=\"transition-all duration-200 ease-in-out group hover:bg-red-50 \" class=\"transition-all duration-200 ease-in-out group hover:bg-red-50 \">\n<td class=\"px-2 py-2 text-sm text-gray-700 transition-colors duration-200 group-hover:text-gray-900 \" class=\"px-2 py-2 text-sm text-gray-700 transition-colors duration-200 group-hover:text-gray-900 \"><strong class=\"font-cal-sans\">B\u1ea3o h\u00e0nh<\/strong><\/td>\n<td class=\"px-2 py-2 text-sm text-gray-700 transition-colors duration-200 group-hover:text-gray-900 \" class=\"px-2 py-2 text-sm text-gray-700 transition-colors duration-200 group-hover:text-gray-900 \">:<\/td>\n<td class=\"px-2 py-2 text-sm text-gray-700 transition-colors duration-200 group-hover:text-gray-900 \" class=\"px-2 py-2 text-sm text-gray-700 transition-colors duration-200 group-hover:text-gray-900 \">12 th\u00e1ng<\/td>\n<\/tr>\n<tr class=\"transition-all duration-200 ease-in-out group hover:bg-red-50 \" class=\"transition-all duration-200 ease-in-out group hover:bg-red-50 \">\n<td class=\"px-2 py-2 text-sm text-gray-700 transition-colors duration-200 group-hover:text-gray-900 \" class=\"px-2 py-2 text-sm text-gray-700 transition-colors duration-200 group-hover:text-gray-900 \"><strong class=\"font-cal-sans\">Xu\u1ea5t x\u1ee9<\/strong><\/td>\n<td class=\"px-2 py-2 text-sm text-gray-700 transition-colors duration-200 group-hover:text-gray-900 \" class=\"px-2 py-2 text-sm text-gray-700 transition-colors duration-200 group-hover:text-gray-900 \">:<\/td>\n<td class=\"px-2 py-2 text-sm text-gray-700 transition-colors duration-200 group-hover:text-gray-900 \" class=\"px-2 py-2 text-sm text-gray-700 transition-colors duration-200 group-hover:text-gray-900 \">Trung Qu\u1ed1c<\/td>\n<\/tr>\n<\/tbody>\n<\/table><\/div><\/div>\n","protected":false},"featured_media":61,"template":"","meta":{"footnotes":""},"product_cat":[7],"product_tag":[],"ztteam_product_brand":[],"class_list":["post-60","product","type-product","status-publish","has-post-thumbnail","hentry","product_cat-quat-cat-gio-dieu-hoa"],"meta_box":{"_sku":"FM-1206","_regular_price":"14232002","_sale_price":"11262263","_price":"11262263","_stock_status":"instock","_stock":"50","_manage_stock":"1","_weight":"","_length":"","_width":"","_height":"","_product_image_gallery":[{"width":150,"height":150,"file":"2026\/03\/quat-chan-gio-06-m.png","filesize":96146,"sizes":[],"image_meta":{"aperture":"0","credit":"","camera":"","caption":"","created_timestamp":"0","copyright":"","focal_length":"0","iso":"0","shutter_speed":"0","title":"","orientation":"0","keywords":[]},"ID":"61","name":"quat-chan-gio-06-m.png","path":"\/home\/dev.wptheme.store\/public_html\/s\/wpquat\/wp-content\/uploads\/2026\/03\/quat-chan-gio-06-m.png","url":"https:\/\/dev.wptheme.store\/s\/wpquat\/wp-content\/uploads\/2026\/03\/quat-chan-gio-06-m.png","full_url":"https:\/\/dev.wptheme.store\/s\/wpquat\/wp-content\/uploads\/2026\/03\/quat-chan-gio-06-m.png","title":"Qu\u1ea1t Ch\u1eafn Gi\u00f3 0.6M","caption":"","description":"","alt":"","srcset":false}],"_featured":"0","_visibility":"visible","_virtual":"","_downloadable":"","product_type":"simple","product_attributes":[],"color_variations":[],"size_variations":[],"storage_variations":[],"material_variations":[]},"_links":{"self":[{"href":"https:\/\/dev.wptheme.store\/s\/wpquat\/wp-json\/wp\/v2\/product\/60","targetHints":{"allow":["GET"]}}],"collection":[{"href":"https:\/\/dev.wptheme.store\/s\/wpquat\/wp-json\/wp\/v2\/product"}],"about":[{"href":"https:\/\/dev.wptheme.store\/s\/wpquat\/wp-json\/wp\/v2\/types\/product"}],"version-history":[{"count":0,"href":"https:\/\/dev.wptheme.store\/s\/wpquat\/wp-json\/wp\/v2\/product\/60\/revisions"}],"wp:featuredmedia":[{"embeddable":true,"href":"https:\/\/dev.wptheme.store\/s\/wpquat\/wp-json\/wp\/v2\/media\/61"}],"wp:attachment":[{"href":"https:\/\/dev.wptheme.store\/s\/wpquat\/wp-json\/wp\/v2\/media?parent=60"}],"wp:term":[{"taxonomy":"product_cat","embeddable":true,"href":"https:\/\/dev.wptheme.store\/s\/wpquat\/wp-json\/wp\/v2\/product_cat?post=60"},{"taxonomy":"product_tag","embeddable":true,"href":"https:\/\/dev.wptheme.store\/s\/wpquat\/wp-json\/wp\/v2\/product_tag?post=60"},{"taxonomy":"ztteam_product_brand","embeddable":true,"href":"https:\/\/dev.wptheme.store\/s\/wpquat\/wp-json\/wp\/v2\/ztteam_product_brand?post=60"}],"curies":[{"name":"wp","href":"https:\/\/api.w.org\/{rel}","templated":true}]}}