{"id":68,"date":"2026-03-16T08:49:10","date_gmt":"2026-03-16T01:49:10","guid":{"rendered":"https:\/\/dev.wptheme.store\/s\/wpquat\/product\/quat-dung-cong-nghiep-cong-suat-lon\/"},"modified":"2026-03-16T08:49:10","modified_gmt":"2026-03-16T01:49:10","slug":"quat-dung-cong-nghiep-cong-suat-lon","status":"publish","type":"product","link":"https:\/\/dev.wptheme.store\/s\/wpquat\/product\/quat-dung-cong-nghiep-cong-suat-lon\/","title":{"rendered":"Qu\u1ea1t \u0110\u1ee9ng C\u00f4ng Nghi\u1ec7p C\u00f4ng Su\u1ea5t L\u1edbn"},"content":{"rendered":"<p class=\"mb-4 leading-relaxed\">Qu\u1ea1t \u0111\u1ee9ng c\u00f4ng nghi\u1ec7p c\u00f4ng su\u1ea5t l\u1edbn Vifan l\u00e0 thi\u1ebft b\u1ecb l\u00fd t\u01b0\u1edfng cho c\u00e1c nh\u00e0 x\u01b0\u1edfng, nh\u00e0 kho, khu s\u1ea3n xu\u1ea5t v\u00e0 kh\u00f4ng gian r\u1ed9ng c\u1ea7n l\u01b0u th\u00f4ng kh\u00f4ng kh\u00ed m\u1ea1nh m\u1ebd. V\u1edbi thi\u1ebft k\u1ebf ch\u1eafc ch\u1eafn, \u0111\u1ed9ng c\u01a1 b\u1ec1n b\u1ec9 v\u00e0 l\u01b0u l\u01b0\u1ee3ng gi\u00f3 l\u1edbn, s\u1ea3n ph\u1ea9m c\u1ee7a Vifan kh\u00f4ng ch\u1ec9 l\u00e0m m\u00e1t hi\u1ec7u qu\u1ea3 m\u00e0 c\u00f2n n\u00e2ng cao hi\u1ec7u su\u1ea5t lao \u0111\u1ed9ng v\u00e0 \u0111\u1ea3m b\u1ea3o m\u00f4i tr\u01b0\u1eddng l\u00e0m vi\u1ec7c th\u00f4ng tho\u00e1ng.<\/p>\n<h2 class=\"py-2 my-4 text-2xl font-bold border-green-500 border-y border-opacity-10\">\u01afu \u0111i\u1ec3m n\u1ed5i b\u1eadt c\u1ee7a qu\u1ea1t \u0111\u1ee9ng c\u00f4ng su\u1ea5t l\u1edbn Vifan<\/h2>\n<p class=\"mb-4 leading-relaxed\">C\u00f4ng su\u1ea5t m\u1ea1nh m\u1ebd: Vifan cung c\u1ea5p nhi\u1ec1u m\u1eabu m\u00e3 v\u1edbi c\u00f4ng su\u1ea5t t\u1eeb 300W \u0111\u1ebfn 750W, l\u01b0u l\u01b0\u1ee3ng gi\u00f3 \u0111\u1ea1t tr\u00ean 15.000 m\u00b3\/h, ph\u00f9 h\u1ee3p v\u1edbi m\u1ecdi kh\u00f4ng gian s\u1ea3n xu\u1ea5t.<\/p>\n<p class=\"mb-4 leading-relaxed\">C\u00e1nh qu\u1ea1t l\u1edbn, gi\u00f3 m\u1ea1nh: S\u1ea3i c\u00e1nh t\u1eeb 650mm tr\u1edf l\u00ean gi\u00fap ph\u00e2n t\u00e1n lu\u1ed3ng gi\u00f3 r\u1ed9ng v\u00e0 \u0111\u1ec1u.<\/p>\n<p class=\"mb-4 leading-relaxed\">\u0110\u1ed9ng c\u01a1 d\u00e2y \u0111\u1ed3ng 100%: Gi\u00fap m\u00e1y v\u1eadn h\u00e0nh \u1ed5n \u0111\u1ecbnh, ti\u1ebft ki\u1ec7m \u0111i\u1ec7n, \u00edt n\u00f3ng v\u00e0 c\u00f3 tu\u1ed5i th\u1ecd cao.<\/p>\n<p class=\"mb-4 leading-relaxed\">Ch\u00e2n \u0111\u1ebf v\u1eefng ch\u1eafc, d\u1ec5 di chuy\u1ec3n: Thi\u1ebft k\u1ebf th\u00e2n thi\u1ec7n v\u1edbi ng\u01b0\u1eddi d\u00f9ng, \u0111i\u1ec1u ch\u1ec9nh \u0111\u01b0\u1ee3c chi\u1ec1u cao, c\u00f3 b\u00e1nh xe (t\u00f9y m\u1eabu), ti\u1ec7n l\u1ee3i cho vi\u1ec7c di chuy\u1ec3n gi\u1eefa c\u00e1c khu v\u1ef1c l\u00e0m vi\u1ec7c.<\/p>\n<p class=\"mb-4 leading-relaxed\">Thi\u1ebft k\u1ebf b\u1ec1n b\u1ec9: To\u00e0n b\u1ed9 th\u00e2n qu\u1ea1t \u0111\u01b0\u1ee3c ph\u1ee7 s\u01a1n t\u0129nh \u0111i\u1ec7n ho\u1eb7c l\u00e0m b\u1eb1ng inox ch\u1ed1ng g\u1ec9, ch\u1ecbu \u0111\u01b0\u1ee3c m\u00f4i tr\u01b0\u1eddng kh\u1eafc nghi\u1ec7t.<\/p>\n<h2 class=\"py-2 my-4 text-2xl font-bold border-green-500 border-y border-opacity-10\">L\u00fd do n\u00ean ch\u1ecdn qu\u1ea1t \u0111\u1ee9ng c\u00f4ng nghi\u1ec7p c\u00f4ng su\u1ea5t l\u1edbn t\u1ea1i Vifan<\/h2>\n<p class=\"mb-4 leading-relaxed\">S\u1ea3n ph\u1ea9m ch\u1ea5t l\u01b0\u1ee3ng cao, gi\u00e1 c\u1ea1nh tranh<\/p>\n<p class=\"mb-4 leading-relaxed\">B\u1ea3o h\u00e0nh ch\u00ednh h\u00e3ng t\u1eeb 12\u201324 th\u00e1ng<\/p>\n<p class=\"mb-4 leading-relaxed\">H\u1ed7 tr\u1ee3 \u0111\u1ed5i tr\u1ea3 trong 10 ng\u00e0y n\u1ebfu c\u00f3 l\u1ed7i k\u1ef9 thu\u1eadt<\/p>\n<p class=\"mb-4 leading-relaxed\">\u0110\u1ed9i ng\u0169 t\u01b0 v\u1ea5n k\u1ef9 thu\u1eadt t\u1eadn t\u00e2m, h\u1ed7 tr\u1ee3 ch\u1ecdn qu\u1ea1t theo di\u1ec7n t\u00edch v\u00e0 nhu c\u1ea7u s\u1eed d\u1ee5ng<\/p>\n<p class=\"mb-4 leading-relaxed\">Cung c\u1ea5p \u0111\u1ea7y \u0111\u1ee7 video h\u01b0\u1edbng d\u1eabn l\u1eafp \u0111\u1eb7t v\u00e0 s\u1eed d\u1ee5ng<\/p>\n<h2 class=\"py-2 my-4 text-2xl font-bold border-green-500 border-y border-opacity-10\">\u1ee8ng d\u1ee5ng th\u1ef1c t\u1ebf c\u1ee7a qu\u1ea1t \u0111\u1ee9ng c\u00f4ng nghi\u1ec7p Vifan<\/h2>\n<p class=\"mb-4 leading-relaxed\">Nh\u00e0 x\u01b0\u1edfng s\u1ea3n xu\u1ea5t, kho h\u00e0ng, nh\u00e0 m\u00e1y<\/p>\n<p class=\"mb-4 leading-relaxed\">B\u1ebfp \u0103n c\u00f4ng nghi\u1ec7p, nh\u00e0 h\u00e0ng quy m\u00f4 l\u1edbn<\/p>\n<p class=\"mb-4 leading-relaxed\">S\u00e2n kh\u1ea5u s\u1ef1 ki\u1ec7n, h\u1ed9i tr\u01b0\u1eddng, ph\u00f2ng t\u1eadp th\u1ec3 thao<\/p>\n<p class=\"mb-4 leading-relaxed\">Gara \u00f4 t\u00f4, tr\u1ea1m s\u1eeda ch\u1eefa, showroom<\/p>\n<p class=\"mb-4 leading-relaxed\">Vifan \u2013 \u0110\u1ed3ng h\u00e0nh c\u00f9ng doanh nghi\u1ec7p trong m\u1ecdi m\u00f4i tr\u01b0\u1eddng n\u00f3ng b\u1ee9c<\/p>\n<p class=\"mb-4 leading-relaxed\">V\u1edbi ti\u00eau ch\u00ed \u201cM\u00e1t nhanh \u2013 B\u1ec1n l\u00e2u \u2013 Gi\u00e1 h\u1ee3p l\u00fd\u201d, Vifan cam k\u1ebft mang \u0111\u1ebfn nh\u1eefng s\u1ea3n ph\u1ea9m <a href=\"https:\/\/quatcongnghiepvifan.com\/quat-cong-nghiep\/\" class=\"text-red-900\">qu\u1ea1t c\u00f4ng nghi\u1ec7p<\/a> ch\u1ea5t l\u01b0\u1ee3ng cao, gi\u00fap qu\u00fd kh\u00e1ch h\u00e0ng ti\u1ebft ki\u1ec7m chi ph\u00ed \u0111\u1ea7u t\u01b0, t\u0103ng hi\u1ec7u qu\u1ea3 l\u00e0m vi\u1ec7c v\u00e0 b\u1ea3o v\u1ec7 s\u1ee9c kh\u1ecfe cho ng\u01b0\u1eddi lao \u0111\u1ed9ng.<\/p>\n<p class=\"mb-4 leading-relaxed\">Ngo\u00e0i qu\u1ea1t \u0111\u1ee9ng, qu\u00fd kh\u00e1ch c\u00f3 th\u1ec3 tham kh\u1ea3o d\u00f2ng <a href=\"https:\/\/quatcongnghiepvifan.com\/quat-tran-cong-nghiep\/\" class=\"text-red-900\">qu\u1ea1t tr\u1ea7n c\u00f4ng nghi\u1ec7p<\/a> c\u1ee7a ch\u00fang t\u00f4i.<\/p>\n","protected":false},"excerpt":{"rendered":"<div class=\"my-4 overflow-hidden bg-white rounded-lg shadow-xl \"><div class=\"overflow-x-auto\"><table class=\"min-w-full\" class=\"min-w-full\">\n<tbody class=\"bg-white divide-y divide-gray-100 \" class=\"bg-white divide-y divide-gray-100 \">\n<tr class=\"transition-all duration-200 ease-in-out group hover:bg-red-50 \" class=\"transition-all duration-200 ease-in-out group hover:bg-red-50 \">\n<td class=\"px-2 py-2 text-sm text-gray-700 transition-colors duration-200 group-hover:text-gray-900 \" class=\"px-2 py-2 text-sm text-gray-700 transition-colors duration-200 group-hover:text-gray-900 \"><strong class=\"font-cal-sans\">M\u00e3 s\u1ea3n ph\u1ea9m<\/strong><\/td>\n<td class=\"px-2 py-2 text-sm text-gray-700 transition-colors duration-200 group-hover:text-gray-900 \" class=\"px-2 py-2 text-sm text-gray-700 transition-colors duration-200 group-hover:text-gray-900 \">:<\/td>\n<td class=\"px-2 py-2 text-sm text-gray-700 transition-colors duration-200 group-hover:text-gray-900 \" class=\"px-2 py-2 text-sm text-gray-700 transition-colors duration-200 group-hover:text-gray-900 \">Q\u0110VN<\/td>\n<\/tr>\n<tr class=\"transition-all duration-200 ease-in-out group hover:bg-red-50 \" class=\"transition-all duration-200 ease-in-out group hover:bg-red-50 \">\n<td class=\"px-2 py-2 text-sm text-gray-700 transition-colors duration-200 group-hover:text-gray-900 \" class=\"px-2 py-2 text-sm text-gray-700 transition-colors duration-200 group-hover:text-gray-900 \"><strong class=\"font-cal-sans\">Th\u01b0\u01a1ng hi\u1ec7u<\/strong><\/td>\n<td class=\"px-2 py-2 text-sm text-gray-700 transition-colors duration-200 group-hover:text-gray-900 \" class=\"px-2 py-2 text-sm text-gray-700 transition-colors duration-200 group-hover:text-gray-900 \">:<\/td>\n<td class=\"px-2 py-2 text-sm text-gray-700 transition-colors duration-200 group-hover:text-gray-900 \" class=\"px-2 py-2 text-sm text-gray-700 transition-colors duration-200 group-hover:text-gray-900 \">ViFan<\/td>\n<\/tr>\n<tr class=\"transition-all duration-200 ease-in-out group hover:bg-red-50 \" class=\"transition-all duration-200 ease-in-out group hover:bg-red-50 \">\n<td class=\"px-2 py-2 text-sm text-gray-700 transition-colors duration-200 group-hover:text-gray-900 \" class=\"px-2 py-2 text-sm text-gray-700 transition-colors duration-200 group-hover:text-gray-900 \"><strong class=\"font-cal-sans\">S\u1ea3i C\u00e1nh<\/strong><\/td>\n<td class=\"px-2 py-2 text-sm text-gray-700 transition-colors duration-200 group-hover:text-gray-900 \" class=\"px-2 py-2 text-sm text-gray-700 transition-colors duration-200 group-hover:text-gray-900 \">:<\/td>\n<td class=\"px-2 py-2 text-sm text-gray-700 transition-colors duration-200 group-hover:text-gray-900 \" class=\"px-2 py-2 text-sm text-gray-700 transition-colors duration-200 group-hover:text-gray-900 \">500-600-700 mm<\/td>\n<\/tr>\n<tr class=\"transition-all duration-200 ease-in-out group hover:bg-red-50 \" class=\"transition-all duration-200 ease-in-out group hover:bg-red-50 \">\n<td class=\"px-2 py-2 text-sm text-gray-700 transition-colors duration-200 group-hover:text-gray-900 \" class=\"px-2 py-2 text-sm text-gray-700 transition-colors duration-200 group-hover:text-gray-900 \"><strong class=\"font-cal-sans\">C\u00f4ng su\u1ea5t<\/strong><\/td>\n<td class=\"px-2 py-2 text-sm text-gray-700 transition-colors duration-200 group-hover:text-gray-900 \" class=\"px-2 py-2 text-sm text-gray-700 transition-colors duration-200 group-hover:text-gray-900 \">:<\/td>\n<td class=\"px-2 py-2 text-sm text-gray-700 transition-colors duration-200 group-hover:text-gray-900 \" class=\"px-2 py-2 text-sm text-gray-700 transition-colors duration-200 group-hover:text-gray-900 \">\u00a01HP<\/td>\n<\/tr>\n<tr class=\"transition-all duration-200 ease-in-out group hover:bg-red-50 \" class=\"transition-all duration-200 ease-in-out group hover:bg-red-50 \">\n<td class=\"px-2 py-2 text-sm text-gray-700 transition-colors duration-200 group-hover:text-gray-900 \" class=\"px-2 py-2 text-sm text-gray-700 transition-colors duration-200 group-hover:text-gray-900 \"><strong class=\"font-cal-sans\">L\u01b0u l\u01b0\u1ee3ng<\/strong><\/td>\n<td class=\"px-2 py-2 text-sm text-gray-700 transition-colors duration-200 group-hover:text-gray-900 \" class=\"px-2 py-2 text-sm text-gray-700 transition-colors duration-200 group-hover:text-gray-900 \">:<\/td>\n<td class=\"px-2 py-2 text-sm text-gray-700 transition-colors duration-200 group-hover:text-gray-900 \" class=\"px-2 py-2 text-sm text-gray-700 transition-colors duration-200 group-hover:text-gray-900 \">21.000 m3\/h<\/td>\n<\/tr>\n<tr class=\"transition-all duration-200 ease-in-out group hover:bg-red-50 \" class=\"transition-all duration-200 ease-in-out group hover:bg-red-50 \">\n<td class=\"px-2 py-2 text-sm text-gray-700 transition-colors duration-200 group-hover:text-gray-900 \" class=\"px-2 py-2 text-sm text-gray-700 transition-colors duration-200 group-hover:text-gray-900 \"><strong class=\"font-cal-sans\">B\u1ea3o h\u00e0nh<\/strong><\/td>\n<td class=\"px-2 py-2 text-sm text-gray-700 transition-colors duration-200 group-hover:text-gray-900 \" class=\"px-2 py-2 text-sm text-gray-700 transition-colors duration-200 group-hover:text-gray-900 \">:<\/td>\n<td class=\"px-2 py-2 text-sm text-gray-700 transition-colors duration-200 group-hover:text-gray-900 \" class=\"px-2 py-2 text-sm text-gray-700 transition-colors duration-200 group-hover:text-gray-900 \">12 th\u00e1ng<\/td>\n<\/tr>\n<tr class=\"transition-all duration-200 ease-in-out group hover:bg-red-50 \" class=\"transition-all duration-200 ease-in-out group hover:bg-red-50 \">\n<td class=\"px-2 py-2 text-sm text-gray-700 transition-colors duration-200 group-hover:text-gray-900 \" class=\"px-2 py-2 text-sm text-gray-700 transition-colors duration-200 group-hover:text-gray-900 \"><strong class=\"font-cal-sans\">Xu\u1ea5t x\u1ee9<\/strong><\/td>\n<td class=\"px-2 py-2 text-sm text-gray-700 transition-colors duration-200 group-hover:text-gray-900 \" class=\"px-2 py-2 text-sm text-gray-700 transition-colors duration-200 group-hover:text-gray-900 \">:<\/td>\n<td class=\"px-2 py-2 text-sm text-gray-700 transition-colors duration-200 group-hover:text-gray-900 \" class=\"px-2 py-2 text-sm text-gray-700 transition-colors duration-200 group-hover:text-gray-900 \">Vi\u1ec7t nam<\/td>\n<\/tr>\n<\/tbody>\n<\/table><\/div><\/div>\n","protected":false},"featured_media":69,"template":"","meta":{"footnotes":""},"product_cat":[8],"product_tag":[],"ztteam_product_brand":[],"class_list":["post-68","product","type-product","status-publish","has-post-thumbnail","hentry","product_cat-quat-cong-nghiep"],"meta_box":{"_sku":"Q\u0110VN","_regular_price":"14903137","_sale_price":"10399811","_price":"10399811","_stock_status":"instock","_stock":"50","_manage_stock":"1","_weight":"","_length":"","_width":"","_height":"","_product_image_gallery":[{"width":150,"height":150,"file":"2026\/03\/quat-dung-cong-nghiep-cong-suat-lon.png","filesize":114962,"sizes":[],"image_meta":{"aperture":"0","credit":"","camera":"","caption":"","created_timestamp":"0","copyright":"","focal_length":"0","iso":"0","shutter_speed":"0","title":"","orientation":"0","keywords":[]},"ID":"69","name":"quat-dung-cong-nghiep-cong-suat-lon.png","path":"\/home\/dev.wptheme.store\/public_html\/s\/wpquat\/wp-content\/uploads\/2026\/03\/quat-dung-cong-nghiep-cong-suat-lon.png","url":"https:\/\/dev.wptheme.store\/s\/wpquat\/wp-content\/uploads\/2026\/03\/quat-dung-cong-nghiep-cong-suat-lon.png","full_url":"https:\/\/dev.wptheme.store\/s\/wpquat\/wp-content\/uploads\/2026\/03\/quat-dung-cong-nghiep-cong-suat-lon.png","title":"Qu\u1ea1t \u0110\u1ee9ng C\u00f4ng Nghi\u1ec7p C\u00f4ng Su\u1ea5t L\u1edbn","caption":"","description":"","alt":"","srcset":false}],"_featured":"0","_visibility":"visible","_virtual":"","_downloadable":"","product_type":"simple","product_attributes":[],"color_variations":[],"size_variations":[],"storage_variations":[],"material_variations":[]},"_links":{"self":[{"href":"https:\/\/dev.wptheme.store\/s\/wpquat\/wp-json\/wp\/v2\/product\/68","targetHints":{"allow":["GET"]}}],"collection":[{"href":"https:\/\/dev.wptheme.store\/s\/wpquat\/wp-json\/wp\/v2\/product"}],"about":[{"href":"https:\/\/dev.wptheme.store\/s\/wpquat\/wp-json\/wp\/v2\/types\/product"}],"version-history":[{"count":0,"href":"https:\/\/dev.wptheme.store\/s\/wpquat\/wp-json\/wp\/v2\/product\/68\/revisions"}],"wp:featuredmedia":[{"embeddable":true,"href":"https:\/\/dev.wptheme.store\/s\/wpquat\/wp-json\/wp\/v2\/media\/69"}],"wp:attachment":[{"href":"https:\/\/dev.wptheme.store\/s\/wpquat\/wp-json\/wp\/v2\/media?parent=68"}],"wp:term":[{"taxonomy":"product_cat","embeddable":true,"href":"https:\/\/dev.wptheme.store\/s\/wpquat\/wp-json\/wp\/v2\/product_cat?post=68"},{"taxonomy":"product_tag","embeddable":true,"href":"https:\/\/dev.wptheme.store\/s\/wpquat\/wp-json\/wp\/v2\/product_tag?post=68"},{"taxonomy":"ztteam_product_brand","embeddable":true,"href":"https:\/\/dev.wptheme.store\/s\/wpquat\/wp-json\/wp\/v2\/ztteam_product_brand?post=68"}],"curies":[{"name":"wp","href":"https:\/\/api.w.org\/{rel}","templated":true}]}}