{"id":273,"date":"2026-03-09T16:19:22","date_gmt":"2026-03-09T09:19:22","guid":{"rendered":"https:\/\/dev.wptheme.store\/s\/wpshoppc\/product\/mat-na-han-cam-ung-anh-sang-wh4001-wh4000\/"},"modified":"2026-03-09T16:19:22","modified_gmt":"2026-03-09T09:19:22","slug":"mat-na-han-cam-ung-anh-sang-wh4001-wh4000","status":"publish","type":"product","link":"https:\/\/dev.wptheme.store\/s\/wpshoppc\/product\/mat-na-han-cam-ung-anh-sang-wh4001-wh4000\/","title":{"rendered":"M\u1eb7t n\u1ea1 h\u00e0n c\u1ea3m \u1ee9ng \u00e1nh s\u00e1ng WH4001 \/ WH4000"},"content":{"rendered":"<p class=\"mb-4 leading-relaxed\">M\u1eb7t n\u1ea1 h\u00e0n c\u1ea3m \u1ee9ng \u00e1nh s\u00e1ng WH4001 \/ WH4000 c\u1ee7a Weldcom l\u00e0 m\u1ed9t s\u1ea3n ph\u1ea9m c\u1ea7n thi\u1ebft cho nh\u1eefng ng\u01b0\u1eddi l\u00e0m vi\u1ec7c trong ng\u00e0nh h\u00e0n. V\u1edbi thi\u1ebft k\u1ebf th\u00f4ng minh v\u00e0 t\u00ednh n\u0103ng c\u1ea3m \u1ee9ng \u00e1nh s\u00e1ng, s\u1ea3n ph\u1ea9m n\u00e0y gi\u00fap ng\u01b0\u1eddi s\u1eed d\u1ee5ng b\u1ea3o v\u1ec7 \u0111\u00f4i m\u1eaft kh\u1ecfi tia l\u1eeda h\u00e0n v\u00e0 \u00e1nh s\u00e1ng m\u1ea1nh, \u0111\u1ea3m b\u1ea3o an to\u00e0n khi l\u00e0m vi\u1ec7c.<\/p>\n<h2 class=\"py-2 my-4 text-2xl font-bold border-green-500 border-y border-opacity-10\">T\u00ednh n\u0103ng n\u1ed5i b\u1eadt<\/h2>\n<ul class=\"mb-4 space-y-1 list-none\">\n<li class=\"flex items-center gap-3 leading-relaxed text-gray-800 \"><div class=\"flex items-center justify-center w-5 h-5 bg-red-100 rounded-full shrink-0\"><svg class=\"w-3 h-3 text-red-600\" fill=\"none\" stroke=\"currentColor\" stroke- viewBox=\"0 0 24 24\"><path stroke-linecap=\"round\" stroke-linejoin=\"round\" d=\"M5 13l4 4L19 7\" \/><\/svg><\/div><div class=\"flex-1\">C\u1ea3m \u1ee9ng \u00e1nh s\u00e1ng t\u1ef1 \u0111\u1ed9ng gi\u00fap t\u1ed1i \u01b0u h\u00f3a \u0111i\u1ec1u ki\u1ec7n l\u00e0m vi\u1ec7c.<\/div><\/li>\n<li class=\"flex items-center gap-3 leading-relaxed text-gray-800 \"><div class=\"flex items-center justify-center w-5 h-5 bg-red-100 rounded-full shrink-0\"><svg class=\"w-3 h-3 text-red-600\" fill=\"none\" stroke=\"currentColor\" stroke- viewBox=\"0 0 24 24\"><path stroke-linecap=\"round\" stroke-linejoin=\"round\" d=\"M5 13l4 4L19 7\" \/><\/svg><\/div><div class=\"flex-1\">Ch\u1ea5t li\u1ec7u nh\u1eb9, b\u1ec1n, d\u1ec5 d\u00e0ng \u0111i\u1ec1u ch\u1ec9nh k\u00edch th\u01b0\u1edbc ph\u00f9 h\u1ee3p v\u1edbi m\u1ecdi ng\u01b0\u1eddi d\u00f9ng.<\/div><\/li>\n<li class=\"flex items-center gap-3 leading-relaxed text-gray-800 \"><div class=\"flex items-center justify-center w-5 h-5 bg-red-100 rounded-full shrink-0\"><svg class=\"w-3 h-3 text-red-600\" fill=\"none\" stroke=\"currentColor\" stroke- viewBox=\"0 0 24 24\"><path stroke-linecap=\"round\" stroke-linejoin=\"round\" d=\"M5 13l4 4L19 7\" \/><\/svg><\/div><div class=\"flex-1\">S\u1eed d\u1ee5ng n\u0103ng l\u01b0\u1ee3ng m\u1eb7t tr\u1eddi, kh\u00f4ng c\u1ea7n thay pin.<\/div><\/li>\n<\/ul>\n<h2 class=\"py-2 my-4 text-2xl font-bold border-green-500 border-y border-opacity-10\">L\u1ee3i \u00edch khi s\u1eed d\u1ee5ng<\/h2>\n<p class=\"mb-4 leading-relaxed\">S\u1eed d\u1ee5ng m\u1eb7t n\u1ea1 h\u00e0n WH4001 \/ WH4000 gi\u00fap b\u1ea3o v\u1ec7 \u0111\u00f4i m\u1eaft kh\u1ecfi c\u00e1c t\u00e1c \u0111\u1ed9ng nguy hi\u1ec3m trong qu\u00e1 tr\u00ecnh h\u00e0n, n\u00e2ng cao hi\u1ec7u su\u1ea5t l\u00e0m vi\u1ec7c. Thi\u1ebft b\u1ecb n\u00e0y kh\u00f4ng ch\u1ec9 an to\u00e0n m\u00e0 c\u00f2n mang l\u1ea1i s\u1ef1 tho\u1ea3i m\u00e1i cho ng\u01b0\u1eddi d\u00f9ng trong th\u1eddi gian d\u00e0i.<\/p>\n<h2 class=\"py-2 my-4 text-2xl font-bold border-green-500 border-y border-opacity-10\">\u1ee8ng d\u1ee5ng th\u1ef1c t\u1ebf<\/h2>\n<p class=\"mb-4 leading-relaxed\">S\u1ea3n ph\u1ea9m th\u00edch h\u1ee3p cho nhi\u1ec1u l\u0129nh v\u1ef1c c\u00f4ng vi\u1ec7c nh\u01b0 h\u00e0n \u1ed1ng, h\u00e0n kim lo\u1ea1i, v\u00e0 c\u00e1c c\u00f4ng vi\u1ec7c li\u00ean quan \u0111\u1ebfn s\u1eeda ch\u1eefa v\u00e0 b\u1ea3o tr\u00ec. \u0110\u1eb7c bi\u1ec7t, m\u1eb7t n\u1ea1 n\u00e0y r\u1ea5t ph\u00f9 h\u1ee3p cho th\u1ee3 h\u00e0n chuy\u00ean nghi\u1ec7p c\u0169ng nh\u01b0 ng\u01b0\u1eddi d\u00f9ng gia \u0111\u00ecnh.<\/p>\n<h2 class=\"py-2 my-4 text-2xl font-bold border-green-500 border-y border-opacity-10\">L\u01b0u \u00fd khi s\u1eed d\u1ee5ng<\/h2>\n<p class=\"mb-4 leading-relaxed\">\u0110\u1ec3 \u0111\u1ea3m b\u1ea3o hi\u1ec7u qu\u1ea3 b\u1ea3o v\u1ec7, ng\u01b0\u1eddi d\u00f9ng c\u1ea7n ki\u1ec3m tra t\u00ecnh tr\u1ea1ng m\u1eb7t n\u1ea1 tr\u01b0\u1edbc khi s\u1eed d\u1ee5ng. N\u00ean v\u1ec7 sinh m\u1eb7t k\u00ednh th\u01b0\u1eddng xuy\u00ean v\u00e0 tr\u00e1nh \u0111\u1ec3 m\u1eb7t n\u1ea1 ti\u1ebfp x\u00fac v\u1edbi c\u00e1c h\u00f3a ch\u1ea5t \u0103n m\u00f2n.<\/p>\n","protected":false},"excerpt":{"rendered":"<p class=\"mb-4 leading-relaxed\">M\u1eb7t n\u1ea1 h\u00e0n c\u1ea3m \u1ee9ng \u00e1nh s\u00e1ng WH4001 \/ WH4000 c\u1ee7a Weldcom l\u00e0 thi\u1ebft b\u1ecb b\u1ea3o h\u1ed9 h\u00e0n ch\u1ea5t l\u01b0\u1ee3ng cao, gi\u00fap b\u1ea3o v\u1ec7 m\u1eaft kh\u1ecfi tia c\u1ef1c t\u00edm v\u00e0 \u00e1nh s\u00e1ng m\u1ea1nh trong qu\u00e1 tr\u00ecnh h\u00e0n.<\/p>\n","protected":false},"featured_media":274,"template":"","meta":{"footnotes":""},"product_cat":[687,688,696,684,686],"product_tag":[],"ztteam_product_brand":[683],"class_list":["post-273","product","type-product","status-publish","has-post-thumbnail","hentry","product_cat-dung-cu-bao-ho-han","product_cat-dung-cu-bao-ve-mat","product_cat-mat-na-han","product_cat-may-han-phu-kien","product_cat-phu-kien-han","ztteam_product_brand-weldcom"],"meta_box":{"_sku":"WH4001","_regular_price":"434000","_sale_price":"","_price":"434000","_stock_status":"instock","_stock":"","_manage_stock":"no","_weight":"","_length":"","_width":"","_height":"","_product_image_gallery":[{"width":150,"height":150,"file":"2026\/03\/mat-na-han-cam-ung-anh-sang-wh4001-3.jpg","filesize":26712,"sizes":{"medium_large":{"file":"mat-na-han-cam-ung-anh-sang-wh4001-3-768x768.jpg","width":768,"height":768,"mime-type":"image\/jpeg","filesize":33038,"url":"https:\/\/dev.wptheme.store\/s\/wpshoppc\/wp-content\/uploads\/2026\/03\/mat-na-han-cam-ung-anh-sang-wh4001-3-768x768.jpg"}},"image_meta":{"aperture":"0","credit":"","camera":"","caption":"","created_timestamp":"0","copyright":"","focal_length":"0","iso":"0","shutter_speed":"0","title":"","orientation":"0","keywords":[]},"ID":"497","name":"mat-na-han-cam-ung-anh-sang-wh4001-3.jpg","path":"\/home\/dev.wptheme.store\/public_html\/s\/wpshoppc\/wp-content\/uploads\/2026\/03\/mat-na-han-cam-ung-anh-sang-wh4001-3.jpg","url":"https:\/\/dev.wptheme.store\/s\/wpshoppc\/wp-content\/uploads\/2026\/03\/mat-na-han-cam-ung-anh-sang-wh4001-3.jpg","full_url":"https:\/\/dev.wptheme.store\/s\/wpshoppc\/wp-content\/uploads\/2026\/03\/mat-na-han-cam-ung-anh-sang-wh4001-3.jpg","title":"mat-na-han-cam-ung-anh-sang-wh4001-3","caption":"","description":"","alt":"M\u1eb7t n\u1ea1 h\u00e0n c\u1ea3m \u1ee9ng \u00e1nh s\u00e1ng WH4001 \/ WH4000 d\u00f9ng cho c\u00f4ng vi\u1ec7c k\u1ef9 thu\u1eadt","srcset":"https:\/\/dev.wptheme.store\/s\/wpshoppc\/wp-content\/uploads\/2026\/03\/mat-na-han-cam-ung-anh-sang-wh4001-3.jpg 820w, https:\/\/dev.wptheme.store\/s\/wpshoppc\/wp-content\/uploads\/2026\/03\/mat-na-han-cam-ung-anh-sang-wh4001-3-768x768.jpg 768w"},{"width":150,"height":150,"file":"2026\/03\/mat-na-han-cam-ung-anh-sang-wh4001-2.jpg","filesize":18289,"sizes":[],"image_meta":{"aperture":"0","credit":"","camera":"","caption":"","created_timestamp":"0","copyright":"","focal_length":"0","iso":"0","shutter_speed":"0","title":"","orientation":"0","keywords":[]},"ID":"498","name":"mat-na-han-cam-ung-anh-sang-wh4001-2.jpg","path":"\/home\/dev.wptheme.store\/public_html\/s\/wpshoppc\/wp-content\/uploads\/2026\/03\/mat-na-han-cam-ung-anh-sang-wh4001-2.jpg","url":"https:\/\/dev.wptheme.store\/s\/wpshoppc\/wp-content\/uploads\/2026\/03\/mat-na-han-cam-ung-anh-sang-wh4001-2.jpg","full_url":"https:\/\/dev.wptheme.store\/s\/wpshoppc\/wp-content\/uploads\/2026\/03\/mat-na-han-cam-ung-anh-sang-wh4001-2.jpg","title":"mat-na-han-cam-ung-anh-sang-wh4001-2","caption":"","description":"","alt":"M\u1eb7t n\u1ea1 h\u00e0n c\u1ea3m \u1ee9ng \u00e1nh s\u00e1ng WH4001 \/ WH4000 d\u00f9ng cho c\u00f4ng vi\u1ec7c k\u1ef9 thu\u1eadt","srcset":false},{"width":150,"height":150,"file":"2026\/03\/mat-na-han-cam-ung-anh-sang-wh4001-wh4000-4.jpg","filesize":102649,"sizes":[],"image_meta":{"aperture":"0","credit":"","camera":"","caption":"","created_timestamp":"0","copyright":"","focal_length":"0","iso":"0","shutter_speed":"0","title":"","orientation":"1","keywords":[]},"ID":"499","name":"mat-na-han-cam-ung-anh-sang-wh4001-wh4000-4.jpg","path":"\/home\/dev.wptheme.store\/public_html\/s\/wpshoppc\/wp-content\/uploads\/2026\/03\/mat-na-han-cam-ung-anh-sang-wh4001-wh4000-4.jpg","url":"https:\/\/dev.wptheme.store\/s\/wpshoppc\/wp-content\/uploads\/2026\/03\/mat-na-han-cam-ung-anh-sang-wh4001-wh4000-4.jpg","full_url":"https:\/\/dev.wptheme.store\/s\/wpshoppc\/wp-content\/uploads\/2026\/03\/mat-na-han-cam-ung-anh-sang-wh4001-wh4000-4.jpg","title":"mat-na-han-cam-ung-anh-sang-wh4001-wh4000-4","caption":"","description":"","alt":"M\u1eb7t n\u1ea1 h\u00e0n c\u1ea3m \u1ee9ng \u00e1nh s\u00e1ng WH4001 \/ WH4000 d\u00f9ng cho c\u00f4ng vi\u1ec7c k\u1ef9 thu\u1eadt","srcset":false},{"width":150,"height":150,"file":"2026\/03\/mat-na-han-cam-ung-anh-sang-wh4001-wh4000-1701155827-1.jpg","filesize":9428,"sizes":[],"image_meta":{"aperture":"0","credit":"","camera":"","caption":"","created_timestamp":"0","copyright":"","focal_length":"0","iso":"0","shutter_speed":"0","title":"","orientation":"0","keywords":[]},"ID":"500","name":"mat-na-han-cam-ung-anh-sang-wh4001-wh4000-1701155827-1.jpg","path":"\/home\/dev.wptheme.store\/public_html\/s\/wpshoppc\/wp-content\/uploads\/2026\/03\/mat-na-han-cam-ung-anh-sang-wh4001-wh4000-1701155827-1.jpg","url":"https:\/\/dev.wptheme.store\/s\/wpshoppc\/wp-content\/uploads\/2026\/03\/mat-na-han-cam-ung-anh-sang-wh4001-wh4000-1701155827-1.jpg","full_url":"https:\/\/dev.wptheme.store\/s\/wpshoppc\/wp-content\/uploads\/2026\/03\/mat-na-han-cam-ung-anh-sang-wh4001-wh4000-1701155827-1.jpg","title":"mat-na-han-cam-ung-anh-sang-wh4001-wh4000-1701155827-1","caption":"","description":"","alt":"M\u1eb7t n\u1ea1 h\u00e0n c\u1ea3m \u1ee9ng \u00e1nh s\u00e1ng WH4001 \/ WH4000 d\u00f9ng cho c\u00f4ng vi\u1ec7c k\u1ef9 thu\u1eadt","srcset":false},{"width":150,"height":150,"file":"2026\/03\/mat-na-han-cam-ung-anh-sang-wh4001-3-1.jpg","filesize":9213,"sizes":[],"image_meta":{"aperture":"0","credit":"","camera":"","caption":"","created_timestamp":"0","copyright":"","focal_length":"0","iso":"0","shutter_speed":"0","title":"","orientation":"0","keywords":[]},"ID":"501","name":"mat-na-han-cam-ung-anh-sang-wh4001-3-1.jpg","path":"\/home\/dev.wptheme.store\/public_html\/s\/wpshoppc\/wp-content\/uploads\/2026\/03\/mat-na-han-cam-ung-anh-sang-wh4001-3-1.jpg","url":"https:\/\/dev.wptheme.store\/s\/wpshoppc\/wp-content\/uploads\/2026\/03\/mat-na-han-cam-ung-anh-sang-wh4001-3-1.jpg","full_url":"https:\/\/dev.wptheme.store\/s\/wpshoppc\/wp-content\/uploads\/2026\/03\/mat-na-han-cam-ung-anh-sang-wh4001-3-1.jpg","title":"mat-na-han-cam-ung-anh-sang-wh4001-3-1","caption":"","description":"","alt":"M\u1eb7t n\u1ea1 h\u00e0n c\u1ea3m \u1ee9ng \u00e1nh s\u00e1ng WH4001 \/ WH4000 d\u00f9ng cho c\u00f4ng vi\u1ec7c k\u1ef9 thu\u1eadt","srcset":false},{"width":150,"height":150,"file":"2026\/03\/mat-na-han-cam-ung-anh-sang-wh4001-2-1.jpg","filesize":9115,"sizes":[],"image_meta":{"aperture":"0","credit":"","camera":"","caption":"","created_timestamp":"0","copyright":"","focal_length":"0","iso":"0","shutter_speed":"0","title":"","orientation":"0","keywords":[]},"ID":"502","name":"mat-na-han-cam-ung-anh-sang-wh4001-2-1.jpg","path":"\/home\/dev.wptheme.store\/public_html\/s\/wpshoppc\/wp-content\/uploads\/2026\/03\/mat-na-han-cam-ung-anh-sang-wh4001-2-1.jpg","url":"https:\/\/dev.wptheme.store\/s\/wpshoppc\/wp-content\/uploads\/2026\/03\/mat-na-han-cam-ung-anh-sang-wh4001-2-1.jpg","full_url":"https:\/\/dev.wptheme.store\/s\/wpshoppc\/wp-content\/uploads\/2026\/03\/mat-na-han-cam-ung-anh-sang-wh4001-2-1.jpg","title":"mat-na-han-cam-ung-anh-sang-wh4001-2-1","caption":"","description":"","alt":"M\u1eb7t n\u1ea1 h\u00e0n c\u1ea3m \u1ee9ng \u00e1nh s\u00e1ng WH4001 \/ WH4000 d\u00f9ng cho c\u00f4ng vi\u1ec7c k\u1ef9 thu\u1eadt","srcset":false},{"width":150,"height":150,"file":"2026\/03\/mat-na-han-cam-ung-anh-sang-wh4001-wh4000-4-1.jpg","filesize":9428,"sizes":[],"image_meta":{"aperture":"0","credit":"","camera":"","caption":"","created_timestamp":"0","copyright":"","focal_length":"0","iso":"0","shutter_speed":"0","title":"","orientation":"0","keywords":[]},"ID":"503","name":"mat-na-han-cam-ung-anh-sang-wh4001-wh4000-4-1.jpg","path":"\/home\/dev.wptheme.store\/public_html\/s\/wpshoppc\/wp-content\/uploads\/2026\/03\/mat-na-han-cam-ung-anh-sang-wh4001-wh4000-4-1.jpg","url":"https:\/\/dev.wptheme.store\/s\/wpshoppc\/wp-content\/uploads\/2026\/03\/mat-na-han-cam-ung-anh-sang-wh4001-wh4000-4-1.jpg","full_url":"https:\/\/dev.wptheme.store\/s\/wpshoppc\/wp-content\/uploads\/2026\/03\/mat-na-han-cam-ung-anh-sang-wh4001-wh4000-4-1.jpg","title":"mat-na-han-cam-ung-anh-sang-wh4001-wh4000-4-1","caption":"","description":"","alt":"M\u1eb7t n\u1ea1 h\u00e0n c\u1ea3m \u1ee9ng \u00e1nh s\u00e1ng WH4001 \/ WH4000 d\u00f9ng cho c\u00f4ng vi\u1ec7c k\u1ef9 thu\u1eadt","srcset":false}],"_featured":"no","_visibility":"visible","_virtual":"no","_downloadable":"no","product_type":"simple","product_attributes":[],"color_variations":[],"size_variations":[],"storage_variations":[],"material_variations":[]},"price":"434000","demo_url":"","_links":{"self":[{"href":"https:\/\/dev.wptheme.store\/s\/wpshoppc\/wp-json\/wp\/v2\/product\/273","targetHints":{"allow":["GET"]}}],"collection":[{"href":"https:\/\/dev.wptheme.store\/s\/wpshoppc\/wp-json\/wp\/v2\/product"}],"about":[{"href":"https:\/\/dev.wptheme.store\/s\/wpshoppc\/wp-json\/wp\/v2\/types\/product"}],"version-history":[{"count":0,"href":"https:\/\/dev.wptheme.store\/s\/wpshoppc\/wp-json\/wp\/v2\/product\/273\/revisions"}],"wp:featuredmedia":[{"embeddable":true,"href":"https:\/\/dev.wptheme.store\/s\/wpshoppc\/wp-json\/wp\/v2\/media\/274"}],"wp:attachment":[{"href":"https:\/\/dev.wptheme.store\/s\/wpshoppc\/wp-json\/wp\/v2\/media?parent=273"}],"wp:term":[{"taxonomy":"product_cat","embeddable":true,"href":"https:\/\/dev.wptheme.store\/s\/wpshoppc\/wp-json\/wp\/v2\/product_cat?post=273"},{"taxonomy":"product_tag","embeddable":true,"href":"https:\/\/dev.wptheme.store\/s\/wpshoppc\/wp-json\/wp\/v2\/product_tag?post=273"},{"taxonomy":"ztteam_product_brand","embeddable":true,"href":"https:\/\/dev.wptheme.store\/s\/wpshoppc\/wp-json\/wp\/v2\/ztteam_product_brand?post=273"}],"curies":[{"name":"wp","href":"https:\/\/api.w.org\/{rel}","templated":true}]}}