{"id":356,"date":"2026-03-09T16:20:09","date_gmt":"2026-03-09T09:20:09","guid":{"rendered":"https:\/\/dev.wptheme.store\/s\/wpshoppc\/product\/may-cat-kim-loai-plasma-jasic-cut-100-l221-ii-jet-20\/"},"modified":"2026-03-09T16:20:09","modified_gmt":"2026-03-09T09:20:09","slug":"may-cat-kim-loai-plasma-jasic-cut-100-l221-ii-jet-20","status":"publish","type":"product","link":"https:\/\/dev.wptheme.store\/s\/wpshoppc\/product\/may-cat-kim-loai-plasma-jasic-cut-100-l221-ii-jet-20\/","title":{"rendered":"M\u00e1y c\u1eaft kim lo\u1ea1i Plasma Jasic Cut 100 L221 II (JET 20)"},"content":{"rendered":"<p class=\"mb-4 leading-relaxed\">M\u00e1y c\u1eaft kim lo\u1ea1i Plasma Jasic Cut 100 L221 II (JET 20) l\u00e0 m\u1ed9t trong nh\u1eefng s\u1ea3n ph\u1ea9m n\u1ed5i b\u1eadt c\u1ee7a th\u01b0\u01a1ng hi\u1ec7u Jasic, chuy\u00ean d\u00f9ng \u0111\u1ec3 c\u1eaft kim lo\u1ea1i v\u1edbi \u0111\u1ed9 ch\u00ednh x\u00e1c v\u00e0 hi\u1ec7u su\u1ea5t cao. Thi\u1ebft b\u1ecb n\u00e0y ph\u00f9 h\u1ee3p cho c\u1ea3 c\u00f4ng vi\u1ec7c c\u00f4ng nghi\u1ec7p v\u00e0 s\u1eed d\u1ee5ng t\u1ea1i nh\u00e0, gi\u00fap b\u1ea1n d\u1ec5 d\u00e0ng th\u1ef1c hi\u1ec7n c\u00e1c c\u00f4ng vi\u1ec7c c\u1eaft kim lo\u1ea1i m\u1ed9t c\u00e1ch nhanh ch\u00f3ng v\u00e0 hi\u1ec7u qu\u1ea3.<\/p>\n<h2 class=\"py-2 my-4 text-2xl font-bold border-green-500 border-y border-opacity-10\">T\u00ednh n\u0103ng n\u1ed5i b\u1eadt<\/h2>\n<p class=\"mb-4 leading-relaxed\">M\u00e1y c\u1eaft Plasma Jasic Cut 100 L221 II \u0111\u01b0\u1ee3c trang b\u1ecb nhi\u1ec1u t\u00ednh n\u0103ng \u01b0u vi\u1ec7t, bao g\u1ed3m:<\/p>\n<ul class=\"mb-4 space-y-1 list-none\">\n<li class=\"flex items-center gap-3 leading-relaxed text-gray-800 \"><div class=\"flex items-center justify-center w-5 h-5 bg-red-100 rounded-full shrink-0\"><svg class=\"w-3 h-3 text-red-600\" fill=\"none\" stroke=\"currentColor\" stroke- viewBox=\"0 0 24 24\"><path stroke-linecap=\"round\" stroke-linejoin=\"round\" d=\"M5 13l4 4L19 7\" \/><\/svg><\/div><div class=\"flex-1\">C\u00f4ng su\u1ea5t \u0111\u1ecbnh m\u1ee9c l\u00ean \u0111\u1ebfn 20 KVA, cho ph\u00e9p c\u1eaft kim lo\u1ea1i d\u00e0y t\u1edbi 20mm.<\/div><\/li>\n<li class=\"flex items-center gap-3 leading-relaxed text-gray-800 \"><div class=\"flex items-center justify-center w-5 h-5 bg-red-100 rounded-full shrink-0\"><svg class=\"w-3 h-3 text-red-600\" fill=\"none\" stroke=\"currentColor\" stroke- viewBox=\"0 0 24 24\"><path stroke-linecap=\"round\" stroke-linejoin=\"round\" d=\"M5 13l4 4L19 7\" \/><\/svg><\/div><div class=\"flex-1\">Ph\u1ea1m vi \u0111i\u1ec1u ch\u1ec9nh d\u00f2ng c\u1eaft t\u1eeb 20-100A, linh ho\u1ea1t cho nhi\u1ec1u lo\u1ea1i v\u1eadt li\u1ec7u.<\/div><\/li>\n<li class=\"flex items-center gap-3 leading-relaxed text-gray-800 \"><div class=\"flex items-center justify-center w-5 h-5 bg-red-100 rounded-full shrink-0\"><svg class=\"w-3 h-3 text-red-600\" fill=\"none\" stroke=\"currentColor\" stroke- viewBox=\"0 0 24 24\"><path stroke-linecap=\"round\" stroke-linejoin=\"round\" d=\"M5 13l4 4L19 7\" \/><\/svg><\/div><div class=\"flex-1\">H\u1ec7 th\u1ed1ng l\u00e0m m\u00e1t b\u1eb1ng kh\u00ed, gi\u00fap m\u00e1y ho\u1ea1t \u0111\u1ed9ng \u1ed5n \u0111\u1ecbnh v\u00e0 b\u1ec1n b\u1ec9.<\/div><\/li>\n<\/ul>\n<h2 class=\"py-2 my-4 text-2xl font-bold border-green-500 border-y border-opacity-10\">L\u1ee3i \u00edch khi s\u1eed d\u1ee5ng<\/h2>\n<p class=\"mb-4 leading-relaxed\">S\u1eed d\u1ee5ng m\u00e1y c\u1eaft Plasma Jasic Cut 100 L221 II mang l\u1ea1i nhi\u1ec1u l\u1ee3i \u00edch cho ng\u01b0\u1eddi d\u00f9ng:<\/p>\n<ul class=\"mb-4 space-y-1 list-none\">\n<li class=\"flex items-center gap-3 leading-relaxed text-gray-800 \"><div class=\"flex items-center justify-center w-5 h-5 bg-red-100 rounded-full shrink-0\"><svg class=\"w-3 h-3 text-red-600\" fill=\"none\" stroke=\"currentColor\" stroke- viewBox=\"0 0 24 24\"><path stroke-linecap=\"round\" stroke-linejoin=\"round\" d=\"M5 13l4 4L19 7\" \/><\/svg><\/div><div class=\"flex-1\">C\u1eaft nhanh ch\u00f3ng v\u00e0 ch\u00ednh x\u00e1c, ti\u1ebft ki\u1ec7m th\u1eddi gian v\u00e0 c\u00f4ng s\u1ee9c.<\/div><\/li>\n<li class=\"flex items-center gap-3 leading-relaxed text-gray-800 \"><div class=\"flex items-center justify-center w-5 h-5 bg-red-100 rounded-full shrink-0\"><svg class=\"w-3 h-3 text-red-600\" fill=\"none\" stroke=\"currentColor\" stroke- viewBox=\"0 0 24 24\"><path stroke-linecap=\"round\" stroke-linejoin=\"round\" d=\"M5 13l4 4L19 7\" \/><\/svg><\/div><div class=\"flex-1\">Gi\u1ea3m thi\u1ec3u l\u01b0\u1ee3ng ph\u1ebf li\u1ec7u trong qu\u00e1 tr\u00ecnh c\u1eaft.<\/div><\/li>\n<li class=\"flex items-center gap-3 leading-relaxed text-gray-800 \"><div class=\"flex items-center justify-center w-5 h-5 bg-red-100 rounded-full shrink-0\"><svg class=\"w-3 h-3 text-red-600\" fill=\"none\" stroke=\"currentColor\" stroke- viewBox=\"0 0 24 24\"><path stroke-linecap=\"round\" stroke-linejoin=\"round\" d=\"M5 13l4 4L19 7\" \/><\/svg><\/div><div class=\"flex-1\">Thi\u1ebft k\u1ebf g\u1ecdn nh\u1eb9, d\u1ec5 d\u00e0ng di chuy\u1ec3n v\u00e0 s\u1eed d\u1ee5ng.<\/div><\/li>\n<\/ul>\n<h2 class=\"py-2 my-4 text-2xl font-bold border-green-500 border-y border-opacity-10\">\u1ee8ng d\u1ee5ng th\u1ef1c t\u1ebf<\/h2>\n<p class=\"mb-4 leading-relaxed\">M\u00e1y c\u1eaft kim lo\u1ea1i Plasma Jasic Cut 100 L221 II \u0111\u01b0\u1ee3c \u1ee9ng d\u1ee5ng r\u1ed9ng r\u00e3i trong nhi\u1ec1u l\u0129nh v\u1ef1c nh\u01b0:<\/p>\n<ul class=\"mb-4 space-y-1 list-none\">\n<li class=\"flex items-center gap-3 leading-relaxed text-gray-800 \"><div class=\"flex items-center justify-center w-5 h-5 bg-red-100 rounded-full shrink-0\"><svg class=\"w-3 h-3 text-red-600\" fill=\"none\" stroke=\"currentColor\" stroke- viewBox=\"0 0 24 24\"><path stroke-linecap=\"round\" stroke-linejoin=\"round\" d=\"M5 13l4 4L19 7\" \/><\/svg><\/div><div class=\"flex-1\">C\u00f4ng nghi\u1ec7p ch\u1ebf t\u1ea1o m\u00e1y.<\/div><\/li>\n<li class=\"flex items-center gap-3 leading-relaxed text-gray-800 \"><div class=\"flex items-center justify-center w-5 h-5 bg-red-100 rounded-full shrink-0\"><svg class=\"w-3 h-3 text-red-600\" fill=\"none\" stroke=\"currentColor\" stroke- viewBox=\"0 0 24 24\"><path stroke-linecap=\"round\" stroke-linejoin=\"round\" d=\"M5 13l4 4L19 7\" \/><\/svg><\/div><div class=\"flex-1\">S\u1ea3n xu\u1ea5t \u0111\u1ed3 n\u1ed9i th\u1ea5t kim lo\u1ea1i.<\/div><\/li>\n<li class=\"flex items-center gap-3 leading-relaxed text-gray-800 \"><div class=\"flex items-center justify-center w-5 h-5 bg-red-100 rounded-full shrink-0\"><svg class=\"w-3 h-3 text-red-600\" fill=\"none\" stroke=\"currentColor\" stroke- viewBox=\"0 0 24 24\"><path stroke-linecap=\"round\" stroke-linejoin=\"round\" d=\"M5 13l4 4L19 7\" \/><\/svg><\/div><div class=\"flex-1\">Gia c\u00f4ng kim lo\u1ea1i cho c\u00e1c c\u00f4ng tr\u00ecnh x\u00e2y d\u1ef1ng.<\/div><\/li>\n<\/ul>\n<h2 class=\"py-2 my-4 text-2xl font-bold border-green-500 border-y border-opacity-10\">L\u01b0u \u00fd khi s\u1eed d\u1ee5ng<\/h2>\n<p class=\"mb-4 leading-relaxed\">Khi s\u1eed d\u1ee5ng m\u00e1y c\u1eaft Plasma Jasic Cut 100 L221 II, b\u1ea1n c\u1ea7n l\u01b0u \u00fd:<\/p>\n<ul class=\"mb-4 space-y-1 list-none\">\n<li class=\"flex items-center gap-3 leading-relaxed text-gray-800 \"><div class=\"flex items-center justify-center w-5 h-5 bg-red-100 rounded-full shrink-0\"><svg class=\"w-3 h-3 text-red-600\" fill=\"none\" stroke=\"currentColor\" stroke- viewBox=\"0 0 24 24\"><path stroke-linecap=\"round\" stroke-linejoin=\"round\" d=\"M5 13l4 4L19 7\" \/><\/svg><\/div><div class=\"flex-1\">\u0110\u1ea3m b\u1ea3o ngu\u1ed3n \u0111i\u1ec7n \u1ed5n \u0111\u1ecbnh v\u00e0 \u0111\u00fang th\u00f4ng s\u1ed1 k\u1ef9 thu\u1eadt.<\/div><\/li>\n<li class=\"flex items-center gap-3 leading-relaxed text-gray-800 \"><div class=\"flex items-center justify-center w-5 h-5 bg-red-100 rounded-full shrink-0\"><svg class=\"w-3 h-3 text-red-600\" fill=\"none\" stroke=\"currentColor\" stroke- viewBox=\"0 0 24 24\"><path stroke-linecap=\"round\" stroke-linejoin=\"round\" d=\"M5 13l4 4L19 7\" \/><\/svg><\/div><div class=\"flex-1\">Th\u1ef1c hi\u1ec7n ki\u1ec3m tra \u0111\u1ecbnh k\u1ef3 \u0111\u1ec3 \u0111\u1ea3m b\u1ea3o m\u00e1y ho\u1ea1t \u0111\u1ed9ng t\u1ed1t.<\/div><\/li>\n<li class=\"flex items-center gap-3 leading-relaxed text-gray-800 \"><div class=\"flex items-center justify-center w-5 h-5 bg-red-100 rounded-full shrink-0\"><svg class=\"w-3 h-3 text-red-600\" fill=\"none\" stroke=\"currentColor\" stroke- viewBox=\"0 0 24 24\"><path stroke-linecap=\"round\" stroke-linejoin=\"round\" d=\"M5 13l4 4L19 7\" \/><\/svg><\/div><div class=\"flex-1\">\u0110eo b\u1ea3o h\u1ed9 lao \u0111\u1ed9ng \u0111\u1ea7y \u0111\u1ee7 \u0111\u1ec3 \u0111\u1ea3m b\u1ea3o an to\u00e0n trong qu\u00e1 tr\u00ecnh l\u00e0m vi\u1ec7c.<\/div><\/li>\n<\/ul>\n","protected":false},"excerpt":{"rendered":"<p class=\"mb-4 leading-relaxed\">M\u00e1y c\u1eaft kim lo\u1ea1i Plasma Jasic Cut 100 L221 II (JET 20) l\u00e0 thi\u1ebft b\u1ecb l\u00fd t\u01b0\u1edfng cho vi\u1ec7c c\u1eaft kim lo\u1ea1i v\u1edbi \u0111\u1ed9 ch\u00ednh x\u00e1c cao v\u00e0 hi\u1ec7u su\u1ea5t \u1ed5n \u0111\u1ecbnh.<\/p>\n","protected":false},"featured_media":357,"template":"","meta":{"footnotes":""},"product_cat":[707,684],"product_tag":[],"ztteam_product_brand":[703],"class_list":["post-356","product","type-product","status-publish","has-post-thumbnail","hentry","product_cat-may-han-cat-plasma","product_cat-may-han-phu-kien","ztteam_product_brand-jasic"],"meta_box":{"_sku":"Cut 100 L221 II (JET 20)","_regular_price":"20169000","_sale_price":"","_price":"20169000","_stock_status":"instock","_stock":"","_manage_stock":"no","_weight":"","_length":"","_width":"","_height":"","_product_image_gallery":[{"width":150,"height":150,"file":"2026\/03\/may-cat-kim-loai-plasma-jasic-cut-100-l221-ii-jet-20-4.jpg","filesize":122559,"sizes":[],"image_meta":{"aperture":"0","credit":"","camera":"","caption":"","created_timestamp":"0","copyright":"","focal_length":"0","iso":"0","shutter_speed":"0","title":"","orientation":"1","keywords":[]},"ID":"554","name":"may-cat-kim-loai-plasma-jasic-cut-100-l221-ii-jet-20-4.jpg","path":"\/home\/dev.wptheme.store\/public_html\/s\/wpshoppc\/wp-content\/uploads\/2026\/03\/may-cat-kim-loai-plasma-jasic-cut-100-l221-ii-jet-20-4.jpg","url":"https:\/\/dev.wptheme.store\/s\/wpshoppc\/wp-content\/uploads\/2026\/03\/may-cat-kim-loai-plasma-jasic-cut-100-l221-ii-jet-20-4.jpg","full_url":"https:\/\/dev.wptheme.store\/s\/wpshoppc\/wp-content\/uploads\/2026\/03\/may-cat-kim-loai-plasma-jasic-cut-100-l221-ii-jet-20-4.jpg","title":"may-cat-kim-loai-plasma-jasic-cut-100-l221-ii-jet-20-4","caption":"","description":"","alt":"M\u00e1y c\u1eaft kim lo\u1ea1i Plasma Jasic Cut 100 L221 II (JET 20)","srcset":false},{"width":150,"height":150,"file":"2026\/03\/may-cat-kim-loai-plasma-jasic-cut-100-l221-ii-jet-20-3.jpg","filesize":132999,"sizes":[],"image_meta":{"aperture":"0","credit":"","camera":"","caption":"","created_timestamp":"0","copyright":"","focal_length":"0","iso":"0","shutter_speed":"0","title":"","orientation":"1","keywords":[]},"ID":"555","name":"may-cat-kim-loai-plasma-jasic-cut-100-l221-ii-jet-20-3.jpg","path":"\/home\/dev.wptheme.store\/public_html\/s\/wpshoppc\/wp-content\/uploads\/2026\/03\/may-cat-kim-loai-plasma-jasic-cut-100-l221-ii-jet-20-3.jpg","url":"https:\/\/dev.wptheme.store\/s\/wpshoppc\/wp-content\/uploads\/2026\/03\/may-cat-kim-loai-plasma-jasic-cut-100-l221-ii-jet-20-3.jpg","full_url":"https:\/\/dev.wptheme.store\/s\/wpshoppc\/wp-content\/uploads\/2026\/03\/may-cat-kim-loai-plasma-jasic-cut-100-l221-ii-jet-20-3.jpg","title":"may-cat-kim-loai-plasma-jasic-cut-100-l221-ii-jet-20-3","caption":"","description":"","alt":"M\u00e1y c\u1eaft kim lo\u1ea1i Plasma Jasic Cut 100 L221 II (JET 20)","srcset":false},{"width":150,"height":150,"file":"2026\/03\/may-cat-kim-loai-plasma-jasic-cut-100-l221-ii-jet-20-2.jpg","filesize":157944,"sizes":[],"image_meta":{"aperture":"0","credit":"","camera":"","caption":"","created_timestamp":"0","copyright":"","focal_length":"0","iso":"0","shutter_speed":"0","title":"","orientation":"1","keywords":[]},"ID":"556","name":"may-cat-kim-loai-plasma-jasic-cut-100-l221-ii-jet-20-2.jpg","path":"\/home\/dev.wptheme.store\/public_html\/s\/wpshoppc\/wp-content\/uploads\/2026\/03\/may-cat-kim-loai-plasma-jasic-cut-100-l221-ii-jet-20-2.jpg","url":"https:\/\/dev.wptheme.store\/s\/wpshoppc\/wp-content\/uploads\/2026\/03\/may-cat-kim-loai-plasma-jasic-cut-100-l221-ii-jet-20-2.jpg","full_url":"https:\/\/dev.wptheme.store\/s\/wpshoppc\/wp-content\/uploads\/2026\/03\/may-cat-kim-loai-plasma-jasic-cut-100-l221-ii-jet-20-2.jpg","title":"may-cat-kim-loai-plasma-jasic-cut-100-l221-ii-jet-20-2","caption":"","description":"","alt":"M\u00e1y c\u1eaft kim lo\u1ea1i Plasma Jasic Cut 100 L221 II (JET 20)","srcset":false},{"width":150,"height":150,"file":"2026\/03\/may-cat-kim-loai-plasma-jasic-cut-100-l221-ii-jet-20.jpg","filesize":152900,"sizes":[],"image_meta":{"aperture":"0","credit":"","camera":"","caption":"","created_timestamp":"0","copyright":"","focal_length":"0","iso":"0","shutter_speed":"0","title":"","orientation":"1","keywords":[]},"ID":"557","name":"may-cat-kim-loai-plasma-jasic-cut-100-l221-ii-jet-20.jpg","path":"\/home\/dev.wptheme.store\/public_html\/s\/wpshoppc\/wp-content\/uploads\/2026\/03\/may-cat-kim-loai-plasma-jasic-cut-100-l221-ii-jet-20.jpg","url":"https:\/\/dev.wptheme.store\/s\/wpshoppc\/wp-content\/uploads\/2026\/03\/may-cat-kim-loai-plasma-jasic-cut-100-l221-ii-jet-20.jpg","full_url":"https:\/\/dev.wptheme.store\/s\/wpshoppc\/wp-content\/uploads\/2026\/03\/may-cat-kim-loai-plasma-jasic-cut-100-l221-ii-jet-20.jpg","title":"may-cat-kim-loai-plasma-jasic-cut-100-l221-ii-jet-20","caption":"","description":"","alt":"M\u00e1y c\u1eaft kim lo\u1ea1i Plasma Jasic Cut 100 L221 II (JET 20)","srcset":false},{"width":150,"height":150,"file":"2026\/03\/may-cat-kim-loai-plasma-jasic-cut-100-l221-ii-jet-20-1694490407-1.jpg","filesize":13487,"sizes":[],"image_meta":{"aperture":"0","credit":"","camera":"","caption":"","created_timestamp":"0","copyright":"","focal_length":"0","iso":"0","shutter_speed":"0","title":"","orientation":"0","keywords":[]},"ID":"558","name":"may-cat-kim-loai-plasma-jasic-cut-100-l221-ii-jet-20-1694490407-1.jpg","path":"\/home\/dev.wptheme.store\/public_html\/s\/wpshoppc\/wp-content\/uploads\/2026\/03\/may-cat-kim-loai-plasma-jasic-cut-100-l221-ii-jet-20-1694490407-1.jpg","url":"https:\/\/dev.wptheme.store\/s\/wpshoppc\/wp-content\/uploads\/2026\/03\/may-cat-kim-loai-plasma-jasic-cut-100-l221-ii-jet-20-1694490407-1.jpg","full_url":"https:\/\/dev.wptheme.store\/s\/wpshoppc\/wp-content\/uploads\/2026\/03\/may-cat-kim-loai-plasma-jasic-cut-100-l221-ii-jet-20-1694490407-1.jpg","title":"may-cat-kim-loai-plasma-jasic-cut-100-l221-ii-jet-20-1694490407-1","caption":"","description":"","alt":"M\u00e1y c\u1eaft kim lo\u1ea1i Plasma Jasic Cut 100 L221 II (JET 20)","srcset":false},{"width":150,"height":150,"file":"2026\/03\/may-cat-kim-loai-plasma-jasic-cut-100-l221-ii-jet-20-4-1.jpg","filesize":12144,"sizes":[],"image_meta":{"aperture":"0","credit":"","camera":"","caption":"","created_timestamp":"0","copyright":"","focal_length":"0","iso":"0","shutter_speed":"0","title":"","orientation":"0","keywords":[]},"ID":"559","name":"may-cat-kim-loai-plasma-jasic-cut-100-l221-ii-jet-20-4-1.jpg","path":"\/home\/dev.wptheme.store\/public_html\/s\/wpshoppc\/wp-content\/uploads\/2026\/03\/may-cat-kim-loai-plasma-jasic-cut-100-l221-ii-jet-20-4-1.jpg","url":"https:\/\/dev.wptheme.store\/s\/wpshoppc\/wp-content\/uploads\/2026\/03\/may-cat-kim-loai-plasma-jasic-cut-100-l221-ii-jet-20-4-1.jpg","full_url":"https:\/\/dev.wptheme.store\/s\/wpshoppc\/wp-content\/uploads\/2026\/03\/may-cat-kim-loai-plasma-jasic-cut-100-l221-ii-jet-20-4-1.jpg","title":"may-cat-kim-loai-plasma-jasic-cut-100-l221-ii-jet-20-4-1","caption":"","description":"","alt":"M\u00e1y c\u1eaft kim lo\u1ea1i Plasma Jasic Cut 100 L221 II (JET 20)","srcset":false},{"width":150,"height":150,"file":"2026\/03\/may-cat-kim-loai-plasma-jasic-cut-100-l221-ii-jet-20-3-1.jpg","filesize":12319,"sizes":[],"image_meta":{"aperture":"0","credit":"","camera":"","caption":"","created_timestamp":"0","copyright":"","focal_length":"0","iso":"0","shutter_speed":"0","title":"","orientation":"0","keywords":[]},"ID":"560","name":"may-cat-kim-loai-plasma-jasic-cut-100-l221-ii-jet-20-3-1.jpg","path":"\/home\/dev.wptheme.store\/public_html\/s\/wpshoppc\/wp-content\/uploads\/2026\/03\/may-cat-kim-loai-plasma-jasic-cut-100-l221-ii-jet-20-3-1.jpg","url":"https:\/\/dev.wptheme.store\/s\/wpshoppc\/wp-content\/uploads\/2026\/03\/may-cat-kim-loai-plasma-jasic-cut-100-l221-ii-jet-20-3-1.jpg","full_url":"https:\/\/dev.wptheme.store\/s\/wpshoppc\/wp-content\/uploads\/2026\/03\/may-cat-kim-loai-plasma-jasic-cut-100-l221-ii-jet-20-3-1.jpg","title":"may-cat-kim-loai-plasma-jasic-cut-100-l221-ii-jet-20-3-1","caption":"","description":"","alt":"M\u00e1y c\u1eaft kim lo\u1ea1i Plasma Jasic Cut 100 L221 II (JET 20)","srcset":false},{"width":150,"height":150,"file":"2026\/03\/may-cat-kim-loai-plasma-jasic-cut-100-l221-ii-jet-20-2-1.jpg","filesize":14404,"sizes":[],"image_meta":{"aperture":"0","credit":"","camera":"","caption":"","created_timestamp":"0","copyright":"","focal_length":"0","iso":"0","shutter_speed":"0","title":"","orientation":"0","keywords":[]},"ID":"561","name":"may-cat-kim-loai-plasma-jasic-cut-100-l221-ii-jet-20-2-1.jpg","path":"\/home\/dev.wptheme.store\/public_html\/s\/wpshoppc\/wp-content\/uploads\/2026\/03\/may-cat-kim-loai-plasma-jasic-cut-100-l221-ii-jet-20-2-1.jpg","url":"https:\/\/dev.wptheme.store\/s\/wpshoppc\/wp-content\/uploads\/2026\/03\/may-cat-kim-loai-plasma-jasic-cut-100-l221-ii-jet-20-2-1.jpg","full_url":"https:\/\/dev.wptheme.store\/s\/wpshoppc\/wp-content\/uploads\/2026\/03\/may-cat-kim-loai-plasma-jasic-cut-100-l221-ii-jet-20-2-1.jpg","title":"may-cat-kim-loai-plasma-jasic-cut-100-l221-ii-jet-20-2-1","caption":"","description":"","alt":"M\u00e1y c\u1eaft kim lo\u1ea1i Plasma Jasic Cut 100 L221 II (JET 20)","srcset":false},{"width":150,"height":150,"file":"2026\/03\/may-cat-kim-loai-plasma-jasic-cut-100-l221-ii-jet-20-1.jpg","filesize":13487,"sizes":[],"image_meta":{"aperture":"0","credit":"","camera":"","caption":"","created_timestamp":"0","copyright":"","focal_length":"0","iso":"0","shutter_speed":"0","title":"","orientation":"0","keywords":[]},"ID":"562","name":"may-cat-kim-loai-plasma-jasic-cut-100-l221-ii-jet-20-1.jpg","path":"\/home\/dev.wptheme.store\/public_html\/s\/wpshoppc\/wp-content\/uploads\/2026\/03\/may-cat-kim-loai-plasma-jasic-cut-100-l221-ii-jet-20-1.jpg","url":"https:\/\/dev.wptheme.store\/s\/wpshoppc\/wp-content\/uploads\/2026\/03\/may-cat-kim-loai-plasma-jasic-cut-100-l221-ii-jet-20-1.jpg","full_url":"https:\/\/dev.wptheme.store\/s\/wpshoppc\/wp-content\/uploads\/2026\/03\/may-cat-kim-loai-plasma-jasic-cut-100-l221-ii-jet-20-1.jpg","title":"may-cat-kim-loai-plasma-jasic-cut-100-l221-ii-jet-20-1","caption":"","description":"","alt":"M\u00e1y c\u1eaft kim lo\u1ea1i Plasma Jasic Cut 100 L221 II (JET 20)","srcset":false}],"_featured":"no","_visibility":"visible","_virtual":"no","_downloadable":"no","product_type":"simple","product_attributes":[],"color_variations":[],"size_variations":[],"storage_variations":[],"material_variations":[]},"price":"20169000","demo_url":"","_links":{"self":[{"href":"https:\/\/dev.wptheme.store\/s\/wpshoppc\/wp-json\/wp\/v2\/product\/356","targetHints":{"allow":["GET"]}}],"collection":[{"href":"https:\/\/dev.wptheme.store\/s\/wpshoppc\/wp-json\/wp\/v2\/product"}],"about":[{"href":"https:\/\/dev.wptheme.store\/s\/wpshoppc\/wp-json\/wp\/v2\/types\/product"}],"version-history":[{"count":0,"href":"https:\/\/dev.wptheme.store\/s\/wpshoppc\/wp-json\/wp\/v2\/product\/356\/revisions"}],"wp:featuredmedia":[{"embeddable":true,"href":"https:\/\/dev.wptheme.store\/s\/wpshoppc\/wp-json\/wp\/v2\/media\/357"}],"wp:attachment":[{"href":"https:\/\/dev.wptheme.store\/s\/wpshoppc\/wp-json\/wp\/v2\/media?parent=356"}],"wp:term":[{"taxonomy":"product_cat","embeddable":true,"href":"https:\/\/dev.wptheme.store\/s\/wpshoppc\/wp-json\/wp\/v2\/product_cat?post=356"},{"taxonomy":"product_tag","embeddable":true,"href":"https:\/\/dev.wptheme.store\/s\/wpshoppc\/wp-json\/wp\/v2\/product_tag?post=356"},{"taxonomy":"ztteam_product_brand","embeddable":true,"href":"https:\/\/dev.wptheme.store\/s\/wpshoppc\/wp-json\/wp\/v2\/ztteam_product_brand?post=356"}],"curies":[{"name":"wp","href":"https:\/\/api.w.org\/{rel}","templated":true}]}}